000
CXUS55 KBOU 010900
CF6FNL
PRELIMINARY LOCAL CLIMATOLOGICAL DATA (WS FORM: F-6)
STATION: FT COLLINS/LOVELAND CO
MONTH: MARCH
YEAR: 2023
LATITUDE: 40 27 N
LONGITUDE: 105 1 W
TEMPERATURE IN F: :PCPN: SNOW: WIND :SUNSHINE: SKY :PK WND
================================================================================
1 2 3 4 5 6A 6B 7 8 9 10 11 12 13 14 15 16 17 18
12Z AVG MX 2MIN
DY MAX MIN AVG DEP HDD CDD WTR SNW DPTH SPD SPD DIR MIN PSBL S-S WX SPD DR
================================================================================
1 32 18 25 M 40 0 M M M 6.4 22 130 M M 4 12 27 130
2 47 15 31 M 34 0 M M M 4.2 10 100 M M 0 M M
3 49 24 37 M 28 0 M M M 4.7 17 160 M M 7 1 17 160
4 39 22 31 M 34 0 M M M 7.0 15 120 M M 5 12 22 120
5 54 21 38 M 27 0 M M M 13.3 30 340 M M 1 39 340
6 42 23 33 M 32 0 M M M 9.7 18 130 M M 2 24 120
7 39 26 33 M 32 0 M M M 5.5 14 120 M M 9 1 M M
8 37 28 33 M 32 0 M M M 10.6 16 120 M M 10 M M
9 53 23 38 M 27 0 M M M 10.2 25 140 M M 3 1 40 260
10 51 24 38 M 27 0 M M M 7.3 12 20 M M 3 M M
11 60 27 44 M 21 0 M M M 11.9 21 240 M M 1 31 280
12 43 18 31 M 34 0 M M M 6.4 15 130 M M 6 21 140
13 54 20 37 M 28 0 M M M 4.0 9 190 M M 1 M M
14 64 23 44 M 21 0 M M M 4.2 12 120 M M 0 M M
15 69 35 52 M 13 0 M M M 10.5 25 20 M M 4 38 250
16 43 27 35 M 30 0 M M M 21.5 28 360 M M 8 40 20
17 45 19 32 M 33 0 M M M 10.0 32 10 M M 1 40 10
18 49 13 31 M 34 0 M M M 9.8 22 20 M M 0 31 350
19 58 11 35 M 30 0 M M M 5.0 13 100 M M 0 M M
20 59 29 44 M 21 0 M M M 6.9 14 350 M M 6 18 130
21 57 26 42 M 23 0 M M M 12.6 25 290 M M 3 37 270
22 39 27 33 M 32 0 M M M 4.8 10 30 M M 9 1 M M
23 54 31 43 M 22 0 M M M 6.9 17 280 M M 6 1 27 280
24 54 24 39 M 26 0 M M M 6.4 16 10 M M 4 1 20 10
25 41 21 31 M 34 0 M M M 8.3 21 320 M M 6 12 25 320
26 43 16 30 M 35 0 M M M 7.0 14 50 M M 3 17 20
27 34 15 25 M 40 0 M M M 14.6 22 360 M M 5 12 32 360
28 38 7 23 M 42 0 M M M 5.5 12 20 M M 0 8 M M
29 41 25 33 M 32 0 M M M 5.6 10 90 M M 0 M M
30 59 26 43 M 22 0 M M M 5.7 20 300 M M 6 18 36 240
31 49 28 39 M 26 0 M M M 13.8 33 330 M M 0 46 330
================================================================================
SM 1496 692 912 0 M M 260.3 M 113
================================================================================
AV 48.3 22.3 8.4 FASTST M M 4 MAX(MPH)
MISC ----> 33 330 46 330
================================================================================
NOTES:
# LAST OF SEVERAL OCCURRENCES
COLUMN 17 PEAK WIND IN M.P.H.
PRELIMINARY LOCAL CLIMATOLOGICAL DATA (WS FORM: F-6) , PAGE 2
STATION: FT COLLINS/LOVELAND CO
MONTH: MARCH
YEAR: 2023
LATITUDE: 40 27 N
LONGITUDE: 105 1 W
[TEMPERATURE DATA] [PRECIPITATION DATA] SYMBOLS USED IN COLUMN 16
AVERAGE MONTHLY: 35.3 TOTAL FOR MONTH: M 1 = FOG OR MIST
DPTR FM NORMAL: 0.0 DPTR FM NORMAL: M 2 = FOG REDUCING VISIBILITY
HIGHEST: 69 ON 15 GRTST 24HR 0.07 ON 24-25 TO 1/4 MILE OR LESS
LOWEST: 7 ON 28 3 = THUNDER
SNOW, ICE PELLETS, HAIL 4 = ICE PELLETS
TOTAL MONTH: M 5 = HAIL
GRTST 24HR M ON M 6 = FREEZING RAIN OR DRIZZLE
GRTST DEPTH: M ON M 7 = DUSTSTORM OR SANDSTORM:
VSBY 1/2 MILE OR LESS
8 = SMOKE OR HAZE
[NO. OF DAYS WITH] [WEATHER - DAYS WITH] 9 = BLOWING SNOW
X = TORNADO
MAX 32 OR BELOW: 1 0.01 INCH OR MORE: 0
MAX 90 OR ABOVE: 0 0.10 INCH OR MORE: 0
MIN 32 OR BELOW: 30 0.50 INCH OR MORE: 0
MIN 0 OR BELOW: 0 1.00 INCH OR MORE: 0
[HDD (BASE 65) ]
TOTAL THIS MO. 912 CLEAR (SCALE 0-3) 15
DPTR FM NORMAL M PTCLDY (SCALE 4-7) 13
TOTAL FM JUL 1 5589 CLOUDY (SCALE 8-10) 3
DPTR FM NORMAL M
[CDD (BASE 65) ]
TOTAL THIS MO. 0
DPTR FM NORMAL M [PRESSURE DATA]
TOTAL FM JAN 1 0 HIGHEST SLP 30.47 ON 27
DPTR FM NORMAL M LOWEST SLP 29.34 ON 30
[REMARKS]
#FINAL-03-23#