000
CXUS53 KDTX 010735
CF6FNT
PRELIMINARY LOCAL CLIMATOLOGICAL DATA (WS FORM: F-6)
STATION: FLINT MI
MONTH: FEBRUARY
YEAR: 2024
LATITUDE: 42 58 N
LONGITUDE: 83 44 W
TEMPERATURE IN F: :PCPN: SNOW: WIND :SUNSHINE: SKY :PK WND
================================================================================
1 2 3 4 5 6A 6B 7 8 9 10 11 12 13 14 15 16 17 18
12Z AVG MX 2MIN
DY MAX MIN AVG DEP HDD CDD WTR SNW DPTH SPD SPD DIR MIN PSBL S-S WX SPD DR
================================================================================
1 41 36 39 17 26 0 0.00 0.0 3 8.1 15 30 M M 10 1 20 250
2 38 29 34 12 31 0 T T T 9.1 20 20 M M 10 1 27 30
3 41 26 34 12 31 0 0.00 0.0 0 2.2 8 70 M M 6 11 70
4 50 20 35 12 30 0 0.00 0.0 0 1.3 8 360 M M 0 18 10 350
5 33 25 29 6 36 0 T T 0 6.7 12 70 M M 8 1 15 50
6 46 28 37 14 28 0 0.00 0.0 0 4.5 10 200 M M 4 16 180
7 50 25 38 15 27 0 0.00 0.0 0 4.5 9 160 M M 0 13 160
8 61 34 48 25 17 0 T 0.0 0 11.1 22 180 M M 2 31 180
9 60 44 52 29 13 0 0.02 0.0 0 12.8 28 250 M M 3 46 230
10 46 32 39 15 26 0 0.00 0.0 0 11.4 20 280 M M 8 25 270
11 36 30 33 9 32 0 0.00 0.0 0 4.5 10 290 M M 10 15 280
12 42 21 32 8 33 0 0.00 0.0 0 4.2 13 290 M M 2 1 15 280
13 35 22 29 5 36 0 T 0.1 0 6.9 18 300 M M 7 1 24 290
14 38 25 32 8 33 0 0.00 0.0 0 4.8 13 300 M M 7 18 300
15 37 24 31 7 34 0 0.15 2.7 0 15.4 32 290 M M 8 12 44 280
16 29 19 24 -1 41 0 T 0.1 2 7.6 21 300 M M 6 27 310
17 25 18 22 -3 43 0 0.01 0.4 2 13.1 24 270 M M 8 1 34 210
18 35 20 28 3 37 0 T T 2 13.4 25 280 M M 10 38 210
19 40 18 29 3 36 0 0.00 0.0 2 5.4 12 170 M M 1 16 180
20 50 22 36 10 29 0 0.00 0.0 1 9.0 17 170 M M 0 1 24 170
21 60 33 47 21 18 0 0.00 0.0 0 9.3 20 200 M M 6 26 200
22 54 27 41 15 24 0 0.00 0.0 0 2.9 10 60 M M 0 1 13 120
23 46 21 34 7 31 0 T T 0 10.4 22 30 M M 4 30 50
24 32 20 26 -1 39 0 T T 0 8.6 20 10 M M 4 25 10
25 52 26 39 12 26 0 0.00 0.0 0 10.8 21 190 M M 1 29 220
26 54 27 41 13 24 0 0.00 0.0 0 8.4 15 140 M M 0 23 140
27 74 47 61 33 4 0 0.00 0.0 0 12.8 18 190 M M 2 27 190
28 61 21 41 13 24 0 0.35 T 0 17.9 35 280 M M 8 13 47 280
29 35 18 27 -2 38 0 0.00 0.0 0 10.3 20 280 M M 0 28 280
================================================================================
SM 1301 758 847 0 0.53 3.3 247.4 M 135
================================================================================
AV 44.9 26.1 8.5 FASTST M M 5 MAX(MPH)
MISC ----> 35 280 47 280
================================================================================
NOTES:
# LAST OF SEVERAL OCCURRENCES
COLUMN 17 PEAK WIND IN M.P.H.
PRELIMINARY LOCAL CLIMATOLOGICAL DATA (WS FORM: F-6) , PAGE 2
STATION: FLINT MI
MONTH: FEBRUARY
YEAR: 2024
LATITUDE: 42 58 N
LONGITUDE: 83 44 W
[TEMPERATURE DATA] [PRECIPITATION DATA] SYMBOLS USED IN COLUMN 16
AVERAGE MONTHLY: 35.5 TOTAL FOR MONTH: 0.53 1 = FOG OR MIST
DPTR FM NORMAL: 10.8 DPTR FM NORMAL: -1.15 2 = FOG REDUCING VISIBILITY
HIGHEST: 74 ON 27 GRTST 24HR 0.35 ON 28-28 TO 1/4 MILE OR LESS
LOWEST: 18 ON 29,19 3 = THUNDER
SNOW, ICE PELLETS, HAIL 4 = ICE PELLETS
TOTAL MONTH: 3.3 INCHES 5 = HAIL
GRTST 24HR 2.7 ON 15-15 6 = FREEZING RAIN OR DRIZZLE
GRTST DEPTH: 4 ON M 7 = DUSTSTORM OR SANDSTORM:
VSBY 1/2 MILE OR LESS
8 = SMOKE OR HAZE
[NO. OF DAYS WITH] [WEATHER - DAYS WITH] 9 = BLOWING SNOW
X = TORNADO
MAX 32 OR BELOW: 3 0.01 INCH OR MORE: 4
MAX 90 OR ABOVE: 0 0.10 INCH OR MORE: 2
MIN 32 OR BELOW: 24 0.50 INCH OR MORE: 0
MIN 0 OR BELOW: 0 1.00 INCH OR MORE: 0
[HDD (BASE 65) ]
TOTAL THIS MO. 847 CLEAR (SCALE 0-3) 12
DPTR FM NORMAL -280 PTCLDY (SCALE 4-7) 10
TOTAL FM JUL 1 4071 CLOUDY (SCALE 8-10) 7
DPTR FM NORMAL -996
[CDD (BASE 65) ]
TOTAL THIS MO. 0
DPTR FM NORMAL 0 [PRESSURE DATA]
TOTAL FM JAN 1 0 HIGHEST SLP 30.48 ON 29
DPTR FM NORMAL 0 LOWEST SLP 29.15 ON 28
[REMARKS]
#FINAL-02-24#