000
CXUS52 KMLB 012207
CF6FPR
PRELIMINARY LOCAL CLIMATOLOGICAL DATA (WS FORM: F-6)
STATION: FORT PIERCE
MONTH: SEPTEMBER
YEAR: 2022
LATITUDE: 27 30 N
LONGITUDE: 80 22 W
TEMPERATURE IN F: :PCPN: SNOW: WIND :SUNSHINE: SKY :PK WND
================================================================================
1 2 3 4 5 6A 6B 7 8 9 10 11 12 13 14 15 16 17 18
12Z AVG MX 2MIN
DY MAX MIN AVG DEP HDD CDD WTR SNW DPTH SPD SPD DIR MIN PSBL S-S WX SPD DR
================================================================================
1 91 72 82 1 0 17 0.00 0.0 0 4.5 17 100 M M 0 3 21 140
2 90 71 81 0 0 16 0.00 0.0 0 3.9 16 110 M M 0 20 110
3 90 73 82 1 0 17 0.00 0.0 0 5.7 17 110 M M 1 13 22 110
4 90 72 81 0 0 16 0.00 0.0 0 5.3 15 70 M M 1 18 100
5 91 73 82 1 0 17 0.00 0.0 0 4.3 14 80 M M 1 13 19 110
6 92 73 83 2 0 18 0.00 0.0 0 4.7 14 100 M M 0 1 18 80
7 93 71 82 1 0 17 0.00 0.0 0 3.4 14 100 M M 2 12 17 100
8 90 71 81 0 0 16 0.69 0.0 0 4.8 22 140 M M 3 138 26 140
9 92 72 82 1 0 17 0.59 0.0 0 3.8 30 160 M M 2 138 39 170
10 91 74 83 2 0 18 0.31 0.0 0 4.2 21 280 M M 3 138 25 280
11 91 73 82 1 0 17 0.00 0.0 0 4.5 16 110 M M 1 13 20 110
12 91 71 81 0 0 16 0.31 0.0 0 2.5 12 100 M M 0 3 15 100
13 90 71 81 0 0 16 1.35 0.0 0 5.6 21 300 M M 3 13 30 220
14 91 72 82 2 0 17 T 0.0 0 4.4 21 120 M M 2 3 26 90
15 87 73 80 0 0 15 1.18 0.0 0 2.9 13 60 M M 3 123 18 360
16 85 73 79 -1 0 14 0.73 0.0 0 4.7 14 100 M M 5 13 17 40
17 85 73 79 -1 0 14 0.02 0.0 0 6.3 21 110 M M 4 26 120
18 88 72 80 0 0 15 0.00 0.0 0 4.8 15 130 M M 2 3 18 130
19 89 71 80 0 0 15 0.05 0.0 0 3.7 15 120 M M 3 138 19 120
20 88 74 81 1 0 16 0.00 0.0 0 2.9 13 80 M M 1 3 18 90
21 88 74 81 1 0 16 0.47 0.0 0 3.5 17 330 M M 3 138 22 330
22 89 71 80 0 0 15 0.21 0.0 0 4.1 12 20 M M 3 13 18 30
23 93 69 81 1 0 16 0.00 0.0 0 5.7 14 300 M M 1 13 18 300
24 84 74 79 -1 0 14 0.83 0.0 0 7.8 16 80 M M 8 13 22 70
25 86 76 81 1 0 16 0.41 0.0 0 4.4 16 180 M M 4 13 18 170
26 87 72 80 0 0 15 1.01 0.0 0 2.8 18 150 M M 2 138 22 140
27 79 73 76 -4 0 11 1.98 0.0 0 5.8 24 100 M M 6 123 34 90
28 86 75 81 2 0 16 2.10 0.0 0 22.4 45 140 M M 8 13 66 150
29 79 67 73 -6 0 8 0.02 0.0 0 21.7 39 190 M M 10 1 62 170
30 82 63 73 -6 0 8 0.00 0.0 0 6.9 18 290 M M 2 25 290
================================================================================
SM 2648 2159 0 459 12.26 0.0 172.0 M 84
================================================================================
AV 88.3 72.0 5.7 FASTST M M 3 MAX(MPH)
MISC ----> 45 140 66 150
================================================================================
NOTES:
# LAST OF SEVERAL OCCURRENCES
COLUMN 17 PEAK WIND IN M.P.H.
PRELIMINARY LOCAL CLIMATOLOGICAL DATA (WS FORM: F-6) , PAGE 2
STATION: FORT PIERCE
MONTH: SEPTEMBER
YEAR: 2022
LATITUDE: 27 30 N
LONGITUDE: 80 22 W
[TEMPERATURE DATA] [PRECIPITATION DATA] SYMBOLS USED IN COLUMN 16
AVERAGE MONTHLY: 80.1 TOTAL FOR MONTH: 12.26 1 = FOG OR MIST
DPTR FM NORMAL: -0.2 DPTR FM NORMAL: 5.99 2 = FOG REDUCING VISIBILITY
HIGHEST: 93 ON 23, 7 GRTST 24HR 3.72 ON 27-28 TO 1/4 MILE OR LESS
LOWEST: 63 ON 30 3 = THUNDER
SNOW, ICE PELLETS, HAIL 4 = ICE PELLETS
TOTAL MONTH: 0.0 INCH 5 = HAIL
GRTST 24HR 0.0 6 = FREEZING RAIN OR DRIZZLE
GRTST DEPTH: 0 7 = DUSTSTORM OR SANDSTORM:
VSBY 1/2 MILE OR LESS
8 = SMOKE OR HAZE
[NO. OF DAYS WITH] [WEATHER - DAYS WITH] 9 = BLOWING SNOW
X = TORNADO
MAX 32 OR BELOW: 0 0.01 INCH OR MORE: 17
MAX 90 OR ABOVE: 15 0.10 INCH OR MORE: 14
MIN 32 OR BELOW: 0 0.50 INCH OR MORE: 9
MIN 0 OR BELOW: 0 1.00 INCH OR MORE: 5
[HDD (BASE 65) ]
TOTAL THIS MO. 0 CLEAR (SCALE 0-3) 20
DPTR FM NORMAL 0 PTCLDY (SCALE 4-7) 9
TOTAL FM JUL 1 0 CLOUDY (SCALE 8-10) 1
DPTR FM NORMAL 0
[CDD (BASE 65) ]
TOTAL THIS MO. 459
DPTR FM NORMAL -1 [PRESSURE DATA]
TOTAL FM JAN 1 3076 HIGHEST SLP 30.10 ON 11
DPTR FM NORMAL 323 LOWEST SLP 29.33 ON 29
[REMARKS]
#FINAL-09-22#
USED FPCF1 FOR PRECIP ON 9/12 DUE TO ASOS ISSUES.