000
CXUS53 KFSD 011432
CF6FSD
PRELIMINARY LOCAL CLIMATOLOGICAL DATA (WS FORM: F-6)
STATION: SIOUX FALLS
MONTH: JUNE
YEAR: 2020
LATITUDE: 43 34 N
LONGITUDE: 96 44 W
TEMPERATURE IN F: :PCPN: SNOW: WIND :SUNSHINE: SKY :PK WND
================================================================================
1 2 3 4 5 6A 6B 7 8 9 10 11 12 13 14 15 16 17 18
12Z AVG MX 2MIN
DY MAX MIN AVG DEP HDD CDD WTR SNW DPTH SPD SPD DIR MIN PSBL S-S WX SPD DR
================================================================================
1 96 68 82 19 0 17 0.00 0.0 0 11.5 24 200 M M 3 33 190
2 96 64 80 16 0 15 T 0.0 0 8.0 26 20 M M 4 3 36 10
3 88 58 73 9 0 8 T 0.0 0 3.7 15 310 M M 5 20 310
4 91 57 74 10 0 9 0.00 0.0 0 3.0 26 10 M M 5 36 10
5 84 57 71 7 0 6 0.00 0.0 0 8.6 16 50 M M 2 23 10
6 82 67 75 10 0 10 T 0.0 0 16.4 31 110 M M 7 47 120
7 98 77 88 23 0 23 T 0.0 0 21.7 36 180 M M 3 51 170
8 93 78 86 20 0 21 0.00 0.0 0 18.4 32 190 M M 5 46 190
9 87 56 72 6 0 7 1.00 0.0 0 14.8 37 350 M M 7 13 52 360
10 74 56 65 -1 0 0 T 0.0 0 16.4 30 320 M M 5 41 320
11 82 58 70 4 0 5 0.00 0.0 0 9.3 21 310 M M 2 32 320
12 90 53 72 5 0 7 0.00 0.0 0 5.3 16 100 M M 2 24 90
13 88 63 76 9 0 11 0.00 0.0 0 13.8 22 120 M M 3 31 130
14 90 63 77 9 0 12 T 0.0 0 19.4 30 160 M M 5 44 160
15 92 74 83 15 0 18 T 0.0 0 17.1 30 180 M M 6 41 180
16 92 75 84 16 0 19 0.00 0.0 0 20.8 31 180 M M 2 46 170
17 92 72 82 14 0 17 0.00 0.0 0 20.4 30 150 M M 2 49 170
18 79 59 69 0 0 4 1.54 T 0 7.6 24 170 M M 8 135 34 160
19 80 53 67 -2 0 2 T 0.0 0 4.6 13 340 M M 7 1 17 300
20 76 63 70 1 0 5 0.39 0.0 0 5.1 12 180 M M 8 1 19 200
21 83 58 71 1 0 6 T 0.0 0 5.4 20 360 M M 5 13 27 360
22 76 57 67 -3 0 2 0.01 0.0 0 5.8 20 330 M M 6 28 320
23 78 56 67 -3 0 2 0.00 0.0 0 9.0 20 340 M M 6 26 350
24 84 54 69 -1 0 4 0.00 0.0 0 3.5 13 310 M M 3 23 320
25 88 62 75 4 0 10 0.34 0.0 0 9.4 31 360 M M 6 13 41 360
26 86 68 77 6 0 12 0.14 0.0 0 4.2 12 330 M M 6 13 18 320
27 88 62 75 4 0 10 0.00 0.0 0 5.1 14 140 M M 4 12 19 160
28 84 72 78 7 0 13 0.00 0.0 0 12.7 23 160 M M 6 29 140
29 83 77 80 8 0 15 T 0.0 0 13.3 23 150 M M 8 31 140
30 91 77 84 12 0 19 0.00 0.0 0 14.7 25 150 M M 8 36 140
================================================================================
SM 2591 1914 0 309 3.42 T 329.0 M 149
================================================================================
AV 86.4 63.8 11.0 FASTST M M 5 MAX(MPH)
MISC ----> 37 350 52 360
================================================================================
NOTES:
# LAST OF SEVERAL OCCURRENCES
- COLUMN 17 PEAK WIND IN M.P.H.
- PRECIPITATION AMOUNTS IN COLUMNS 7, 8, AND 9 ARE THE OFFICIAL PRECIPITATION
AMOUNTS FOR SIOUX FALLS, SD.
- SNOW DEPTH IN COLUMN 9 IS RECORDED AT 6 AM CST (12Z)
PRELIMINARY LOCAL CLIMATOLOGICAL DATA (WS FORM: F-6) , PAGE 2
STATION: SIOUX FALLS
MONTH: JUNE
YEAR: 2020
LATITUDE: 43 34 N
LONGITUDE: 96 44 W
[TEMPERATURE DATA] [PRECIPITATION DATA] SYMBOLS USED IN COLUMN 16
AVERAGE MONTHLY: 75.1 TOTAL FOR MONTH: 3.42 1 = FOG OR MIST
DPTR FM NORMAL: 7.3 DPTR FM NORMAL: -0.50 2 = FOG REDUCING VISIBILITY
HIGHEST: 98 ON 7 GRTST 24HR 1.54 ON 18-18 TO 1/4 MILE OR LESS
LOWEST: 53 ON 19,12 3 = THUNDER
SNOW, ICE PELLETS, HAIL 4 = ICE PELLETS
TOTAL MONTH: T 5 = HAIL
GRTST 24HR T ON 18-18 6 = FREEZING RAIN OR DRIZZLE
GRTST DEPTH: 0 7 = DUSTSTORM OR SANDSTORM:
VSBY 1/2 MILE OR LESS
8 = SMOKE OR HAZE
[NO. OF DAYS WITH] [WEATHER - DAYS WITH] 9 = BLOWING SNOW
X = TORNADO
MAX 32 OR BELOW: 0 0.01 INCH OR MORE: 6
MAX 90 OR ABOVE: 11 0.10 INCH OR MORE: 5
MIN 32 OR BELOW: 0 0.50 INCH OR MORE: 2
MIN 0 OR BELOW: 0 1.00 INCH OR MORE: 2
[HDD (BASE 65) ]
TOTAL THIS MO. 0 CLEAR (SCALE 0-3) 8
DPTR FM NORMAL -51 PTCLDY (SCALE 4-7) 21
TOTAL FM JUL 1 7120 CLOUDY (SCALE 8-10) 1
DPTR FM NORMAL -587
[CDD (BASE 65) ]
TOTAL THIS MO. 309
DPTR FM NORMAL 174 [PRESSURE DATA]
TOTAL FM JAN 1 329 HIGHEST SLP 30.27 ON 12
DPTR FM NORMAL 158 LOWEST SLP 29.48 ON 9
[REMARKS]
RECORD DAILY HIGH MAXIMUM TEMPERATURE SET ON THE 1ST WITH A
HIGH OF 96 DEGREES. THE PREVIOUS RECORD WAS 94 DEGREES IN 1940.
RECORD DAILY HIGH MAXIMUM TEMPERATURE SET ON THE 7TH WITH A
HIGH OF 98 DEGREES. THE PREVIOUS RECORD WAS 97 DEGREES IN 1981.
RECORD DAILY HIGH MINIMUM TEMPERATURE SET ON THE 7TH WITH A
LOW OF 77 DEGREES. THE PREVIOUS RECORD WAS 71 DEGREES IN 1963
AND 2004.
RECORD DAILY HIGH MINIMUM TEMPERATURE SET ON THE 8TH WITH A
LOW OF 78 DEGREES. THE PREVIOUS RECORD WAS 70 DEGREES IN 1914
AND 1920.
RECORD DAILY HIGH MINIMUM TEMPERATURE SET ON THE 29TH WITH A
LOW OF 77 DEGREES. THE PREVIOUS RECORD WAS 75 DEGREES IN 2018.
RECORD MONTHLY HIGH MINIMUM TEMPERATURE TIED ON THE 8TH WITH A
LOW OF 78 DEGREES. THE PREVIOUS RECORD WAS 78 DEGREES ON
JUNE 21, 1988 AND JUNE 30, 2019.
#FINAL-06-20#