000
CXUS54 KMAF 011726
CF6FST
PRELIMINARY LOCAL CLIMATOLOGICAL DATA (WS FORM: F-6)
STATION: FORT STOCKTON
MONTH: FEBRUARY
YEAR: 2023
LATITUDE: 30 55 N
LONGITUDE: 102 55 W
TEMPERATURE IN F: :PCPN: SNOW: WIND :SUNSHINE: SKY :PK WND
================================================================================
1 2 3 4 5 6A 6B 7 8 9 10 11 12 13 14 15 16 17 18
12Z AVG MX 2MIN
DY MAX MIN AVG DEP HDD CDD WTR SNW DPTH SPD SPD DIR MIN PSBL S-S WX SPD DR
================================================================================
1 30 24 27 -23 38 0 0.29 M M 3.7 12 350 M M 10 6 13 340
2 49 30 40 -11 25 0 0.01 M M 7.5 14 310 M M 6 6 19 300
3 58 33 46 -5 19 0 0.00 M M 9.3 18 110 M M 0 23 150
4 71 36 54 3 11 0 0.00 M M 9.6 18 180 M M 0 23 180
5 78 45 62 11 3 0 0.00 M M 10.3 16 210 M M 0 20 180
6 83 49 66 15 0 1 0.00 M M 13.3 21 220 M M 0 28 250
7 59 42 51 -1 14 0 0.00 M M 15.2 28 310 M M 6 37 300
8 61 37 49 -3 16 0 0.00 M M 12.9 25 290 M M 3 35 290
9 66 38 52 0 13 0 0.00 M M 14.8 32 340 M M 1 43 330
10 47 28 38 -14 27 0 0.00 M M 11.3 21 330 M M 3 26 330
11 61 24 43 -9 22 0 0.00 M M 9.1 15 150 M M 0 21 140
12 72 38 55 3 10 0 0.00 M M 10.3 21 160 M M 0 29 160
13 61 46 54 2 11 0 0.00 M M 8.3 41 270 M M 0 64 270
14 69 40 55 2 10 0 0.00 M M 12.3 28 300 M M 1 38 290
15 77 43 60 7 5 0 0.00 M M 14.9 33 330 M M 0 41 250
16 46 27 37 -16 28 0 0.00 M M 8.4 17 350 M M 0 24 10
17 49 21 35 -18 30 0 0.00 M M 7.3 17 110 M M 0 25 120
18 62 35 49 -5 16 0 0.00 M M 8.2 23 150 M M 2 29 150
19 76 51 64 10 1 0 0.00 M M 7.0 15 320 M M 1 21 350
20 81 50 66 12 0 1 0.00 M M 11.5 18 250 M M 0 27 280
21 84 51 68 14 0 3 T M M 12.9 31 230 M M 1 45 230
22 78 49 64 10 1 0 T M M 17.1 31 240 M M 1 45 250
23 77 43 60 6 5 0 0.00 M M 10.0 20 80 M M 0 26 70
24 58 39 49 -6 16 0 0.00 M M 8.0 16 130 M M 0 22 130
25 52 44 48 -7 17 0 0.00 M M 5.6 13 90 M M 4 18 70
26 88 43 66 11 0 1 0.00 M M 16.1 43 230 M M 2 59 240
27 77 39 58 3 7 0 0.00 M M 9.7 22 300 M M 0 29 310
28 83 47 65 9 0 0 0.00 M M 9.2 23 260 M M 0 30 260
================================================================================
SM 1853 1092 345 6 0.30 M 293.8 M 41
================================================================================
AV 66.2 39.0 10.5 FASTST M M 1 MAX(MPH)
MISC ----> 43 230 64 270
================================================================================
NOTES:
# LAST OF SEVERAL OCCURRENCES
COLUMN 17 PEAK WIND IN M.P.H.
PRELIMINARY LOCAL CLIMATOLOGICAL DATA (WS FORM: F-6) , PAGE 2
STATION: FORT STOCKTON
MONTH: FEBRUARY
YEAR: 2023
LATITUDE: 30 55 N
LONGITUDE: 102 55 W
[TEMPERATURE DATA] [PRECIPITATION DATA] SYMBOLS USED IN COLUMN 16
AVERAGE MONTHLY: 52.6 TOTAL FOR MONTH: 0.30 1 = FOG OR MIST
DPTR FM NORMAL: -0.3 DPTR FM NORMAL: -0.14 2 = FOG REDUCING VISIBILITY
HIGHEST: 88 ON 26 GRTST 24HR 0.30 ON 1- 2 TO 1/4 MILE OR LESS
LOWEST: 21 ON 17 3 = THUNDER
SNOW, ICE PELLETS, HAIL 4 = ICE PELLETS
TOTAL MONTH: M 5 = HAIL
GRTST 24HR M ON M 6 = FREEZING RAIN OR DRIZZLE
GRTST DEPTH: M ON M 7 = DUSTSTORM OR SANDSTORM:
VSBY 1/2 MILE OR LESS
8 = SMOKE OR HAZE
[NO. OF DAYS WITH] [WEATHER - DAYS WITH] 9 = BLOWING SNOW
X = TORNADO
MAX 32 OR BELOW: 1 0.01 INCH OR MORE: 2
MAX 90 OR ABOVE: 0 0.10 INCH OR MORE: 1
MIN 32 OR BELOW: 6 0.50 INCH OR MORE: 0
MIN 0 OR BELOW: 0 1.00 INCH OR MORE: 0
[HDD (BASE 65) ]
TOTAL THIS MO. 345 CLEAR (SCALE 0-3) 23
DPTR FM NORMAL -2 PTCLDY (SCALE 4-7) 4
TOTAL FM JUL 1 1622 CLOUDY (SCALE 8-10) 1
DPTR FM NORMAL -75
[CDD (BASE 65) ]
TOTAL THIS MO. 6
DPTR FM NORMAL -2 [PRESSURE DATA]
TOTAL FM JAN 1 11 HIGHEST SLP 30.54 ON 3
DPTR FM NORMAL 6 LOWEST SLP 29.45 ON 21
[REMARKS]
#FINAL-02-23#