000
CXUS54 KMAF 012319
CF6FST
PRELIMINARY LOCAL CLIMATOLOGICAL DATA (WS FORM: F-6)
STATION: FORT STOCKTON
MONTH: JANUARY
YEAR: 2023
LATITUDE: 30 55 N
LONGITUDE: 102 55 W
TEMPERATURE IN F: :PCPN: SNOW: WIND :SUNSHINE: SKY :PK WND
================================================================================
1 2 3 4 5 6A 6B 7 8 9 10 11 12 13 14 15 16 17 18
12Z AVG MX 2MIN
DY MAX MIN AVG DEP HDD CDD WTR SNW DPTH SPD SPD DIR MIN PSBL S-S WX SPD DR
================================================================================
1 79 54 67 19 0 2 0.00 M M 12.3 20 200 M M 0 26 230
2 77 45 61 13 4 0 0.00 M M 14.6 35 310 M M 0 47 300
3 62 42 52 4 13 0 0.00 M M 11.5 23 290 M M 1 33 300
4 67 40 54 6 11 0 0.00 M M 12.4 23 280 M M 0 32 280
5 71 38 55 7 10 0 0.00 M M 8.1 16 160 M M 0 23 160
6 84 46 65 17 0 0 0.00 M M 7.9 18 250 M M 0 23 250
7 66 43 55 7 10 0 T M M 8.5 16 110 M M 1 22 350
8 65 35 50 2 15 0 0.00 M M 7.9 14 160 M M 0 19 170
9 74 43 59 11 6 0 T M M 7.8 16 210 M M 0 20 320
10 81 52 67 19 0 2 0.00 M M 12.7 18 250 M M 0 32 260
11 79 52 66 18 0 1 0.00 M M 14.4 30 300 M M 0 40 280
12 56 39 48 0 17 0 0.00 M M 7.8 14 330 M M 0 18 330
13 69 35 52 4 13 0 0.00 M M 9.7 18 160 M M 0 26 160
14 80 38 59 11 6 0 0.00 M M 10.8 21 150 M M 0 29 150
15 77 47 62 14 3 0 0.00 M M 12.1 29 220 M M 1 39 240
16 70 47 59 11 6 0 0.00 M M 10.0 18 260 M M 0 25 240
17 58 48 53 5 12 0 M M M 10.5 15 210 M M 0 M M
18 61 40 51 3 14 0 0.01 M M 16.5 35 290 M M 0 45 290
19 62 35 49 0 16 0 0.00 M M 10.4 16 170 M M 0 22 180
20 73 42 58 9 7 0 0.00 M M 12.0 23 160 M M 0 32 160
21 61 35 48 -1 17 0 0.00 M M 11.0 31 280 M M 0 43 290
22 56 27 42 -7 23 0 0.00 M M 6.7 15 150 M M 0 21 140
23 56 38 47 -2 18 0 0.00 M M 25.6 41 140 M M 2 60 140
24 47 33 40 -9 25 0 0.11 M M 13.8 26 300 M M 7 35 300
25 50 28 39 -11 26 0 0.00 M M 4.8 12 50 M M 1 15 50
26 49 28 39 -11 26 0 T M M 6.4 14 80 M M 0 19 90
27 63 30 47 -3 18 0 0.00 M M 11.1 18 180 M M 0 28 180
28 71 37 54 4 11 0 0.00 M M 10.3 20 280 M M 0 26 280
29 69 36 53 3 12 0 0.00 M M 9.9 20 60 M M 4 24 50
30 36 26 31 -19 34 0 T M M 7.9 12 40 M M 9 6 14 40
31 27 23 25 -25 40 0 T M M 6.0 12 20 M M 10 6 14 10
================================================================================
SM 1996 1202 413 5 0.12 M 331.4 M 36
================================================================================
AV 64.4 38.8 10.7 FASTST M M 1 MAX(MPH)
MISC ----> 41 140 60 140
================================================================================
NOTES:
# LAST OF SEVERAL OCCURRENCES
COLUMN 17 PEAK WIND IN M.P.H.
PRELIMINARY LOCAL CLIMATOLOGICAL DATA (WS FORM: F-6) , PAGE 2
STATION: FORT STOCKTON
MONTH: JANUARY
YEAR: 2023
LATITUDE: 30 55 N
LONGITUDE: 102 55 W
[TEMPERATURE DATA] [PRECIPITATION DATA] SYMBOLS USED IN COLUMN 16
AVERAGE MONTHLY: 51.6 TOTAL FOR MONTH: 0.12 1 = FOG OR MIST
DPTR FM NORMAL: 3.0 DPTR FM NORMAL: -0.52 2 = FOG REDUCING VISIBILITY
HIGHEST: 84 ON 6 GRTST 24HR 0.11 ON 24-24 TO 1/4 MILE OR LESS
LOWEST: 23 ON 31 3 = THUNDER
SNOW, ICE PELLETS, HAIL 4 = ICE PELLETS
TOTAL MONTH: M 5 = HAIL
GRTST 24HR M ON M 6 = FREEZING RAIN OR DRIZZLE
GRTST DEPTH: M ON M 7 = DUSTSTORM OR SANDSTORM:
VSBY 1/2 MILE OR LESS
8 = SMOKE OR HAZE
[NO. OF DAYS WITH] [WEATHER - DAYS WITH] 9 = BLOWING SNOW
X = TORNADO
MAX 32 OR BELOW: 1 0.01 INCH OR MORE: 2
MAX 90 OR ABOVE: 0 0.10 INCH OR MORE: 1
MIN 32 OR BELOW: 6 0.50 INCH OR MORE: 0
MIN 0 OR BELOW: 0 1.00 INCH OR MORE: 0
[HDD (BASE 65) ]
TOTAL THIS MO. 413 CLEAR (SCALE 0-3) 27
DPTR FM NORMAL -99 PTCLDY (SCALE 4-7) 2
TOTAL FM JUL 1 1277 CLOUDY (SCALE 8-10) 2
DPTR FM NORMAL -74
[CDD (BASE 65) ]
TOTAL THIS MO. 5
DPTR FM NORMAL 3 [PRESSURE DATA]
TOTAL FM JAN 1 5 HIGHEST SLP 30.44 ON 12
DPTR FM NORMAL 3 LOWEST SLP 29.57 ON 17
[REMARKS]
#FINAL-01-23#