020
CXUS54 KMAF 011210
CF6FST
PRELIMINARY LOCAL CLIMATOLOGICAL DATA (WS FORM: F-6)
STATION: FORT STOCKTON
MONTH: JANUARY
YEAR: 2021
LATITUDE: 30 55 N
LONGITUDE: 102 55 W
TEMPERATURE IN F: :PCPN: SNOW: WIND :SUNSHINE: SKY :PK WND
================================================================================
1 2 3 4 5 6A 6B 7 8 9 10 11 12 13 14 15 16 17 18
12Z AVG MX 2MIN
DY MAX MIN AVG DEP HDD CDD WTR SNW DPTH SPD SPD DIR MIN PSBL S-S WX SPD DR
================================================================================
1 36 15 26 -22 39 0 0.00 M M 10.4 16 230 M M 0 18 220
2 48 25 37 -11 28 0 0.00 M M 15.2 22 220 M M 0 26 220
3 63 41 52 4 13 0 0.00 M M 15.2 22 220 M M 0 27 220
4 63 38 51 3 14 0 0.00 M M 10.9 18 310 M M 0 25 290
5 71 32 52 4 13 0 0.00 M M 6.4 16 230 M M 0 21 220
6 55 38 47 -1 18 0 0.00 M M 12.4 25 350 M M 0 31 320
7 59 30 45 -3 20 0 0.00 M M 8.0 15 220 M M 0 16 230
8 54 30 42 -6 23 0 0.00 M M 6.7 13 70 M M 0 1 17 160
9 38 26 32 -16 33 0 0.02 M M 11.7 23 130 M M 8 1 28 130
10 37 31 34 -14 31 0 0.08 M M 7.6 15 10 M M 10 1 18 120
11 36 29 33 -15 32 0 0.00 M M 2.4 7 120 M M 8 9 360
12 50 26 38 -10 27 0 0.00 M M 6.0 15 220 M M 0 17 220
13 68 34 51 2 14 0 0.00 M M 13.5 21 220 M M 0 26 230
14 57 38 48 -1 17 0 0.00 M M 12.5 30 10 M M 0 38 10
15 50 28 39 -10 26 0 0.00 M M 5.5 13 110 M M 0 16 110
16 73 28 51 2 14 0 0.00 M M 7.9 16 20 M M 0 23 20
17 61 32 47 -2 18 0 0.00 M M 8.9 17 290 M M 0 22 160
18 77 40 59 10 6 0 0.00 M M 12.2 22 230 M M 0 26 60
19 49 34 42 -7 23 0 0.00 M M 9.1 16 40 M M 7 8 19 60
20 48 36 42 -7 23 0 0.07 M M 2.7 12 220 M M 8 13 210
21 70 48 59 10 6 0 0.24 M M 9.9 23 290 M M 10 1 31 290
22 66 46 56 7 9 0 0.00 M M 9.6 21 300 M M 1 25 290
23 70 41 56 6 9 0 0.00 M M 7.0 17 160 M M 0 22 160
24 79 49 64 14 1 0 0.00 M M 13.8 25 290 M M 3 32 320
25 62 38 50 0 15 0 0.00 M M 10.5 23 290 M M 1 30 260
26 63 38 51 1 14 0 0.00 M M 13.0 29 330 M M 0 34 340
27 56 32 44 -6 21 0 0.00 M M 8.7 15 300 M M 0 20 280
28 58 34 46 -4 19 0 0.00 M M 13.2 25 110 M M 0 31 110
29 77 40 59 9 6 0 0.00 M M 13.9 29 140 M M 0 38 140
30 69 49 59 9 6 0 0.00 M M 17.4 32 290 M M 0 42 290
31 60 38 49 -1 16 0 0.00 M M 6.9 14 280 M M 0 16 280
================================================================================
SM 1823 1084 554 0 0.41 M 309.1 M 56
================================================================================
AV 58.8 35.0 10.0 FASTST M M 2 MAX(MPH)
MISC ----> 32 290 42 290
================================================================================
NOTES:
# LAST OF SEVERAL OCCURRENCES
COLUMN 17 PEAK WIND IN M.P.H.
PRELIMINARY LOCAL CLIMATOLOGICAL DATA (WS FORM: F-6) , PAGE 2
STATION: FORT STOCKTON
MONTH: JANUARY
YEAR: 2021
LATITUDE: 30 55 N
LONGITUDE: 102 55 W
[TEMPERATURE DATA] [PRECIPITATION DATA] SYMBOLS USED IN COLUMN 16
AVERAGE MONTHLY: 46.9 TOTAL FOR MONTH: 0.41 1 = FOG OR MIST
DPTR FM NORMAL: -2.1 DPTR FM NORMAL: -0.21 2 = FOG REDUCING VISIBILITY
HIGHEST: 79 ON 24 GRTST 24HR 0.24 ON 21-21 TO 1/4 MILE OR LESS
LOWEST: 15 ON 1 3 = THUNDER
SNOW, ICE PELLETS, HAIL 4 = ICE PELLETS
TOTAL MONTH: M 5 = HAIL
GRTST 24HR M ON M 6 = FREEZING RAIN OR DRIZZLE
GRTST DEPTH: M ON M 7 = DUSTSTORM OR SANDSTORM:
VSBY 1/2 MILE OR LESS
8 = SMOKE OR HAZE
[NO. OF DAYS WITH] [WEATHER - DAYS WITH] 9 = BLOWING SNOW
X = TORNADO
MAX 32 OR BELOW: 0 0.01 INCH OR MORE: 4
MAX 90 OR ABOVE: 0 0.10 INCH OR MORE: 1
MIN 32 OR BELOW: 13 0.50 INCH OR MORE: 0
MIN 0 OR BELOW: 0 1.00 INCH OR MORE: 0
[HDD (BASE 65) ]
TOTAL THIS MO. 554 CLEAR (SCALE 0-3) 25
DPTR FM NORMAL 57 PTCLDY (SCALE 4-7) 3
TOTAL FM JUL 1 1340 CLOUDY (SCALE 8-10) 3
DPTR FM NORMAL 31
[CDD (BASE 65) ]
TOTAL THIS MO. 0
DPTR FM NORMAL -1 [PRESSURE DATA]
TOTAL FM JAN 1 0 HIGHEST SLP 30.45 ON 11
DPTR FM NORMAL -1 LOWEST SLP 29.49 ON 24
[REMARKS]
#FINAL-01-21#