000
CXUS54 KMAF 012127
CF6FST
PRELIMINARY LOCAL CLIMATOLOGICAL DATA (WS FORM: F-6)
STATION: FORT STOCKTON
MONTH: JANUARY
YEAR: 2024
LATITUDE: 30 55 N
LONGITUDE: 102 55 W
TEMPERATURE IN F: :PCPN: SNOW: WIND :SUNSHINE: SKY :PK WND
================================================================================
1 2 3 4 5 6A 6B 7 8 9 10 11 12 13 14 15 16 17 18
12Z AVG MX 2MIN
DY MAX MIN AVG DEP HDD CDD WTR SNW DPTH SPD SPD DIR MIN PSBL S-S WX SPD DR
================================================================================
1 53 29 41 -7 24 0 0.00 M M 4.9 12 80 M M 0 16 60
2 54 36 45 -3 20 0 0.00 M M 7.3 18 280 M M 2 25 290
3 59 34 47 -1 18 0 0.00 M M 9.0 18 160 M M 0 27 150
4 54 39 47 -1 18 0 0.06 M M 16.6 30 300 M M 5 1 42 300
5 59 38 49 1 16 0 0.00 M M M 26 280 M M M 36 310
6 58 36 47 -1 18 0 0.00 M M M 26 300 M M M 36 280
7 65 30 48 0 17 0 0.00 M M M 32 160 M M M 45 150
8 52 36 44 -4 21 0 0.00 M M M 40 290 M M M 58 290
9 56 27 42 -6 23 0 0.00 M M M 22 300 M M M 30 310
10 71 43 57 9 8 0 0.00 M M 12.7 21 310 M M 0 29 310
11 74 43 59 11 6 0 0.00 M M 17.9 44 310 M M 2 8 70 300
12 61 33 47 -1 18 0 0.00 M M 15.9 37 290 M M 0 8 55 300
13 72 33 53 5 12 0 0.00 M M 12.4 24 280 M M 0 33 260
14 39 18 29 -19 36 0 0.00 M M 8.0 15 60 M M 1 1 20 70
15 46 14 30 -18 35 0 0.00 M M 9.3 23 40 M M 5 1 32 70
16 35 11 23 -25 42 0 T M M 5.8 16 40 M M 0 6 21 40
17 67 20 44 -4 21 0 0.00 M M 5.6 16 210 M M 0 21 220
18 78 50 64 16 1 0 0.00 M M 13.4 31 290 M M 0 42 290
19 56 28 42 -7 23 0 0.00 M M 8.3 23 60 M M 0 31 50
20 44 22 33 -16 32 0 0.00 M M 12.3 23 150 M M 0 35 140
21 58 33 46 -3 19 0 T M M 7.5 22 150 M M 4 35 150
22 66 36 51 2 14 0 T M M 6.2 13 150 M M 0 18 150
23 67 47 57 8 8 0 0.27 M M 6.9 35 260 M M 6 13 45 270
24 64 45 55 6 10 0 T M M 6.8 15 300 M M 4 23 290
25 67 44 56 6 9 0 0.00 M M 9.4 20 250 M M 0 25 250
26 65 43 54 4 11 0 0.00 M M 12.7 29 300 M M 2 43 290
27 59 40 50 0 15 0 0.00 M M 8.4 15 300 M M 3 19 270
28 68 39 54 4 11 0 0.00 M M 7.7 14 220 M M 0 17 220
29 71 41 56 6 9 0 0.00 M M 8.4 15 160 M M 0 20 130
30 68 42 55 5 10 0 0.00 M M 7.8 14 280 M M 0 18 160
31 68 43 56 6 9 0 0.02 M M 8.9 20 160 M M 3 26 160
================================================================================
SM 1874 1073 534 0 0.35 M 250.1 M 37
================================================================================
AV 60.5 34.6 9.6 FASTST M M 1 MAX(MPH)
MISC ----> 44 310 70 300
================================================================================
NOTES:
# LAST OF SEVERAL OCCURRENCES
COLUMN 17 PEAK WIND IN M.P.H.
PRELIMINARY LOCAL CLIMATOLOGICAL DATA (WS FORM: F-6) , PAGE 2
STATION: FORT STOCKTON
MONTH: JANUARY
YEAR: 2024
LATITUDE: 30 55 N
LONGITUDE: 102 55 W
[TEMPERATURE DATA] [PRECIPITATION DATA] SYMBOLS USED IN COLUMN 16
AVERAGE MONTHLY: 47.5 TOTAL FOR MONTH: 0.35 1 = FOG OR MIST
DPTR FM NORMAL: -1.1 DPTR FM NORMAL: -0.29 2 = FOG REDUCING VISIBILITY
HIGHEST: 78 ON 18 GRTST 24HR 0.27 ON 23-23 TO 1/4 MILE OR LESS
LOWEST: 11 ON 16 3 = THUNDER
SNOW, ICE PELLETS, HAIL 4 = ICE PELLETS
TOTAL MONTH: M 5 = HAIL
GRTST 24HR M ON M 6 = FREEZING RAIN OR DRIZZLE
GRTST DEPTH: M ON M 7 = DUSTSTORM OR SANDSTORM:
VSBY 1/2 MILE OR LESS
8 = SMOKE OR HAZE
[NO. OF DAYS WITH] [WEATHER - DAYS WITH] 9 = BLOWING SNOW
X = TORNADO
MAX 32 OR BELOW: 0 0.01 INCH OR MORE: 3
MAX 90 OR ABOVE: 0 0.10 INCH OR MORE: 1
MIN 32 OR BELOW: 9 0.50 INCH OR MORE: 0
MIN 0 OR BELOW: 0 1.00 INCH OR MORE: 0
[HDD (BASE 65) ]
TOTAL THIS MO. 534 CLEAR (SCALE 0-3) 21
DPTR FM NORMAL 22 PTCLDY (SCALE 4-7) 5
TOTAL FM JUL 1 1170 CLOUDY (SCALE 8-10) 5
DPTR FM NORMAL -181
[CDD (BASE 65) ]
TOTAL THIS MO. 0
DPTR FM NORMAL -2 [PRESSURE DATA]
TOTAL FM JAN 1 0 HIGHEST SLP 30.50 ON 19
DPTR FM NORMAL -2 LOWEST SLP 29.42 ON 11
[REMARKS]
#FINAL-01-24#