923
CXUS56 KSGX 011245
CF6FUL
PRELIMINARY LOCAL CLIMATOLOGICAL DATA (WS FORM: F-6)
STATION: FULLERTON AIRPORT CA
MONTH: JUNE
YEAR: 2020
LATITUDE: 33 52 N
LONGITUDE: 117 58 W
TEMPERATURE IN F: :PCPN: SNOW: WIND :SUNSHINE: SKY :PK WND
================================================================================
1 2 3 4 5 6A 6B 7 8 9 10 11 12 13 14 15 16 17 18
12Z AVG MX 2MIN
DY MAX MIN AVG DEP HDD CDD WTR SNW DPTH SPD SPD DIR MIN PSBL S-S WX SPD DR
================================================================================
1 88 62 75 7 0 10 0.00 0.0 0 4.0 13 250 M M 2 16 290
2 84 64 74 6 0 9 0.00 0.0 0 3.5 10 210 M M 3 14 200
3 94 65 80 12 0 15 0.00 0.0 0 4.1 13 190 M M 0 17 180
4 77 64 71 3 0 6 0.00 0.0 0 6.0 13 170 M M 7 19 200
5 72 64 68 0 0 3 T 0.0 0 4.2 10 200 M M 10 18 16 220
6 74 64 69 1 0 4 T 0.0 0 4.4 13 180 M M 6 18 220
7 78 61 70 2 0 5 0.00 0.0 0 5.3 14 270 M M 4 21 270
8 92 56 74 6 0 9 0.00 0.0 0 4.4 15 60 M M 1 22 40
9 100 63 82 13 0 17 0.00 0.0 0 3.7 13 250 M M 0 8 19 250
10 97 66 82 13 0 17 0.00 0.0 0 4.5 13 200 M M 0 16 200
11 90 64 77 8 0 12 0.00 0.0 0 3.9 12 200 M M 1 16 210
12 78 64 71 2 0 6 0.00 0.0 0 4.9 12 190 M M 3 17 200
13 80 63 72 3 0 7 0.00 0.0 0 4.4 13 200 M M 3 19 210
14 80 63 72 3 0 7 0.00 0.0 0 4.8 12 190 M M 2 15 190
15 79 64 72 2 0 7 0.00 0.0 0 5.1 13 190 M M 2 17 220
16 77 65 71 1 0 6 0.00 0.0 0 5.4 12 200 M M 7 16 200
17 76 63 70 0 0 5 0.00 0.0 0 5.8 12 180 M M 6 16 200
18 75 63 69 -1 0 4 T 0.0 0 4.2 10 190 M M 6 14 210
19 79 65 72 2 0 7 0.00 0.0 0 4.5 15 180 M M 7 22 190
20 78 65 72 2 0 7 0.00 0.0 0 4.1 13 200 M M 8 18 190
21 79 67 73 2 0 8 0.00 0.0 0 3.1 12 200 M M 6 17 220
22 82 66 74 3 0 9 0.00 0.0 0 4.2 13 200 M M 5 17 200
23 80 64 72 1 0 7 0.00 0.0 0 4.2 13 200 M M 5 18 18 210
24 81 65 73 2 0 8 0.00 0.0 0 4.0 13 180 M M 5 8 17 170
25 80 65 73 2 0 8 0.00 0.0 0 3.9 12 190 M M 5 14 210
26 83 65 74 2 0 9 0.00 0.0 0 3.6 10 180 M M 4 17 180
27 81 65 73 1 0 8 0.00 0.0 0 5.1 13 190 M M 5 17 220
28 75 66 71 -1 0 6 T 0.0 0 6.2 13 180 M M 10 17 200
29 77 65 71 -1 0 6 0.00 0.0 0 6.3 13 180 M M 5 18 210
30 81 65 73 1 0 8 0.00 0.0 0 2.8 13 200 M M 5 21 200
================================================================================
SM 2447 1921 0 240 T 0.0 134.6 M 133
================================================================================
AV 81.6 64.0 4.5 FASTST M M 4 MAX(MPH)
MISC ----> # 15 60 # 22 40
================================================================================
NOTES:
# LAST OF SEVERAL OCCURRENCES
COLUMN 17 PEAK WIND IN M.P.H.
PRELIMINARY LOCAL CLIMATOLOGICAL DATA (WS FORM: F-6) , PAGE 2
STATION: FULLERTON AIRPORT CA
MONTH: JUNE
YEAR: 2020
LATITUDE: 33 52 N
LONGITUDE: 117 58 W
[TEMPERATURE DATA] [PRECIPITATION DATA] SYMBOLS USED IN COLUMN 16
AVERAGE MONTHLY: 72.8 TOTAL FOR MONTH: T 1 = FOG OR MIST
DPTR FM NORMAL: 3.1 DPTR FM NORMAL: -0.09 2 = FOG REDUCING VISIBILITY
HIGHEST: 100 ON 9 GRTST 24HR T ON 28-28 TO 1/4 MILE OR LESS
LOWEST: 56 ON 8 3 = THUNDER
SNOW, ICE PELLETS, HAIL 4 = ICE PELLETS
TOTAL MONTH: 0.0 INCH 5 = HAIL
GRTST 24HR 0.0 6 = FREEZING RAIN OR DRIZZLE
GRTST DEPTH: 0 7 = DUSTSTORM OR SANDSTORM:
VSBY 1/2 MILE OR LESS
8 = SMOKE OR HAZE
[NO. OF DAYS WITH] [WEATHER - DAYS WITH] 9 = BLOWING SNOW
X = TORNADO
MAX 32 OR BELOW: 0 0.01 INCH OR MORE: 0
MAX 90 OR ABOVE: 5 0.10 INCH OR MORE: 0
MIN 32 OR BELOW: 0 0.50 INCH OR MORE: 0
MIN 0 OR BELOW: 0 1.00 INCH OR MORE: 0
[HDD (BASE 65) ]
TOTAL THIS MO. 0 CLEAR (SCALE 0-3) 10
DPTR FM NORMAL -2 PTCLDY (SCALE 4-7) 18
TOTAL FM JUL 1 862 CLOUDY (SCALE 8-10) 2
DPTR FM NORMAL -364
[CDD (BASE 65) ]
TOTAL THIS MO. 240
DPTR FM NORMAL 95 [PRESSURE DATA]
TOTAL FM JAN 1 546 HIGHEST SLP 30.06 ON 12
DPTR FM NORMAL 278 LOWEST SLP 29.79 ON 28
[REMARKS]
#FINAL-06-20#