000
CXUS53 KIWX 010810
CF6FWA
PRELIMINARY LOCAL CLIMATOLOGICAL DATA (WS FORM: F-6)
STATION: FORT WAYNE
MONTH: MAY
YEAR: 2023
LATITUDE: 41 0 N
LONGITUDE: 85 12 W
TEMPERATURE IN F: :PCPN: SNOW: WIND :SUNSHINE: SKY :PK WND
================================================================================
1 2 3 4 5 6A 6B 7 8 9 10 11 12 13 14 15 16 17 18
12Z AVG MX 2MIN
DY MAX MIN AVG DEP HDD CDD WTR SNW DPTH SPD SPD DIR MIN PSBL S-S WX SPD DR
================================================================================
1 43 35 39 -17 26 0 0.32 T 0 16.6 29 270 M M 10 1 39 320
2 46 40 43 -13 22 0 0.01 0.0 0 14.1 23 280 M M 10 38 280
3 54 40 47 -10 18 0 0.01 0.0 0 12.4 22 310 M M 7 31 320
4 66 35 51 -6 14 0 0.00 0.0 0 3.3 8 240 M M 5 13 320
5 73 43 58 0 7 0 0.00 0.0 0 8.8 18 140 M M 5 24 110
6 74 45 60 2 5 0 0.00 0.0 0 9.6 20 160 M M 7 26 130
7 81 58 70 12 0 5 1.53 0.0 0 9.0 24 190 M M 9 13 32 190
8 67 52 60 1 5 0 0.30 0.0 0 10.4 20 70 M M 10 1 25 70
9 71 49 60 1 5 0 0.00 0.0 0 6.9 16 50 M M 4 1 24 40
10 76 44 60 1 5 0 0.00 0.0 0 2.9 10 130 M M 4 14 140
11 80 49 65 5 0 0 0.00 0.0 0 4.2 14 150 M M 7 20 140
12 81 60 71 11 0 6 1.55 0.0 0 4.6 31 220 M M 10 138 39 220
13 74 65 70 10 0 5 0.01 0.0 0 8.1 16 100 M M 10 18 19 100
14 69 55 62 1 3 0 T 0.0 0 12.8 21 70 M M 9 1 27 50
15 74 52 63 2 2 0 0.00 0.0 0 6.3 14 80 M M 9 18 70
16 75 49 62 1 3 0 T 0.0 0 5.7 16 280 M M 8 23 300
17 65 45 55 -7 10 0 0.00 0.0 0 11.0 20 80 M M 1 25 70
18 70 38 54 -8 11 0 0.00 0.0 0 6.4 12 100 M M 2 8 17 110
19 81 45 63 1 2 0 0.33 0.0 0 8.7 24 210 M M 6 18 32 220
20 61 47 54 -9 11 0 T 0.0 0 9.0 17 290 M M 5 18 26 280
21 77 43 60 -3 5 0 0.00 0.0 0 4.9 15 320 M M 3 22 320
22 81 48 65 2 0 0 0.00 0.0 0 5.6 21 70 M M 4 27 60
23 82 52 67 3 0 2 0.00 0.0 0 3.2 9 360 M M 2 13 70
24 84 51 68 4 0 3 0.00 0.0 0 10.3 25 70 M M 2 32 60
25 67 43 55 -9 10 0 0.00 0.0 0 13.5 21 70 M M 5 30 50
26 76 43 60 -5 5 0 0.00 0.0 0 11.5 23 50 M M 0 30 100
27 79 46 63 -2 2 0 0.00 0.0 0 9.0 17 90 M M 5 25 90
28 82 55 69 4 0 4 0.00 0.0 0 7.8 20 60 M M 8 27 70
29 87 54 71 5 0 6 0.00 0.0 0 7.4 16 40 M M 4 23 50
30 90 59 75 9 0 10 0.00 0.0 0 6.1 16 140 M M 3 22 160
31 89 62 76 10 0 11 0.00 0.0 0 6.7 16 150 M M 2 3 22 100
================================================================================
SM 2275 1502 171 52 4.06 T 256.8 M 176
================================================================================
AV 73.4 48.5 8.3 FASTST M M 6 MAX(MPH)
MISC ----> 31 220 # 39 320
================================================================================
NOTES:
# LAST OF SEVERAL OCCURRENCES
COLUMN 17 PEAK WIND IN M.P.H.
PRELIMINARY LOCAL CLIMATOLOGICAL DATA (WS FORM: F-6) , PAGE 2
STATION: FORT WAYNE
MONTH: MAY
YEAR: 2023
LATITUDE: 41 0 N
LONGITUDE: 85 12 W
[TEMPERATURE DATA] [PRECIPITATION DATA] SYMBOLS USED IN COLUMN 16
AVERAGE MONTHLY: 60.9 TOTAL FOR MONTH: 4.06 1 = FOG OR MIST
DPTR FM NORMAL: -0.4 DPTR FM NORMAL: -0.52 2 = FOG REDUCING VISIBILITY
HIGHEST: 90 ON 30 GRTST 24HR 1.56 ON 12-13 TO 1/4 MILE OR LESS
LOWEST: 35 ON 4, 1 3 = THUNDER
SNOW, ICE PELLETS, HAIL 4 = ICE PELLETS
TOTAL MONTH: T 5 = HAIL
GRTST 24HR T ON 1- 1 6 = FREEZING RAIN OR DRIZZLE
GRTST DEPTH: 0 7 = DUSTSTORM OR SANDSTORM:
VSBY 1/2 MILE OR LESS
8 = SMOKE OR HAZE
[NO. OF DAYS WITH] [WEATHER - DAYS WITH] 9 = BLOWING SNOW
X = TORNADO
MAX 32 OR BELOW: 0 0.01 INCH OR MORE: 8
MAX 90 OR ABOVE: 1 0.10 INCH OR MORE: 5
MIN 32 OR BELOW: 0 0.50 INCH OR MORE: 2
MIN 0 OR BELOW: 0 1.00 INCH OR MORE: 2
[HDD (BASE 65) ]
TOTAL THIS MO. 171 CLEAR (SCALE 0-3) 8
DPTR FM NORMAL -6 PTCLDY (SCALE 4-7) 15
TOTAL FM JUL 1 5347 CLOUDY (SCALE 8-10) 8
DPTR FM NORMAL -596
[CDD (BASE 65) ]
TOTAL THIS MO. 52
DPTR FM NORMAL -10 [PRESSURE DATA]
TOTAL FM JAN 1 57 HIGHEST SLP 30.37 ON 14
DPTR FM NORMAL -13 LOWEST SLP 29.33 ON 1
[REMARKS]
#FINAL-05-23#