000
CXUS54 KOUN 010700
CF6GAG
PRELIMINARY LOCAL CLIMATOLOGICAL DATA (WS FORM: F-6)
STATION: GAGE
MONTH: JULY
YEAR: 2020
LATITUDE: 36 17 N
LONGITUDE: 99 46 W
TEMPERATURE IN F: :PCPN: SNOW: WIND :SUNSHINE: SKY :PK WND
================================================================================
1 2 3 4 5 6A 6B 7 8 9 10 11 12 13 14 15 16 17 18
12Z AVG MX 2MIN
DY MAX MIN AVG DEP HDD CDD WTR SNW DPTH SPD SPD DIR MIN PSBL S-S WX SPD DR
================================================================================
1 102 68 85 6 0 20 0.00 0.0 0 8.1 24 170 M M 0 18 30 180
2 100 73 87 8 0 22 0.00 0.0 0 10.7 23 160 M M 0 1 30 150
3 98 69 84 5 0 19 T 0.0 0 6.4 14 180 M M 1 20 140
4 96 72 84 5 0 19 0.00 0.0 0 6.7 16 40 M M 1 21 60
5 89 68 79 -1 0 14 0.00 0.0 0 6.0 17 60 M M 2 22 80
6 95 63 79 -1 0 14 0.00 0.0 0 5.8 16 100 M M 2 21 110
7 95 66 81 1 0 16 0.00 0.0 0 7.9 18 160 M M 1 1 23 170
8 101 71 86 6 0 21 0.00 0.0 0 15.0 29 160 M M 0 8 35 160
9 105 77 91 11 0 26 0.00 0.0 0 17.9 29 170 M M 0 36 120
10 96 73 85 5 0 20 0.00 0.0 0 13.6 29 80 M M 1 1 36 120
11 107 74 91 11 0 26 0.01 0.0 0 11.3 36 40 M M 1 3 50 50
12 99 69 84 4 0 19 0.00 0.0 0 10.6 21 130 M M 0 30 140
13 98 67 83 3 0 18 0.08 0.0 0 12.9 22 340 M M 1 13 39 340
14 107 73 90 10 0 25 0.07 0.0 0 11.5 26 160 M M 0 3 34 180
15 95 68 82 2 0 17 0.01 0.0 0 9.9 32 330 M M 0 8 40 340
16 93 68 81 1 0 16 0.45 0.0 0 8.8 29 280 M M 0 13 40 240
17 102 71 87 7 0 22 0.00 0.0 0 14.6 25 170 M M 0 33 170
18 103 74 89 9 0 24 0.00 0.0 0 18.1 28 160 M M 0 34 160
19 99 70 85 4 0 20 T 0.0 0 13.6 24 40 M M 1 3 30 40
20 96 68 82 1 0 17 T 0.0 0 10.2 23 130 M M 2 3 30 110
21 88 67 78 -3 0 13 0.24 0.0 0 8.7 18 170 M M 3 13 22 180
22 96 65 81 0 0 16 0.00 0.0 0 7.8 17 160 M M 0 22 170
23 98 73 86 5 0 21 0.00 0.0 0 11.3 24 150 M M 1 3 30 120
24 97 74 86 5 0 21 0.00 0.0 0 14.1 23 170 M M 2 30 140
25 97 72 85 4 0 20 0.00 0.0 0 12.1 20 160 M M 1 23 170
26 98 70 84 3 0 19 0.00 0.0 0 12.4 21 170 M M 1 26 170
27 90 71 81 0 0 16 2.19 0.0 0 8.7 28 200 M M 5 123 37 200
28 91 70 81 0 0 16 0.06 0.0 0 3.9 21 170 M M 5 13 24 170
29 94 72 83 2 0 18 0.05 0.0 0 7.5 22 40 M M 3 1 28 40
30 91 66 79 -2 0 14 0.07 0.0 0 11.0 30 360 M M 2 3 38 340
31 88 61 75 -5 0 10 0.00 0.0 0 8.8 20 20 M M 1 29 10
================================================================================
SM 3004 2163 0 579 3.23 0.0 325.9 M 37
================================================================================
AV 96.9 69.8 10.5 FASTST M M 1 MAX(MPH)
MISC ----> # 36 40 # 50 50
================================================================================
NOTES:
# LAST OF SEVERAL OCCURRENCES
COLUMN 17 PEAK WIND IN M.P.H.
PRELIMINARY LOCAL CLIMATOLOGICAL DATA (WS FORM: F-6) , PAGE 2
STATION: GAGE
MONTH: JULY
YEAR: 2020
LATITUDE: 36 17 N
LONGITUDE: 99 46 W
[TEMPERATURE DATA] [PRECIPITATION DATA] SYMBOLS USED IN COLUMN 16
AVERAGE MONTHLY: 83.3 TOTAL FOR MONTH: 3.23 1 = FOG OR MIST
DPTR FM NORMAL: 3.1 DPTR FM NORMAL: 1.33 2 = FOG REDUCING VISIBILITY
HIGHEST: 107 ON 14,11 GRTST 24HR 2.19 ON 27-27 TO 1/4 MILE OR LESS
LOWEST: 61 ON 31 3 = THUNDER
SNOW, ICE PELLETS, HAIL 4 = ICE PELLETS
TOTAL MONTH: 0.0 INCH 5 = HAIL
GRTST 24HR 0.0 6 = FREEZING RAIN OR DRIZZLE
GRTST DEPTH: 0 7 = DUSTSTORM OR SANDSTORM:
VSBY 1/2 MILE OR LESS
8 = SMOKE OR HAZE
[NO. OF DAYS WITH] [WEATHER - DAYS WITH] 9 = BLOWING SNOW
X = TORNADO
MAX 32 OR BELOW: 0 0.01 INCH OR MORE: 10
MAX 90 OR ABOVE: 28 0.10 INCH OR MORE: 3
MIN 32 OR BELOW: 0 0.50 INCH OR MORE: 1
MIN 0 OR BELOW: 0 1.00 INCH OR MORE: 1
[HDD (BASE 65) ]
TOTAL THIS MO. 0 CLEAR (SCALE 0-3) 29
DPTR FM NORMAL 0 PTCLDY (SCALE 4-7) 2
TOTAL FM JUL 1 0 CLOUDY (SCALE 8-10) 0
DPTR FM NORMAL 0
[CDD (BASE 65) ]
TOTAL THIS MO. 579
DPTR FM NORMAL 108 [PRESSURE DATA]
TOTAL FM JAN 1 1242 HIGHEST SLP M ON M
DPTR FM NORMAL 302 LOWEST SLP 29.70 ON 1
[REMARKS]
#FINAL-07-20#