034
CXUS54 KMAF 011110
CF6GDP
PRELIMINARY LOCAL CLIMATOLOGICAL DATA (WS FORM: F-6)
STATION: GUADALUPE PASS
MONTH: SEPTEMBER
YEAR: 2020
LATITUDE: 31 49 N
LONGITUDE: 104 48 W
TEMPERATURE IN F: :PCPN: SNOW: WIND :SUNSHINE: SKY :PK WND
================================================================================
1 2 3 4 5 6A 6B 7 8 9 10 11 12 13 14 15 16 17 18
12Z AVG MX 2MIN
DY MAX MIN AVG DEP HDD CDD WTR SNW DPTH SPD SPD DIR MIN PSBL S-S WX SPD DR
================================================================================
1 91 67 79 6 0 14 0.00 M M 23.1 37 240 M M 0 46 250
2 85 65 75 2 0 10 0.00 M M 11.5 24 80 M M 0 29 80
3 93 68 81 8 0 16 0.00 M M 13.8 26 70 M M 1 35 70
4 86 69 78 6 0 13 0.00 M M 23.8 37 70 M M 0 8 43 70
5 79 65 72 0 0 7 0.00 M M 21.0 33 80 M M 1 8 40 80
6 91 66 79 7 0 14 0.00 M M 7.9 18 240 M M 1 27 230
7 94 67 81 9 0 16 0.00 M M 11.5 25 240 M M 0 29 240
8 92 47 70 -2 0 5 0.21 M M 30.4 51 60 M M 3 18 68 70
9 48 39 44 -27 21 0 T M M 37.2 47 50 M M 9 128 51 60
10 49 38 44 -27 21 0 T M M 31.6 39 60 M M 9 18 42 60
11 72 44 58 -13 7 0 0.00 M M 11.6 29 50 M M 3 18 29 50
12 81 58 70 0 0 5 0.00 M M 11.0 23 40 M M 0 25 70
13 78 59 69 -1 0 4 T M M 18.5 33 80 M M 1 1 38 80
14 65 57 61 -9 4 0 0.37 M M 19.9 33 50 M M 9 128 37 50
15 75 59 67 -3 0 2 0.00 M M 7.6 16 60 M M 4 20 100
16 80 61 71 1 0 6 T M M 13.2 30 50 M M 0 36 50
17 75 59 67 -2 0 2 M M M 13.1 24 70 M M 0 30 80
18 74 58 66 -3 0 1 0.00 0.0 0 16.1 26 60 M M 3 8 32 50
19 73 55 64 -5 1 0 0.00 0.0 0 16.6 25 50 M M 0 8 30 50
20 77 57 67 -1 0 2 0.00 0.0 0 16.5 28 50 M M 0 8 32 50
21 77 57 67 -1 0 2 0.00 M M 17.5 26 50 M M 0 8 30 50
22 87 59 73 5 0 8 0.00 M M 15.3 25 40 M M 0 8 31 260
23 87 63 75 7 0 10 0.00 M M 10.9 36 40 M M 1 41 30
24 84 62 73 6 0 8 0.00 M M 15.7 26 40 M M 0 28 40
25 93 64 79 12 0 14 0.00 M M 10.8 26 230 M M 0 34 250
26 95 69 82 15 0 17 0.00 M M 16.0 31 250 M M 0 37 250
27 94 58 76 9 0 11 0.00 M M 20.8 58 50 M M 0 8 66 60
28 63 49 56 -10 9 0 0.00 M M 32.8 61 50 M M 1 8 69 50
29 76 48 62 -4 3 0 0.00 M M 15.8 29 230 M M 0 33 240
30 85 56 71 5 0 6 0.00 M M 12.8 24 50 M M 0 26 230
================================================================================
SM 2399 1743 66 193 0.58 0.0 524.3 M 46
================================================================================
AV 80.0 58.1 17.5 FASTST M M 2 MAX(MPH)
MISC ----> 61 50 69 50
================================================================================
NOTES:
# LAST OF SEVERAL OCCURRENCES
COLUMN 17 PEAK WIND IN M.P.H.
PRELIMINARY LOCAL CLIMATOLOGICAL DATA (WS FORM: F-6) , PAGE 2
STATION: GUADALUPE PASS
MONTH: SEPTEMBER
YEAR: 2020
LATITUDE: 31 49 N
LONGITUDE: 104 48 W
[TEMPERATURE DATA] [PRECIPITATION DATA] SYMBOLS USED IN COLUMN 16
AVERAGE MONTHLY: 69.0 TOTAL FOR MONTH: 0.58 1 = FOG OR MIST
DPTR FM NORMAL: -0.5 DPTR FM NORMAL: -1.51 2 = FOG REDUCING VISIBILITY
HIGHEST: 95 ON 26 GRTST 24HR 0.37 ON 13-14 TO 1/4 MILE OR LESS
LOWEST: 38 ON 10 3 = THUNDER
SNOW, ICE PELLETS, HAIL 4 = ICE PELLETS
TOTAL MONTH: 0.0 INCH 5 = HAIL
GRTST 24HR 0.0 6 = FREEZING RAIN OR DRIZZLE
GRTST DEPTH: 0 7 = DUSTSTORM OR SANDSTORM:
VSBY 1/2 MILE OR LESS
8 = SMOKE OR HAZE
[NO. OF DAYS WITH] [WEATHER - DAYS WITH] 9 = BLOWING SNOW
X = TORNADO
MAX 32 OR BELOW: 0 0.01 INCH OR MORE: 2
MAX 90 OR ABOVE: 8 0.10 INCH OR MORE: 2
MIN 32 OR BELOW: 0 0.50 INCH OR MORE: 0
MIN 0 OR BELOW: 0 1.00 INCH OR MORE: 0
[HDD (BASE 65) ]
TOTAL THIS MO. 66 CLEAR (SCALE 0-3) 25
DPTR FM NORMAL 36 PTCLDY (SCALE 4-7) 2
TOTAL FM JUL 1 66 CLOUDY (SCALE 8-10) 3
DPTR FM NORMAL 35
[CDD (BASE 65) ]
TOTAL THIS MO. 193
DPTR FM NORMAL 27 [PRESSURE DATA]
TOTAL FM JAN 1 1689 HIGHEST SLP 30.32 ON 10
DPTR FM NORMAL 294 LOWEST SLP 29.56 ON 8
[REMARKS]
#FINAL-09-20#