000
CXUS55 KRIW 011010
CF6GEY
PRELIMINARY LOCAL CLIMATOLOGICAL DATA (WS FORM: F-6)
STATION: GREYBULL WY
MONTH: JULY
YEAR: 2021
LATITUDE: 44 30 N
LONGITUDE: 108 4 W
TEMPERATURE IN F: :PCPN: SNOW: WIND :SUNSHINE: SKY :PK WND
================================================================================
1 2 3 4 5 6A 6B 7 8 9 10 11 12 13 14 15 16 17 18
12Z AVG MX 2MIN
DY MAX MIN AVG DEP HDD CDD WTR SNW DPTH SPD SPD DIR MIN PSBL S-S WX SPD DR
================================================================================
1 96 65 81 9 0 16 0.01 M M 8.1 31 90 M M 0 3 42 100
2 97 62 80 8 0 15 T M M 6.6 26 270 M M 0 40 280
3 100 64 82 10 0 17 T M M 6.3 22 250 M M 0 45 260
4 99 60 80 7 0 15 T M M 7.6 38 340 M M 0 3 51 250
5 81 64 73 0 0 8 0.03 M M 9.4 23 320 M M 2 31 330
6 94 57 76 3 0 11 0.00 M M 4.0 12 140 M M 0 17 150
7 96 60 78 4 0 13 T M M 8.3 24 350 M M 1 3 53 300
8 97 60 79 5 0 14 0.00 M M 6.9 18 340 M M 0 26 10
9 93 61 77 3 0 12 0.00 M M 12.8 38 330 M M 0 8 48 330
10 93 53 73 -1 0 8 0.00 M M 5.3 14 340 M M 0 17 330
11 96 55 76 2 0 11 0.01 M M 6.8 32 360 M M 0 3 52 350
12 94 68 81 6 0 16 0.00 M M 8.6 22 340 M M 0 28 330
13 89 60 75 0 0 10 0.03 M M 10.0 35 320 M M 1 3 43 270
14 87 55 71 -4 0 6 0.00 M M 5.0 15 290 M M 0 20 290
15 97 60 79 4 0 14 0.00 M M 5.2 18 340 M M 0 38 28 350
16 97 63 80 5 0 15 0.00 M M 5.4 17 170 M M 0 32 180
17 101 60 81 5 0 16 0.00 M M 4.6 18 300 M M 0 24 290
18 104 60 82 6 0 17 0.00 M M 3.9 10 80 M M 0 14 80
19 107 63 85 9 0 20 0.00 M M 6.8 26 270 M M 0 37 310
20 95 72 84 8 0 19 0.01 M M 10.4 32 330 M M 1 3 42 330
21 96 63 80 4 0 15 0.00 M M 5.4 18 290 M M 0 24 280
22 94 66 80 4 0 15 T M M 6.8 33 320 M M 1 43 330
23 94 62 78 2 0 13 0.00 M M 4.9 16 350 M M 0 8 21 350
24 96 57 77 1 0 12 0.00 M M 3.3 10 330 M M 0 M M
25 102 56 79 3 0 14 0.00 M M 4.8 14 330 M M 0 18 330
26 102 63 83 7 0 18 0.00 M M 4.2 14 290 M M 0 8 17 290
27 105 62 84 8 0 19 0.00 M M 4.4 12 270 M M 0 8 15 350
28 98 75 87 11 0 22 T M M 14.6 36 310 M M 1 8 45 300
29 86 69 78 2 0 13 T M M 7.6 25 310 M M 3 8 33 310
30 96 62 79 3 0 14 0.00 M M 5.9 23 180 M M 2 3 34 130
31 93 66 80 4 0 15 0.00 M M 6.9 26 90 M M 1 38 100
================================================================================
SM 2975 1923 0 443 0.09 M 210.8 M 13
================================================================================
AV 96.0 62.0 6.8 FASTST M M 0 MAX(MPH)
MISC ----> # 38 340 53 300
================================================================================
NOTES:
# LAST OF SEVERAL OCCURRENCES
COLUMN 17 PEAK WIND IN M.P.H.
PRELIMINARY LOCAL CLIMATOLOGICAL DATA (WS FORM: F-6) , PAGE 2
STATION: GREYBULL WY
MONTH: JULY
YEAR: 2021
LATITUDE: 44 30 N
LONGITUDE: 108 4 W
[TEMPERATURE DATA] [PRECIPITATION DATA] SYMBOLS USED IN COLUMN 16
AVERAGE MONTHLY: 79.0 TOTAL FOR MONTH: 0.09 1 = FOG OR MIST
DPTR FM NORMAL: 4.1 DPTR FM NORMAL: -0.07 2 = FOG REDUCING VISIBILITY
HIGHEST: 107 ON 19 GRTST 24HR 0.03 ON 4- 5 TO 1/4 MILE OR LESS
LOWEST: 53 ON 10 3 = THUNDER
SNOW, ICE PELLETS, HAIL 4 = ICE PELLETS
TOTAL MONTH: M 5 = HAIL
GRTST 24HR M ON M 6 = FREEZING RAIN OR DRIZZLE
GRTST DEPTH: M ON M 7 = DUSTSTORM OR SANDSTORM:
VSBY 1/2 MILE OR LESS
8 = SMOKE OR HAZE
[NO. OF DAYS WITH] [WEATHER - DAYS WITH] 9 = BLOWING SNOW
X = TORNADO
MAX 32 OR BELOW: 0 0.01 INCH OR MORE: 5
MAX 90 OR ABOVE: 27 0.10 INCH OR MORE: 0
MIN 32 OR BELOW: 0 0.50 INCH OR MORE: 0
MIN 0 OR BELOW: 0 1.00 INCH OR MORE: 0
[HDD (BASE 65) ]
TOTAL THIS MO. 0 CLEAR (SCALE 0-3) 30
DPTR FM NORMAL -4 PTCLDY (SCALE 4-7) 1
TOTAL FM JUL 1 0 CLOUDY (SCALE 8-10) 0
DPTR FM NORMAL 0
[CDD (BASE 65) ]
TOTAL THIS MO. 443
DPTR FM NORMAL 134 [PRESSURE DATA]
TOTAL FM JAN 1 701 HIGHEST SLP 30.20 ON 10
DPTR FM NORMAL 246 LOWEST SLP 29.69 ON 15
[REMARKS]
#FINAL-07-21#