000
CXUS53 KIND 010600
CF6GEZ
PRELIMINARY LOCAL CLIMATOLOGICAL DATA (WS FORM: F-6)
STATION: SHELBYVILLE IN
MONTH: JULY
YEAR: 2023
LATITUDE: 39 35 N
LONGITUDE: 85 48 W
TEMPERATURE IN F: :PCPN: SNOW: WIND :SUNSHINE: SKY :PK WND
================================================================================
1 2 3 4 5 6A 6B 7 8 9 10 11 12 13 14 15 16 17 18
12Z AVG MX 2MIN
DY MAX MIN AVG DEP HDD CDD WTR SNW DPTH SPD SPD DIR MIN PSBL S-S WX SPD DR
================================================================================
1 86 70 78 3 0 13 0.87 M M 8.9 28 270 M M 4 13 41 290
2 88 69 79 3 0 14 0.67 M M 9.9 40 310 M M 7 123 55 310
3 86 70 78 2 0 13 0.27 M M 6.1 20 340 M M 7 18 26 360
4 91 67 79 3 0 14 0.09 M M 3.6 24 200 M M 1 138 35 200
5 91 69 80 4 0 15 0.00 M M 5.3 20 240 M M 1 18 26 230
6 88 70 79 3 0 14 0.02 M M 5.5 16 300 M M 5 1 23 290
7 86 66 76 0 0 11 0.00 M M 2.3 8 280 M M 1 12 200
8 80 67 74 -2 0 9 0.73 M M 5.6 21 350 M M 5 13 30 360
9 81 64 73 -3 0 8 0.00 M M 5.1 12 340 M M 1 16 320
10 85 61 73 -3 0 8 0.00 M M 1.2 10 260 M M 0 1 14 260
11 87 63 75 -1 0 10 0.00 M M 7.2 16 220 M M 0 21 220
12 88 68 78 2 0 13 0.00 M M 6.8 17 180 M M 0 23 190
13 86 71 79 3 0 14 T M M 4.9 10 310 M M 6 14 310
14 89 64 77 1 0 12 0.00 M M 4.3 12 180 M M 1 128 16 230
15 86 72 79 3 0 14 T M M 5.5 14 330 M M 4 8 19 300
16 86 68 77 1 0 12 0.53 M M 6.9 16 220 M M 1 138 24 20
17 85 63 74 -2 0 9 0.72 M M 6.9 31 330 M M 3 138 43 330
18 84 64 74 -2 0 9 T M M 3.7 10 180 M M 5 13 14 360
19 86 67 77 1 0 12 0.00 M M 4.7 13 190 M M 3 17 200
20 89 72 81 5 0 16 0.08 M M 6.3 15 250 M M 4 13 21 260
21 82 64 73 -3 0 8 0.00 M M 5.4 12 360 M M 2 18 10
22 86 60 73 -3 0 8 0.00 M M 1.1 6 260 M M 3 18 9 60
23 86 62 74 -2 0 9 0.42 M M 3.5 15 240 M M 3 13 22 240
24 88 66 77 1 0 12 0.26 M M 3.5 16 40 M M 3 13 26 20
25 87 63 75 0 0 10 0.00 M M 2.5 9 210 M M 2 128 12 220
26 88 74 81 6 0 16 T M M 9.1 18 190 M M 3 138 25 200
27 91 77 84 9 0 19 T M M 4.4 12 210 M M 6 138 16 220
28 92 74 83 8 0 18 0.29 M M 8.8 21 320 M M 3 138 33 320
29 88 72 80 5 0 15 0.39 M M 7.6 20 350 M M 3 13 35 350
30 88 68 78 3 0 13 0.00 M M 5.4 10 360 M M 1 1 16 340
31 83 62 73 -2 0 8 0.00 M M 4.7 9 10 M M 1 14 80
================================================================================
SM 2687 2087 0 376 5.34 M 166.7 M 89
================================================================================
AV 86.7 67.3 5.4 FASTST M M 3 MAX(MPH)
MISC ----> 40 310 55 310
================================================================================
NOTES:
# LAST OF SEVERAL OCCURRENCES
COLUMN 17 PEAK WIND IN M.P.H.
PRELIMINARY LOCAL CLIMATOLOGICAL DATA (WS FORM: F-6) , PAGE 2
STATION: SHELBYVILLE IN
MONTH: JULY
YEAR: 2023
LATITUDE: 39 35 N
LONGITUDE: 85 48 W
[TEMPERATURE DATA] [PRECIPITATION DATA] SYMBOLS USED IN COLUMN 16
AVERAGE MONTHLY: 77.0 TOTAL FOR MONTH: 5.34 1 = FOG OR MIST
DPTR FM NORMAL: 1.5 DPTR FM NORMAL: 1.47 2 = FOG REDUCING VISIBILITY
HIGHEST: 92 ON 28 GRTST 24HR 1.26 ON 30- 1 TO 1/4 MILE OR LESS
LOWEST: 60 ON 22 3 = THUNDER
SNOW, ICE PELLETS, HAIL 4 = ICE PELLETS
TOTAL MONTH: M 5 = HAIL
GRTST 24HR M ON M 6 = FREEZING RAIN OR DRIZZLE
GRTST DEPTH: M ON M 7 = DUSTSTORM OR SANDSTORM:
VSBY 1/2 MILE OR LESS
8 = SMOKE OR HAZE
[NO. OF DAYS WITH] [WEATHER - DAYS WITH] 9 = BLOWING SNOW
X = TORNADO
MAX 32 OR BELOW: 0 0.01 INCH OR MORE: 13
MAX 90 OR ABOVE: 4 0.10 INCH OR MORE: 10
MIN 32 OR BELOW: 0 0.50 INCH OR MORE: 5
MIN 0 OR BELOW: 0 1.00 INCH OR MORE: 0
[HDD (BASE 65) ]
TOTAL THIS MO. 0 CLEAR (SCALE 0-3) 19
DPTR FM NORMAL -1 PTCLDY (SCALE 4-7) 12
TOTAL FM JUL 1 0 CLOUDY (SCALE 8-10) 0
DPTR FM NORMAL 0
[CDD (BASE 65) ]
TOTAL THIS MO. 376
DPTR FM NORMAL 48 [PRESSURE DATA]
TOTAL FM JAN 1 744 HIGHEST SLP M ON M
DPTR FM NORMAL 30 LOWEST SLP 29.70 ON 2
[REMARKS]
#FINAL-07-23#