000
CXUS53 KIND 010700
CF6GEZ
PRELIMINARY LOCAL CLIMATOLOGICAL DATA (WS FORM: F-6)
STATION: SHELBYVILLE IN
MONTH: DECEMBER
YEAR: 2023
LATITUDE: 39 35 N
LONGITUDE: 85 48 W
TEMPERATURE IN F: :PCPN: SNOW: WIND :SUNSHINE: SKY :PK WND
================================================================================
1 2 3 4 5 6A 6B 7 8 9 10 11 12 13 14 15 16 17 18
12Z AVG MX 2MIN
DY MAX MIN AVG DEP HDD CDD WTR SNW DPTH SPD SPD DIR MIN PSBL S-S WX SPD DR
================================================================================
1 53 44 49 10 16 0 0.23 M M 11.3 26 200 M M 10 1 35 210
2 52 43 48 10 17 0 T M M 5.3 14 250 M M 10 1 19 250
3 47 37 42 4 23 0 0.01 M M 9.4 24 260 M M 10 18 36 250
4 44 31 38 0 27 0 T M M 3.3 9 280 M M 7 1 13 320
5 45 39 42 5 23 0 0.07 M M 8.1 18 340 M M 10 18 24 350
6 41 31 36 -1 29 0 0.00 M M 8.6 16 290 M M 7 8 20 260
7 58 32 45 8 20 0 0.00 M M 12.5 18 220 M M 1 24 210
8 60 46 53 17 12 0 0.00 M M 15.4 25 180 M M 6 30 180
9 65 44 55 19 10 0 0.23 M M 11.7 22 180 M M 8 13 33 180
10 45 32 39 3 26 0 0.00 M M 10.4 18 300 M M 9 25 280
11 41 29 35 -1 30 0 0.00 M M 7.0 13 220 M M 6 22 250
12 53 30 42 7 23 0 0.00 M M 9.6 18 260 M M 0 25 270
13 46 26 36 1 29 0 0.00 M M 2.0 7 20 M M 1 10 20
14 52 22 37 2 28 0 0.00 M M 3.5 9 200 M M 0 8 17 280
15 57 26 42 8 23 0 0.00 M M 6.8 15 170 M M 0 19 170
16 57 39 48 14 17 0 0.13 M M 9.8 18 140 M M 4 1 23 160
17 52 42 47 13 18 0 0.07 M M 9.8 16 280 M M 10 1 21 270
18 42 26 34 0 31 0 T M M 16.1 32 290 M M 8 8 45 290
19 38 18 28 -6 37 0 0.00 M M 8.1 14 190 M M 0 22 190
20 49 27 38 5 27 0 0.00 M M 9.1 16 180 M M 0 21 280
21 51 32 42 9 23 0 0.00 M M 6.3 12 190 M M 1 14 180
22 54 38 46 13 19 0 T M M 8.4 14 180 M M 10 18 170
23 51 45 48 16 17 0 0.15 M M 8.3 13 190 M M 10 12 20 270
24 64 48 56 24 9 0 0.00 M M 7.9 13 170 M M 8 1 18 120
25 63 49 56 24 9 0 0.30 M M 14.8 25 130 M M 6 1 36 140
26 55 37 46 14 19 0 0.00 M M 7.7 17 250 M M 7 21 250
27 52 30 41 9 24 0 0.00 M M 4.4 14 60 M M 3 1 20 50
28 44 35 40 8 25 0 0.03 M M 8.3 15 200 M M 10 18 21 270
29 39 36 38 7 27 0 0.03 M M 7.2 12 230 M M 10 1 15 210
30 40 36 38 7 27 0 0.02 M M 9.9 15 250 M M 9 1 19 260
31 40 32 36 5 29 0 0.01 M M 12.0 23 270 M M 8 18 30 260
================================================================================
SM 1550 1082 694 0 1.28 M 273.0 M 189
================================================================================
AV 50.0 34.9 8.8 FASTST M M 6 MAX(MPH)
MISC ----> 32 290 45 290
================================================================================
NOTES:
# LAST OF SEVERAL OCCURRENCES
COLUMN 17 PEAK WIND IN M.P.H.
PRELIMINARY LOCAL CLIMATOLOGICAL DATA (WS FORM: F-6) , PAGE 2
STATION: SHELBYVILLE IN
MONTH: DECEMBER
YEAR: 2023
LATITUDE: 39 35 N
LONGITUDE: 85 48 W
[TEMPERATURE DATA] [PRECIPITATION DATA] SYMBOLS USED IN COLUMN 16
AVERAGE MONTHLY: 42.5 TOTAL FOR MONTH: 1.28 1 = FOG OR MIST
DPTR FM NORMAL: 8.1 DPTR FM NORMAL: -1.69 2 = FOG REDUCING VISIBILITY
HIGHEST: 65 ON 9 GRTST 24HR 0.30 ON 25-25 TO 1/4 MILE OR LESS
LOWEST: 18 ON 19 3 = THUNDER
SNOW, ICE PELLETS, HAIL 4 = ICE PELLETS
TOTAL MONTH: M 5 = HAIL
GRTST 24HR M ON M 6 = FREEZING RAIN OR DRIZZLE
GRTST DEPTH: M ON M 7 = DUSTSTORM OR SANDSTORM:
VSBY 1/2 MILE OR LESS
8 = SMOKE OR HAZE
[NO. OF DAYS WITH] [WEATHER - DAYS WITH] 9 = BLOWING SNOW
X = TORNADO
MAX 32 OR BELOW: 0 0.01 INCH OR MORE: 12
MAX 90 OR ABOVE: 0 0.10 INCH OR MORE: 5
MIN 32 OR BELOW: 15 0.50 INCH OR MORE: 0
MIN 0 OR BELOW: 0 1.00 INCH OR MORE: 0
[HDD (BASE 65) ]
TOTAL THIS MO. 694 CLEAR (SCALE 0-3) 9
DPTR FM NORMAL -255 PTCLDY (SCALE 4-7) 8
TOTAL FM JUL 1 1496 CLOUDY (SCALE 8-10) 14
DPTR FM NORMAL -447
[CDD (BASE 65) ]
TOTAL THIS MO. 0
DPTR FM NORMAL 0 [PRESSURE DATA]
TOTAL FM JAN 1 1266 HIGHEST SLP M ON M
DPTR FM NORMAL 117 LOWEST SLP 29.73 ON 3
[REMARKS]
#FINAL-12-23#