000
CXUS53 KFGF 010815
CF6GFK
PRELIMINARY LOCAL CLIMATOLOGICAL DATA (WS FORM: F-6)
STATION: GRAND FORKS INTL AP ND
MONTH: MARCH
YEAR: 2024
LATITUDE: 47 57 N
LONGITUDE: 97 11 W
TEMPERATURE IN F: :PCPN: SNOW: WIND :SUNSHINE: SKY :PK WND
================================================================================
1 2 3 4 5 6A 6B 7 8 9 10 11 12 13 14 15 16 17 18
12Z AVG MX 2MIN
DY MAX MIN AVG DEP HDD CDD WTR SNW DPTH SPD SPD DIR MIN PSBL S-S WX SPD DR
================================================================================
1 50 18 34 18 31 0 0.00 0.0 1 9.3 18 330 M M 4 24 320
2 33 25 29 12 36 0 0.07 0.8 T 15.2 26 30 M M 9 1 32 20
3 40 20 30 13 35 0 0.05 T 1 19.8 38 260 M M 9 18 51 260
4 22 12 17 -1 48 0 T 0.0 T 15.2 32 280 M M 3 43 280
5 24 9 17 -1 48 0 T T 0 7.0 17 10 M M 6 20 20
6 42 15 29 10 36 0 T 0.0 T 12.6 26 260 M M 7 35 260
7 22 10 16 -3 49 0 T T 0 10.8 18 260 M M 6 24 250
8 30 18 24 4 41 0 T T T 5.4 12 280 M M 8 17 330
9 34 11 23 3 42 0 0.00 0.0 T 5.4 10 130 M M 1 16 160
10 50 26 38 17 27 0 0.00 0.0 T 12.6 30 180 M M 4 38 180
11 57 28 43 21 22 0 0.00 0.0 T 8.4 15 290 M M 5 21 300
12 54 31 43 21 22 0 0.00 0.0 T 5.7 12 40 M M 5 1 15 330
13 49 31 40 17 25 0 T 0.0 T 8.6 17 70 M M 8 1 22 90
14 46 32 39 16 26 0 0.01 0.0 0 9.9 16 340 M M 8 1 22 360
15 51 29 40 16 25 0 0.00 0.0 0 15.9 28 230 M M 8 37 290
16 40 21 31 7 34 0 T 0.2 0 24.1 32 360 M M 9 8 42 320
17 24 14 19 -6 46 0 T T T 20.0 29 360 M M 8 8 37 10
18 45 13 29 3 36 0 0.00 0.0 0 13.7 28 210 M M 4 35 200
19 37 15 26 0 39 0 T T 0 20.4 33 350 M M 4 78 41 350
20 23 8 16 -11 49 0 0.00 0.0 0 9.5 20 360 M M 5 25 350
21 28 14 21 -6 44 0 0.00 0.0 0 4.8 10 200 M M 6 19 200
22 32 10 21 -7 44 0 0.00 0.0 0 7.5 15 30 M M 5 21 330
23 30 6 18 -10 47 0 0.00 0.0 0 5.0 12 90 M M 5 18 90
24 32 23 28 -1 37 0 0.01 T 0 15.9 25 40 M M 10 32 40
25 32 21 27 -3 38 0 T T T 23.6 35 20 M M 10 1 44 10
26 26 16 21 -9 44 0 T 0.8 T 23.7 33 350 M M 10 79 43 350
27 34 9 22 -9 43 0 T 0.3 1 14.1 23 320 M M 5 8 32 330
28 43 10 27 -4 38 0 0.00 0.0 T 6.5 13 330 M M 1 19 350
29 35 24 30 -2 35 0 0.03 0.2 0 6.8 14 120 M M 8 18 17 110
30 38 26 32 0 33 0 0.00 0.0 0 8.4 16 300 M M 10 21 310
31 42 17 30 -3 35 0 0.00 0.0 0 9.2 17 340 M M 3 22 10
================================================================================
SM 1145 562 1155 0 0.17 2.3 375.0 M 194
================================================================================
AV 36.9 18.1 12.1 FASTST M M 6 MAX(MPH)
MISC ----> 38 260 51 260
================================================================================
NOTES:
# LAST OF SEVERAL OCCURRENCES
COLUMN 17 PEAK WIND IN M.P.H.
PRELIMINARY LOCAL CLIMATOLOGICAL DATA (WS FORM: F-6) , PAGE 2
STATION: GRAND FORKS INTL AP ND
MONTH: MARCH
YEAR: 2024
LATITUDE: 47 57 N
LONGITUDE: 97 11 W
[TEMPERATURE DATA] [PRECIPITATION DATA] SYMBOLS USED IN COLUMN 16
AVERAGE MONTHLY: 27.5 TOTAL FOR MONTH: 0.17 1 = FOG OR MIST
DPTR FM NORMAL: 3.1 DPTR FM NORMAL: -0.74 2 = FOG REDUCING VISIBILITY
HIGHEST: 57 ON 11 GRTST 24HR 0.07 ON 2- 2 TO 1/4 MILE OR LESS
LOWEST: 6 ON 23 3 = THUNDER
SNOW, ICE PELLETS, HAIL 4 = ICE PELLETS
TOTAL MONTH: 2.3 INCHES 5 = HAIL
GRTST 24HR 0.8 ON 2- 2 6 = FREEZING RAIN OR DRIZZLE
GRTST DEPTH: 1 ON 27, 3 7 = DUSTSTORM OR SANDSTORM:
VSBY 1/2 MILE OR LESS
8 = SMOKE OR HAZE
[NO. OF DAYS WITH] [WEATHER - DAYS WITH] 9 = BLOWING SNOW
X = TORNADO
MAX 32 OR BELOW: 12 0.01 INCH OR MORE: 5
MAX 90 OR ABOVE: 0 0.10 INCH OR MORE: 0
MIN 32 OR BELOW: 31 0.50 INCH OR MORE: 0
MIN 0 OR BELOW: 0 1.00 INCH OR MORE: 0
[HDD (BASE 65) ]
TOTAL THIS MO. 1155 CLEAR (SCALE 0-3) 3
DPTR FM NORMAL -102 PTCLDY (SCALE 4-7) 18
TOTAL FM JUL 1 6837 CLOUDY (SCALE 8-10) 10
DPTR FM NORMAL -1527
[CDD (BASE 65) ]
TOTAL THIS MO. 0
DPTR FM NORMAL 0 [PRESSURE DATA]
TOTAL FM JAN 1 0 HIGHEST SLP M ON M
DPTR FM NORMAL 0 LOWEST SLP 29.18 ON 3
[REMARKS]
#FINAL-03-24#