259
CXUS53 KFGF 010815
CF6GFK
PRELIMINARY LOCAL CLIMATOLOGICAL DATA (WS FORM: F-6)
STATION: GRAND FORKS INTL AP ND
MONTH: JUNE
YEAR: 2020
LATITUDE: 47 57 N
LONGITUDE: 97 11 W
TEMPERATURE IN F: :PCPN: SNOW: WIND :SUNSHINE: SKY :PK WND
================================================================================
1 2 3 4 5 6A 6B 7 8 9 10 11 12 13 14 15 16 17 18
12Z AVG MX 2MIN
DY MAX MIN AVG DEP HDD CDD WTR SNW DPTH SPD SPD DIR MIN PSBL S-S WX SPD DR
================================================================================
1 94 62 78 18 0 13 0.01 0.0 0 11.5 21 270 M M 5 8 29 160
2 85 52 69 9 0 4 T 0.0 0 9.7 22 260 M M 4 31 270
3 85 47 66 5 0 1 0.02 0.0 0 8.7 22 210 M M 4 3 28 210
4 83 50 67 6 0 2 0.02 0.0 0 11.3 23 290 M M 5 32 300
5 77 47 62 1 3 0 0.00 0.0 0 12.5 23 340 M M 2 34 310
6 72 45 59 -3 6 0 0.02 0.0 0 12.9 24 120 M M 6 3 33 120
7 95 58 77 15 0 12 0.62 0.0 0 20.9 46 220 M M 6 13 63 240
8 87 65 76 14 0 11 0.07 0.0 0 10.0 32 260 M M 6 13 43 260
9 71 56 64 2 1 0 0.28 0.0 0 13.1 23 320 M M 10 18 32 340
10 72 50 61 -2 4 0 T 0.0 0 13.3 26 320 M M 5 38 310
11 79 46 63 0 2 0 0.02 0.0 0 10.6 24 310 M M 4 32 300
12 70 46 58 -5 7 0 0.00 0.0 0 9.5 15 80 M M 3 22 80
13 77 50 64 0 1 0 0.00 0.0 0 16.7 25 130 M M 4 40 150
14 83 59 71 7 0 6 0.00 0.0 0 23.6 37 150 M M 5 50 150
15 88 66 77 13 0 12 0.00 0.0 0 15.0 31 170 M M 5 45 180
16 97 59 78 14 0 13 0.00 0.0 M 17.0 36 190 M M 6 48 180
17 96 73 85 20 0 20 0.10 0.0 0 19.6 38 210 M M 6 13 51 210
18 78 50 64 -1 1 0 0.01 0.0 0 11.2 26 280 M M 6 3 36 260
19 75 47 61 -4 4 0 0.00 0.0 M 9.5 20 270 M M 5 33 230
20 69 59 64 -1 1 0 0.33 0.0 0 12.0 24 140 M M 8 13 31 150
21 71 50 61 -5 4 0 0.00 0.0 M 8.5 18 290 M M 4 24 320
22 70 47 59 -7 6 0 T 0.0 0 7.1 20 360 M M 7 25 340
23 79 47 63 -3 2 0 0.02 M M 6.4 22 360 M M 4 29 360
24 82 49 66 0 0 1 0.00 0.0 0 3.7 9 160 M M 2 12 14 10
25 77 58 68 2 0 3 0.12 0.0 0 8.4 18 160 M M 6 13 24 150
26 84 59 72 5 0 7 0.00 0.0 0 7.6 20 330 M M 3 12 26 340
27 90 57 74 7 0 9 0.00 0.0 0 12.0 22 200 M M 1 30 180
28 91 65 78 11 0 13 0.00 0.0 0 17.6 32 140 M M 3 43 130
29 89 71 80 13 0 15 0.00 0.0 0 9.8 20 120 M M 5 26 150
30 88 67 78 11 0 13 4.26 0.0 0 10.9 38 310 M M 10 13 53 300
================================================================================
SM 2454 1657 42 155 5.90 0.0 360.6 M 150
================================================================================
AV 81.8 55.2 12.0 FASTST M M 5 MAX(MPH)
MISC ----> 46 220 63 240
================================================================================
NOTES:
# LAST OF SEVERAL OCCURRENCES
COLUMN 17 PEAK WIND IN M.P.H.
PRELIMINARY LOCAL CLIMATOLOGICAL DATA (WS FORM: F-6) , PAGE 2
STATION: GRAND FORKS INTL AP ND
MONTH: JUNE
YEAR: 2020
LATITUDE: 47 57 N
LONGITUDE: 97 11 W
[TEMPERATURE DATA] [PRECIPITATION DATA] SYMBOLS USED IN COLUMN 16
AVERAGE MONTHLY: 68.5 TOTAL FOR MONTH: 5.90 1 = FOG OR MIST
DPTR FM NORMAL: 4.5 DPTR FM NORMAL: 2.42 2 = FOG REDUCING VISIBILITY
HIGHEST: 97 ON 16 GRTST 24HR 4.26 ON 30-30 TO 1/4 MILE OR LESS
LOWEST: 45 ON 6 3 = THUNDER
SNOW, ICE PELLETS, HAIL 4 = ICE PELLETS
TOTAL MONTH: 0.0 INCH 5 = HAIL
GRTST 24HR 0.0 6 = FREEZING RAIN OR DRIZZLE
GRTST DEPTH: 0 7 = DUSTSTORM OR SANDSTORM:
VSBY 1/2 MILE OR LESS
8 = SMOKE OR HAZE
[NO. OF DAYS WITH] [WEATHER - DAYS WITH] 9 = BLOWING SNOW
X = TORNADO
MAX 32 OR BELOW: 0 0.01 INCH OR MORE: 14
MAX 90 OR ABOVE: 6 0.10 INCH OR MORE: 6
MIN 32 OR BELOW: 0 0.50 INCH OR MORE: 2
MIN 0 OR BELOW: 0 1.00 INCH OR MORE: 1
[HDD (BASE 65) ]
TOTAL THIS MO. 42 CLEAR (SCALE 0-3) 6
DPTR FM NORMAL -61 PTCLDY (SCALE 4-7) 22
TOTAL FM JUL 1 9841 CLOUDY (SCALE 8-10) 2
DPTR FM NORMAL 324
[CDD (BASE 65) ]
TOTAL THIS MO. 155
DPTR FM NORMAL 80 [PRESSURE DATA]
TOTAL FM JAN 1 161 HIGHEST SLP M ON M
DPTR FM NORMAL 69 LOWEST SLP 29.38 ON 7
[REMARKS]
#FINAL-06-20#