000
CXUS54 KSHV 011300
CF6GGG
PRELIMINARY LOCAL CLIMATOLOGICAL DATA (WS FORM: F-6)
STATION: LONGVIEW
MONTH: APRIL
YEAR: 2023
LATITUDE: 32 22 N
LONGITUDE: 94 43 W
TEMPERATURE IN F: :PCPN: SNOW: WIND :SUNSHINE: SKY :PK WND
================================================================================
1 2 3 4 5 6A 6B 7 8 9 10 11 12 13 14 15 16 17 18
12Z AVG MX 2MIN
DY MAX MIN AVG DEP HDD CDD WTR SNW DPTH SPD SPD DIR MIN PSBL S-S WX SPD DR
================================================================================
1 78 51 65 3 0 0 0.00 0.0 0 5.4 13 340 M M 0 19 320
2 82 50 66 3 0 1 0.54 0.0 0 8.2 37 330 M M 4 13 53 320
3 88 60 74 11 0 9 0.00 0.0 0 11.1 21 180 M M 3 1 29 180
4 84 71 78 15 0 13 T 0.0 0 15.5 28 190 M M 5 3 38 160
5 77 55 66 3 0 1 1.60 0.0 0 9.3 24 170 M M 7 13 34 160
6 56 48 52 -11 13 0 1.06 0.0 0 8.8 17 80 M M 10 13 26 40
7 53 48 51 -13 14 0 0.12 0.0 0 7.1 14 60 M M 10 1 22 20
8 72 52 62 -2 3 0 0.00 0.0 0 4.2 9 40 M M 7 14 340
9 68 55 62 -2 3 0 0.00 0.0 0 5.3 14 70 M M 8 17 70
10 71 54 63 -1 2 0 0.00 0.0 0 4.5 14 110 M M 6 19 80
11 76 49 63 -1 2 0 0.00 0.0 0 2.7 14 80 M M 3 19 90
12 76 50 63 -2 2 0 T 0.0 0 3.6 18 130 M M 2 3 26 140
13 75 54 65 0 0 0 0.00 0.0 0 4.8 16 80 M M 1 20 70
14 82 55 69 4 0 4 0.00 0.0 0 10.7 18 180 M M 2 25 180
15 89 60 75 10 0 10 0.00 0.0 0 12.2 23 340 M M 4 34 320
16 71 46 59 -7 6 0 0.00 0.0 0 8.2 22 330 M M 0 30 360
17 78 42 60 -6 5 0 0.00 0.0 0 4.7 13 130 M M 0 17 130
18 70 55 63 -3 2 0 0.24 0.0 0 9.2 20 170 M M 5 3 27 170
19 84 61 73 7 0 8 0.00 0.0 0 12.1 23 160 M M 5 33 150
20 77 65 71 5 0 6 0.62 0.0 0 11.9 31 180 M M 9 138 41 170
21 75 53 64 -3 1 0 0.10 0.0 0 3.5 14 350 M M 4 1 22 360
22 77 51 64 -3 1 0 T 0.0 0 5.6 13 30 M M 2 20 50
23 58 48 53 -14 12 0 0.06 0.0 0 8.0 15 30 M M 7 1 23 50
24 70 48 59 -8 6 0 T 0.0 0 6.9 14 130 M M 6 19 130
25 72 56 64 -4 1 0 0.00 0.0 0 7.3 14 170 M M 8 23 150
26 65 52 59 -9 6 0 2.78 0.0 0 10.3 25 140 M M 9 13 36 140
27 72 53 63 -5 2 0 0.01 0.0 0 8.0 25 100 M M 5 13 35 100
28 77 47 62 -6 3 0 0.01 0.0 0 4.4 15 150 M M 1 20 170
29 67 53 60 -9 5 0 0.19 0.0 0 10.9 21 330 M M 8 30 330
30 81 47 64 -5 1 0 0.00 0.0 0 5.4 14 290 M M 0 20 350
================================================================================
SM 2221 1589 90 52 7.33 0.0 229.8 M 141
================================================================================
AV 74.0 53.0 7.7 FASTST M M 5 MAX(MPH)
MISC ----> 37 330 53 320
================================================================================
NOTES:
# LAST OF SEVERAL OCCURRENCES
COLUMN 17 PEAK WIND IN M.P.H.
PRELIMINARY LOCAL CLIMATOLOGICAL DATA (WS FORM: F-6) , PAGE 2
STATION: LONGVIEW
MONTH: APRIL
YEAR: 2023
LATITUDE: 32 22 N
LONGITUDE: 94 43 W
[TEMPERATURE DATA] [PRECIPITATION DATA] SYMBOLS USED IN COLUMN 16
AVERAGE MONTHLY: 63.5 TOTAL FOR MONTH: 7.33 1 = FOG OR MIST
DPTR FM NORMAL: -2.0 DPTR FM NORMAL: 3.44 2 = FOG REDUCING VISIBILITY
HIGHEST: 89 ON 15 GRTST 24HR 2.78 ON 26-26 TO 1/4 MILE OR LESS
LOWEST: 42 ON 17 3 = THUNDER
SNOW, ICE PELLETS, HAIL 4 = ICE PELLETS
TOTAL MONTH: 0.0 INCH 5 = HAIL
GRTST 24HR 0.0 6 = FREEZING RAIN OR DRIZZLE
GRTST DEPTH: 0 7 = DUSTSTORM OR SANDSTORM:
VSBY 1/2 MILE OR LESS
8 = SMOKE OR HAZE
[NO. OF DAYS WITH] [WEATHER - DAYS WITH] 9 = BLOWING SNOW
X = TORNADO
MAX 32 OR BELOW: 0 0.01 INCH OR MORE: 12
MAX 90 OR ABOVE: 0 0.10 INCH OR MORE: 9
MIN 32 OR BELOW: 0 0.50 INCH OR MORE: 5
MIN 0 OR BELOW: 0 1.00 INCH OR MORE: 3
[HDD (BASE 65) ]
TOTAL THIS MO. 90 CLEAR (SCALE 0-3) 10
DPTR FM NORMAL 8 PTCLDY (SCALE 4-7) 16
TOTAL FM JUL 1 1827 CLOUDY (SCALE 8-10) 4
DPTR FM NORMAL -297
[CDD (BASE 65) ]
TOTAL THIS MO. 52
DPTR FM NORMAL -45 [PRESSURE DATA]
TOTAL FM JAN 1 163 HIGHEST SLP 30.31 ON 6
DPTR FM NORMAL 13 LOWEST SLP 29.58 ON 4
[REMARKS]
#FINAL-04-23#