000
CXUS54 KSHV 011400
CF6GGG
PRELIMINARY LOCAL CLIMATOLOGICAL DATA (WS FORM: F-6)
STATION: LONGVIEW
MONTH: FEBRUARY
YEAR: 2023
LATITUDE: 32 22 N
LONGITUDE: 94 43 W
TEMPERATURE IN F: :PCPN: SNOW: WIND :SUNSHINE: SKY :PK WND
================================================================================
1 2 3 4 5 6A 6B 7 8 9 10 11 12 13 14 15 16 17 18
12Z AVG MX 2MIN
DY MAX MIN AVG DEP HDD CDD WTR SNW DPTH SPD SPD DIR MIN PSBL S-S WX SPD DR
================================================================================
1 37 31 34 -15 31 0 0.40 0.0 0 6.7 14 340 M M 10 16 17 350
2 40 34 37 -12 28 0 0.87 0.0 0 M M M M M 10 1 M M
3 57 33 45 -4 20 0 0.00 0.0 0 M 6 60 M M 4 8 50
4 60 30 45 -4 20 0 0.00 0.0 0 M M M M M 0 M M
5 70 39 55 6 10 0 0.00 0.0 0 M M M M M 0 1 M M
6 73 46 60 11 5 0 0.00 0.0 0 12.7 24 190 M M 5 1 33 200
7 71 56 64 14 1 0 T 0.0 0 8.0 18 170 M M 8 24 150
8 73 43 58 8 7 0 0.17 0.0 0 12.8 22 270 M M 8 1 31 300
9 69 37 53 3 12 0 0.00 0.0 0 4.3 13 170 M M 0 17 150
10 48 40 44 -6 21 0 0.02 0.0 0 10.9 18 310 M M 6 27 330
11 52 37 45 -5 20 0 T 0.0 0 8.7 16 320 M M 7 23 300
12 66 30 48 -3 17 0 0.00 0.0 0 3.6 13 220 M M 0 1 23 280
13 70 38 54 3 11 0 0.00 0.0 0 6.7 13 260 M M 0 17 230
14 74 48 61 10 4 0 0.19 0.0 0 11.1 29 300 M M 4 1 36 230
15 77 47 62 11 3 0 0.00 0.0 0 10.1 23 160 M M 4 1 32 160
16 73 37 55 4 10 0 0.02 0.0 0 15.8 29 290 M M 7 3 40 290
17 52 30 41 -11 24 0 0.00 0.0 0 7.1 21 330 M M 0 30 330
18 56 26 41 -11 24 0 0.00 0.0 0 4.5 15 210 M M 0 1 17 210
19 71 45 58 6 7 0 0.00 0.0 0 10.3 20 200 M M 1 26 210
20 83 60 72 20 0 7 0.00 0.0 0 14.1 24 230 M M 1 36 240
21 86 65 76 23 0 11 0.00 0.0 0 15.2 28 190 M M 1 38 190
22 75 59 67 14 0 2 0.25 0.0 0 11.2 28 280 M M 5 1 40 270
23 77 60 69 16 0 4 0.00 0.0 0 7.8 20 290 M M 5 18 24 290
24 66 53 60 7 5 0 T 0.0 0 7.7 16 70 M M 10 22 60
25 56 48 52 -2 13 0 0.00 0.0 0 3.9 10 340 M M 10 18 14 330
26 82 53 68 14 0 3 T 0.0 0 9.1 28 180 M M 8 18 37 190
27 76 50 63 9 2 0 0.04 0.0 0 9.5 28 190 M M 3 8 42 280
28 85 44 65 11 0 0 0.00 0.0 0 7.4 20 230 M M 0 8 26 220
================================================================================
SM 1875 1219 295 27 1.96 0.0 219.2 M 117
================================================================================
AV 67.0 43.5 9.1 FASTST M M 4 MAX(MPH)
MISC ----> # 29 300 42 280
================================================================================
NOTES:
# LAST OF SEVERAL OCCURRENCES
COLUMN 17 PEAK WIND IN M.P.H.
PRELIMINARY LOCAL CLIMATOLOGICAL DATA (WS FORM: F-6) , PAGE 2
STATION: LONGVIEW
MONTH: FEBRUARY
YEAR: 2023
LATITUDE: 32 22 N
LONGITUDE: 94 43 W
[TEMPERATURE DATA] [PRECIPITATION DATA] SYMBOLS USED IN COLUMN 16
AVERAGE MONTHLY: 55.3 TOTAL FOR MONTH: 1.96 1 = FOG OR MIST
DPTR FM NORMAL: 4.0 DPTR FM NORMAL: -1.84 2 = FOG REDUCING VISIBILITY
HIGHEST: 86 ON 21 GRTST 24HR 1.03 ON 1- 2 TO 1/4 MILE OR LESS
LOWEST: 26 ON 18 3 = THUNDER
SNOW, ICE PELLETS, HAIL 4 = ICE PELLETS
TOTAL MONTH: 0.0 INCH 5 = HAIL
GRTST 24HR 0.0 6 = FREEZING RAIN OR DRIZZLE
GRTST DEPTH: 0 7 = DUSTSTORM OR SANDSTORM:
VSBY 1/2 MILE OR LESS
8 = SMOKE OR HAZE
[NO. OF DAYS WITH] [WEATHER - DAYS WITH] 9 = BLOWING SNOW
X = TORNADO
MAX 32 OR BELOW: 0 0.01 INCH OR MORE: 8
MAX 90 OR ABOVE: 0 0.10 INCH OR MORE: 5
MIN 32 OR BELOW: 5 0.50 INCH OR MORE: 1
MIN 0 OR BELOW: 0 1.00 INCH OR MORE: 0
[HDD (BASE 65) ]
TOTAL THIS MO. 295 CLEAR (SCALE 0-3) 12
DPTR FM NORMAL -101 PTCLDY (SCALE 4-7) 10
TOTAL FM JUL 1 1570 CLOUDY (SCALE 8-10) 6
DPTR FM NORMAL -237
[CDD (BASE 65) ]
TOTAL THIS MO. 27
DPTR FM NORMAL 16 [PRESSURE DATA]
TOTAL FM JAN 1 47 HIGHEST SLP 30.59 ON 3
DPTR FM NORMAL 37 LOWEST SLP 29.57 ON 22
[REMARKS]
#FINAL-02-23#