000
CXUS54 KSHV 011300
CF6GGG
PRELIMINARY LOCAL CLIMATOLOGICAL DATA (WS FORM: F-6)
STATION: LONGVIEW
MONTH: JULY
YEAR: 2022
LATITUDE: 32 22 N
LONGITUDE: 94 43 W
TEMPERATURE IN F: :PCPN: SNOW: WIND :SUNSHINE: SKY :PK WND
================================================================================
1 2 3 4 5 6A 6B 7 8 9 10 11 12 13 14 15 16 17 18
12Z AVG MX 2MIN
DY MAX MIN AVG DEP HDD CDD WTR SNW DPTH SPD SPD DIR MIN PSBL S-S WX SPD DR
================================================================================
1 93 71 82 -1 0 17 0.00 0.0 0 7.6 17 140 M M 2 23 110
2 88 76 82 -1 0 17 0.14 0.0 0 2.5 9 140 M M 5 18 11 120
3 98 77 88 5 0 23 T 0.0 0 7.9 14 170 M M 3 18 250
4 98 75 87 4 0 22 T 0.0 0 8.1 16 210 M M 1 21 180
5 98 75 87 4 0 22 0.00 0.0 0 8.1 16 220 M M 1 21 200
6 100 76 88 5 0 23 0.00 0.0 0 8.0 15 190 M M 0 22 180
7 100 78 89 6 0 24 0.00 0.0 0 7.9 16 190 M M 1 21 180
8 102 80 91 8 0 26 0.00 0.0 0 8.2 15 150 M M 0 19 240
9 107 81 94 10 0 29 0.00 0.0 0 6.8 15 340 M M 1 21 250
10 101 77 89 5 0 24 0.00 0.0 0 7.3 15 70 M M 1 19 90
11 101 77 89 5 0 24 0.00 0.0 0 5.7 13 60 M M 3 16 80
12 104 76 90 6 0 25 0.00 0.0 0 5.8 15 90 M M 0 20 60
13 105 75 90 6 0 25 T 0.0 0 4.6 29 90 M M 1 37 100
14 96 72 84 0 0 19 0.59 T 0 5.9 18 160 M M 2 15 26 180
15 98 72 85 1 0 20 T 0.0 0 5.9 16 150 M M 2 19 180
16 98 75 87 3 0 22 0.00 0.0 0 6.1 14 170 M M 0 17 170
17 100 79 90 6 0 25 0.00 0.0 0 8.8 17 200 M M 0 22 250
18 100 80 90 6 0 25 0.00 0.0 0 10.1 20 200 M M 1 26 220
19 102 80 91 7 0 26 0.00 0.0 0 12.4 21 200 M M 0 26 210
20 104 79 92 8 0 27 0.00 0.0 0 8.9 20 210 M M 0 24 220
21 97 77 87 3 0 22 0.00 0.0 0 8.3 16 60 M M 1 20 50
22 82 73 78 -6 0 13 0.69 0.0 0 5.8 23 160 M M 3 138 27 170
23 97 71 84 0 0 19 T 0.0 0 6.9 15 160 M M 2 1 20 200
24 98 77 88 3 0 23 0.00 0.0 0 8.0 15 200 M M 1 19 200
25 100 77 89 4 0 24 0.00 0.0 0 7.9 16 160 M M 0 21 180
26 98 77 88 3 0 23 0.00 0.0 0 8.2 15 210 M M 0 20 160
27 100 77 89 4 0 24 0.00 0.0 0 9.4 21 170 M M 1 27 180
28 100 77 89 4 0 24 0.00 0.0 0 8.5 18 190 M M 1 21 190
29 100 78 89 4 0 24 0.00 0.0 0 8.8 18 80 M M 1 24 60
30 101 77 89 4 0 24 0.18 0.0 0 7.9 16 210 M M 2 20 200
31 99 78 89 4 0 24 T 0.0 0 8.5 20 230 M M 1 24 220
================================================================================
SM 3065 2370 0 709 1.60 T 234.8 M 37
================================================================================
AV 98.9 76.5 7.6 FASTST M M 1 MAX(MPH)
MISC ----> 29 90 37 100
================================================================================
NOTES:
# LAST OF SEVERAL OCCURRENCES
COLUMN 17 PEAK WIND IN M.P.H.
PRELIMINARY LOCAL CLIMATOLOGICAL DATA (WS FORM: F-6) , PAGE 2
STATION: LONGVIEW
MONTH: JULY
YEAR: 2022
LATITUDE: 32 22 N
LONGITUDE: 94 43 W
[TEMPERATURE DATA] [PRECIPITATION DATA] SYMBOLS USED IN COLUMN 16
AVERAGE MONTHLY: 87.7 TOTAL FOR MONTH: 1.60 1 = FOG OR MIST
DPTR FM NORMAL: 3.8 DPTR FM NORMAL: -0.86 2 = FOG REDUCING VISIBILITY
HIGHEST: 107 ON 9 GRTST 24HR 0.69 ON 22-22 TO 1/4 MILE OR LESS
LOWEST: 71 ON 23, 1 3 = THUNDER
SNOW, ICE PELLETS, HAIL 4 = ICE PELLETS
TOTAL MONTH: T 5 = HAIL
GRTST 24HR T ON 14-14 6 = FREEZING RAIN OR DRIZZLE
GRTST DEPTH: 0 7 = DUSTSTORM OR SANDSTORM:
VSBY 1/2 MILE OR LESS
8 = SMOKE OR HAZE
[NO. OF DAYS WITH] [WEATHER - DAYS WITH] 9 = BLOWING SNOW
X = TORNADO
MAX 32 OR BELOW: 0 0.01 INCH OR MORE: 4
MAX 90 OR ABOVE: 29 0.10 INCH OR MORE: 4
MIN 32 OR BELOW: 0 0.50 INCH OR MORE: 2
MIN 0 OR BELOW: 0 1.00 INCH OR MORE: 0
[HDD (BASE 65) ]
TOTAL THIS MO. 0 CLEAR (SCALE 0-3) 29
DPTR FM NORMAL 0 PTCLDY (SCALE 4-7) 2
TOTAL FM JUL 1 0 CLOUDY (SCALE 8-10) 0
DPTR FM NORMAL 0
[CDD (BASE 65) ]
TOTAL THIS MO. 709
DPTR FM NORMAL 122 [PRESSURE DATA]
TOTAL FM JAN 1 1842 HIGHEST SLP 30.10 ON 31
DPTR FM NORMAL 365 LOWEST SLP 29.75 ON 11
[REMARKS]
#FINAL-07-22#