000
CXUS54 KSHV 011400
CF6GGG
PRELIMINARY LOCAL CLIMATOLOGICAL DATA (WS FORM: F-6)
STATION: LONGVIEW
MONTH: JANUARY
YEAR: 2024
LATITUDE: 32 22 N
LONGITUDE: 94 43 W
TEMPERATURE IN F: :PCPN: SNOW: WIND :SUNSHINE: SKY :PK WND
================================================================================
1 2 3 4 5 6A 6B 7 8 9 10 11 12 13 14 15 16 17 18
12Z AVG MX 2MIN
DY MAX MIN AVG DEP HDD CDD WTR SNW DPTH SPD SPD DIR MIN PSBL S-S WX SPD DR
================================================================================
1 53 35 44 -3 21 0 0.00 0.0 0 6.2 14 70 M M 1 23 50
2 55 29 42 -5 23 0 0.27 0.0 0 5.1 12 330 M M 2 17 90
3 58 37 48 1 17 0 0.02 0.0 0 3.0 13 90 M M 5 1 19 80
4 59 31 45 -2 20 0 0.00 0.0 0 5.8 16 90 M M 1 12 21 90
5 47 40 44 -3 21 0 0.73 0.0 0 6.1 16 80 M M 10 1 22 90
6 51 35 43 -4 22 0 T 0.0 0 5.1 13 230 M M 8 18 17 240
7 61 31 46 -1 19 0 0.00 0.0 0 6.6 15 140 M M 0 1 20 100
8 60 47 54 7 11 0 0.32 0.0 0 12.6 26 250 M M 9 13 40 240
9 51 30 41 -6 24 0 0.00 0.0 0 14.9 31 290 M M 4 51 280
10 66 29 48 1 17 0 0.00 0.0 0 12.3 26 220 M M 0 40 200
11 70 47 59 12 6 0 0.00 0.0 0 11.0 20 180 M M 6 1 26 170
12 69 28 49 2 16 0 0.23 0.0 0 14.2 31 290 M M 4 3 45 280
13 60 24 42 -5 23 0 0.00 0.0 0 8.6 22 190 M M 0 30 210
14 30 23 27 -20 38 0 0.03 0.1 0 9.5 17 330 M M 9 146 22 330
15 23 18 21 -26 44 0 0.06 0.2 T 8.6 17 340 M M 10 146 25 330
16 27 13 20 -27 45 0 0.00 0.0 T 8.4 18 340 M M 0 1 26 350
17 44 11 28 -19 37 0 0.00 0.0 T 7.4 16 190 M M 1 22 180
18 67 38 53 6 12 0 0.00 0.0 0 9.9 23 230 M M 5 31 220
19 44 27 36 -11 29 0 0.00 0.0 0 10.7 20 320 M M 0 27 360
20 41 21 31 -17 34 0 0.00 0.0 0 6.9 13 60 M M 0 20 70
21 39 26 33 -15 32 0 T 0.0 0 8.1 14 110 M M 8 20 110
22 56 38 47 -1 18 0 1.86 0.0 0 9.6 18 130 M M 10 1 25 120
23 62 56 59 11 6 0 4.08 0.0 0 5.6 15 130 M M 10 13 20 140
24 63 57 60 12 5 0 0.72 0.0 0 3.4 18 80 M M 10 1 23 140
25 59 46 53 5 12 0 0.29 0.0 0 6.0 17 300 M M 9 1 21 290
26 60 48 54 6 11 0 0.28 0.0 0 4.6 14 90 M M 10 12 19 30
27 54 41 48 0 17 0 0.05 0.0 0 11.8 23 310 M M 10 1 30 310
28 62 38 50 2 15 0 0.00 0.0 0 6.9 16 320 M M 4 22 340
29 70 35 53 5 12 0 0.00 0.0 0 4.4 13 210 M M 0 19 190
30 78 42 60 12 5 0 0.00 0.0 0 5.9 16 290 M M 0 24 290
31 74 40 57 8 8 0 0.00 0.0 0 2.2 13 110 M M 0 16 120
================================================================================
SM 1713 1061 620 0 8.94 0.3 241.4 M 146
================================================================================
AV 55.3 34.2 7.8 FASTST M M 5 MAX(MPH)
MISC ----> # 31 290 51 280
================================================================================
NOTES:
# LAST OF SEVERAL OCCURRENCES
COLUMN 17 PEAK WIND IN M.P.H.
PRELIMINARY LOCAL CLIMATOLOGICAL DATA (WS FORM: F-6) , PAGE 2
STATION: LONGVIEW
MONTH: JANUARY
YEAR: 2024
LATITUDE: 32 22 N
LONGITUDE: 94 43 W
[TEMPERATURE DATA] [PRECIPITATION DATA] SYMBOLS USED IN COLUMN 16
AVERAGE MONTHLY: 44.7 TOTAL FOR MONTH: 8.94 1 = FOG OR MIST
DPTR FM NORMAL: -2.8 DPTR FM NORMAL: 5.32 2 = FOG REDUCING VISIBILITY
HIGHEST: 78 ON 30 GRTST 24HR 4.08 ON 23-23 TO 1/4 MILE OR LESS
LOWEST: 11 ON 17 3 = THUNDER
SNOW, ICE PELLETS, HAIL 4 = ICE PELLETS
TOTAL MONTH: 0.3 INCH 5 = HAIL
GRTST 24HR 0.2 ON 15-15 6 = FREEZING RAIN OR DRIZZLE
GRTST DEPTH: T 7 = DUSTSTORM OR SANDSTORM:
VSBY 1/2 MILE OR LESS
8 = SMOKE OR HAZE
[NO. OF DAYS WITH] [WEATHER - DAYS WITH] 9 = BLOWING SNOW
X = TORNADO
MAX 32 OR BELOW: 3 0.01 INCH OR MORE: 13
MAX 90 OR ABOVE: 0 0.10 INCH OR MORE: 9
MIN 32 OR BELOW: 14 0.50 INCH OR MORE: 4
MIN 0 OR BELOW: 0 1.00 INCH OR MORE: 2
[HDD (BASE 65) ]
TOTAL THIS MO. 620 CLEAR (SCALE 0-3) 13
DPTR FM NORMAL 72 PTCLDY (SCALE 4-7) 7
TOTAL FM JUL 1 1353 CLOUDY (SCALE 8-10) 11
DPTR FM NORMAL -60
[CDD (BASE 65) ]
TOTAL THIS MO. 0
DPTR FM NORMAL -5 [PRESSURE DATA]
TOTAL FM JAN 1 0 HIGHEST SLP 30.64 ON 20
DPTR FM NORMAL -5 LOWEST SLP 29.41 ON 12
[REMARKS]
#FINAL-01-24#