000
CXUS54 KSHV 011300
CF6GGG
PRELIMINARY LOCAL CLIMATOLOGICAL DATA (WS FORM: F-6)
STATION: LONGVIEW
MONTH: OCTOBER
YEAR: 2021
LATITUDE: 32 22 N
LONGITUDE: 94 43 W
TEMPERATURE IN F: :PCPN: SNOW: WIND :SUNSHINE: SKY :PK WND
================================================================================
1 2 3 4 5 6A 6B 7 8 9 10 11 12 13 14 15 16 17 18
12Z AVG MX 2MIN
DY MAX MIN AVG DEP HDD CDD WTR SNW DPTH SPD SPD DIR MIN PSBL S-S WX SPD DR
================================================================================
1 79 67 73 0 0 8 T 0.0 0 4.1 13 150 M M 7 1 16 160
2 89 71 80 8 0 15 0.00 0.0 0 4.3 15 300 M M 6 19 260
3 89 66 78 6 0 13 0.05 0.0 0 4.7 14 300 M M 3 18 19 330
4 88 60 74 2 0 9 0.00 0.0 0 3.9 14 330 M M 2 19 340
5 88 57 73 2 0 8 0.00 0.0 0 2.9 15 350 M M 1 20 50
6 89 57 73 2 0 8 0.00 0.0 0 2.6 10 310 M M 1 16 10
7 91 57 74 4 0 9 0.00 0.0 0 3.7 12 260 M M 0 15 260
8 93 64 79 9 0 14 0.00 0.0 0 6.4 15 200 M M 0 18 200
9 93 62 78 8 0 13 0.00 0.0 0 8.2 18 160 M M 0 23 210
10 93 66 80 11 0 15 0.01 0.0 0 13.5 25 170 M M 4 36 160
11 83 61 72 3 0 7 0.29 0.0 0 6.3 21 180 M M 2 3 26 280
12 81 59 70 2 0 5 0.01 0.0 0 6.8 21 150 M M 4 27 160
13 91 75 83 15 0 18 0.01 0.0 0 11.9 28 140 M M 4 35 140
14 81 72 77 9 0 12 0.07 0.0 0 6.1 14 170 M M 6 1 18 180
15 88 59 74 7 0 9 0.00 0.0 0 10.6 22 330 M M 5 30 320
16 75 47 61 -6 4 0 0.00 0.0 0 5.7 15 330 M M 0 22 50
17 75 40 58 -9 7 0 0.00 0.0 0 1.9 12 100 M M 0 14 100
18 77 44 61 -5 4 0 0.00 0.0 0 4.6 12 160 M M 1 1 17 170
19 81 48 65 -1 0 0 0.00 0.0 0 5.1 13 140 M M 0 17 170
20 87 55 71 5 0 6 0.00 0.0 0 3.3 13 250 M M 1 16 230
21 89 60 75 10 0 10 0.00 0.0 0 4.0 13 330 M M 1 16 320
22 86 54 70 5 0 5 0.00 0.0 0 4.2 14 110 M M 1 19 120
23 87 62 75 11 0 10 0.00 0.0 0 9.2 18 160 M M 4 18 22 180
24 90 65 78 14 0 13 0.00 0.0 0 11.0 25 190 M M 2 33 220
25 92 65 79 15 0 14 0.00 0.0 0 4.2 9 90 M M 2 13 110
26 83 65 74 11 0 9 T 0.0 0 10.4 17 150 M M 6 23 150
27 77 59 68 5 0 3 0.85 0.0 0 10.5 26 280 M M 5 13 36 280
28 73 59 66 4 0 1 0.00 0.0 0 19.6 40 320 M M 6 55 320
29 68 48 58 -4 7 0 0.00 0.0 0 12.8 28 330 M M 4 39 330
30 75 41 58 -4 7 0 0.00 0.0 0 4.7 15 280 M M 0 19 300
31 80 40 60 -1 5 0 0.00 0.0 0 0.8 9 60 M M 0 19 210
================================================================================
SM 2611 1805 34 234 1.29 0.0 208.0 M 78
================================================================================
AV 84.2 58.2 6.7 FASTST M M 3 MAX(MPH)
MISC ----> 40 320 55 320
================================================================================
NOTES:
# LAST OF SEVERAL OCCURRENCES
COLUMN 17 PEAK WIND IN M.P.H.
PRELIMINARY LOCAL CLIMATOLOGICAL DATA (WS FORM: F-6) , PAGE 2
STATION: LONGVIEW
MONTH: OCTOBER
YEAR: 2021
LATITUDE: 32 22 N
LONGITUDE: 94 43 W
[TEMPERATURE DATA] [PRECIPITATION DATA] SYMBOLS USED IN COLUMN 16
AVERAGE MONTHLY: 71.2 TOTAL FOR MONTH: 1.29 1 = FOG OR MIST
DPTR FM NORMAL: 4.2 DPTR FM NORMAL: -2.66 2 = FOG REDUCING VISIBILITY
HIGHEST: 93 ON 10, 9 GRTST 24HR 0.85 ON 27-27 TO 1/4 MILE OR LESS
LOWEST: 40 ON 31,17 3 = THUNDER
SNOW, ICE PELLETS, HAIL 4 = ICE PELLETS
TOTAL MONTH: 0.0 INCH 5 = HAIL
GRTST 24HR 0.0 6 = FREEZING RAIN OR DRIZZLE
GRTST DEPTH: 0 7 = DUSTSTORM OR SANDSTORM:
VSBY 1/2 MILE OR LESS
8 = SMOKE OR HAZE
[NO. OF DAYS WITH] [WEATHER - DAYS WITH] 9 = BLOWING SNOW
X = TORNADO
MAX 32 OR BELOW: 0 0.01 INCH OR MORE: 7
MAX 90 OR ABOVE: 7 0.10 INCH OR MORE: 2
MIN 32 OR BELOW: 0 0.50 INCH OR MORE: 1
MIN 0 OR BELOW: 0 1.00 INCH OR MORE: 0
[HDD (BASE 65) ]
TOTAL THIS MO. 34 CLEAR (SCALE 0-3) 18
DPTR FM NORMAL -42 PTCLDY (SCALE 4-7) 13
TOTAL FM JUL 1 34 CLOUDY (SCALE 8-10) 0
DPTR FM NORMAL -47
[CDD (BASE 65) ]
TOTAL THIS MO. 234
DPTR FM NORMAL 96 [PRESSURE DATA]
TOTAL FM JAN 1 2403 HIGHEST SLP 30.34 ON 17
DPTR FM NORMAL -175 LOWEST SLP 29.49 ON 27
[REMARKS]
#FINAL-10-21#