000
CXUS55 KGGW 010810
CF6GGW
PRELIMINARY LOCAL CLIMATOLOGICAL DATA (WS FORM: F-6)
STATION: GLASGOW MT
MONTH: SEPTEMBER
YEAR: 2021
LATITUDE: 48 13 N
LONGITUDE: 106 37 W
TEMPERATURE IN F: :PCPN: SNOW: WIND :SUNSHINE: SKY :PK WND
================================================================================
1 2 3 4 5 6A 6B 7 8 9 10 11 12 13 14 15 16 17 18
12Z AVG MX 2MIN
DY MAX MIN AVG DEP HDD CDD WTR SNW DPTH SPD SPD DIR MIN PSBL S-S WX SPD DR
================================================================================
1 80 53 67 1 0 2 0.00 0.0 0 12.5 26 320 M M 0 35 310
2 73 49 61 -5 4 0 0.00 0.0 0 10.2 20 320 M M 2 25 310
3 76 45 61 -4 4 0 0.00 0.0 0 7.0 15 250 M M 0 20 250
4 83 50 67 2 0 2 0.00 0.0 0 5.6 14 310 M M 0 21 290
5 90 53 72 8 0 7 0.00 0.0 0 7.9 20 260 M M 0 29 260
6 87 53 70 6 0 5 0.00 0.0 0 10.2 31 300 M M 1 8 44 300
7 84 50 67 3 0 2 0.00 0.0 0 8.0 17 330 M M 1 23 330
8 83 49 66 3 0 1 0.00 0.0 0 8.6 16 110 M M 0 24 160
9 92 52 72 9 0 7 0.00 0.0 0 9.3 24 260 M M 0 31 270
10 85 55 70 8 0 5 0.00 0.0 0 9.2 24 20 M M 0 32 40
11 69 56 63 1 2 0 0.01 0.0 0 14.6 23 110 M M 7 29 120
12 77 49 63 1 2 0 0.00 0.0 0 5.8 13 290 M M 4 17 250
13 74 48 61 0 4 0 T 0.0 0 9.0 20 330 M M 2 26 300
14 78 46 62 1 3 0 0.00 0.0 0 5.6 15 220 M M 4 20 230
15 81 50 66 6 0 1 0.00 0.0 0 12.0 26 310 M M 0 35 290
16 65 43 54 -6 11 0 0.00 0.0 0 11.3 29 310 M M 3 44 310
17 73 34 54 -5 11 0 0.00 0.0 0 12.0 26 170 M M 0 36 180
18 99 51 75 16 0 10 0.00 0.0 0 14.0 33 330 M M 1 45 310
19 68 48 58 0 7 0 0.00 0.0 0 9.0 21 290 M M 3 28 270
20 63 42 53 -5 12 0 0.02 0.0 0 M 21 320 M M M 28 300
21 72 37 55 -3 10 0 0.00 0.0 0 8.2 22 230 M M 0 30 240
22 89 44 67 10 0 2 0.00 0.0 0 7.9 20 240 M M 0 28 250
23 74 49 62 5 3 0 0.00 0.0 0 8.4 17 330 M M 1 21 340
24 70 43 57 1 8 0 0.00 0.0 0 7.1 14 290 M M 2 20 280
25 90 46 68 12 0 3 0.00 0.0 0 6.4 14 260 M M 0 19 240
26 86 50 68 13 0 3 0.00 0.0 0 6.8 15 120 M M 0 17 140
27 91 51 71 16 0 6 0.00 0.0 0 7.2 18 270 M M 0 25 250
28 85 52 69 15 0 4 0.00 0.0 0 13.2 29 320 M M 0 38 320
29 70 45 58 4 7 0 0.00 0.0 0 11.6 24 280 M M 2 33 320
30 76 39 58 4 7 0 0.00 0.0 0 10.3 21 150 M M 0 8 27 150
================================================================================
SM 2383 1432 95 60 0.03 0.0 268.9 M 33
================================================================================
AV 79.4 47.7 9.3 FASTST M M 1 MAX(MPH)
MISC ----> 33 330 45 310
================================================================================
NOTES:
# LAST OF SEVERAL OCCURRENCES
COLUMN 17 PEAK WIND IN M.P.H.
PRELIMINARY LOCAL CLIMATOLOGICAL DATA (WS FORM: F-6) , PAGE 2
STATION: GLASGOW MT
MONTH: SEPTEMBER
YEAR: 2021
LATITUDE: 48 13 N
LONGITUDE: 106 37 W
[TEMPERATURE DATA] [PRECIPITATION DATA] SYMBOLS USED IN COLUMN 16
AVERAGE MONTHLY: 63.6 TOTAL FOR MONTH: 0.03 1 = FOG OR MIST
DPTR FM NORMAL: 3.7 DPTR FM NORMAL: -1.03 2 = FOG REDUCING VISIBILITY
HIGHEST: 99 ON 18 GRTST 24HR 0.03 ON 20-20 TO 1/4 MILE OR LESS
LOWEST: 34 ON 17 3 = THUNDER
SNOW, ICE PELLETS, HAIL 4 = ICE PELLETS
TOTAL MONTH: 0.0 INCH 5 = HAIL
GRTST 24HR 0.0 6 = FREEZING RAIN OR DRIZZLE
GRTST DEPTH: 0 7 = DUSTSTORM OR SANDSTORM:
VSBY 1/2 MILE OR LESS
8 = SMOKE OR HAZE
[NO. OF DAYS WITH] [WEATHER - DAYS WITH] 9 = BLOWING SNOW
X = TORNADO
MAX 32 OR BELOW: 0 0.01 INCH OR MORE: 2
MAX 90 OR ABOVE: 5 0.10 INCH OR MORE: 0
MIN 32 OR BELOW: 0 0.50 INCH OR MORE: 0
MIN 0 OR BELOW: 0 1.00 INCH OR MORE: 0
[HDD (BASE 65) ]
TOTAL THIS MO. 95 CLEAR (SCALE 0-3) 25
DPTR FM NORMAL -105 PTCLDY (SCALE 4-7) 4
TOTAL FM JUL 1 129 CLOUDY (SCALE 8-10) 1
DPTR FM NORMAL -115
[CDD (BASE 65) ]
TOTAL THIS MO. 60
DPTR FM NORMAL 13 [PRESSURE DATA]
TOTAL FM JAN 1 991 HIGHEST SLP M ON M
DPTR FM NORMAL 409 LOWEST SLP 29.41 ON 18
[REMARKS]
#FINAL-09-21#