000
CXUS55 KGJT 041838
CF6GJT
PRELIMINARY LOCAL CLIMATOLOGICAL DATA (WS FORM: F-6)
STATION: GRAND JUNCTION CO
MONTH: OCTOBER
YEAR: 2021
LATITUDE: 39 7 N
LONGITUDE: 108 32 W
TEMPERATURE IN F: :PCPN: SNOW: WIND :SUNSHINE: SKY :PK WND
================================================================================
1 2 3 4 5 6A 6B 7 8 9 10 11 12 13 14 15 16 17 18
12Z AVG MX 2MIN
DY MAX MIN AVG DEP HDD CDD WTR SNW DPTH SPD SPD DIR MIN PSBL S-S WX SPD DR
================================================================================
1 68 50 59 -1 6 0 T 0.0 0 4.0 13 90 M M 5 17 110
2 74 49 62 2 3 0 0.00 0.0 0 5.3 16 130 M M 1 22 170
3 75 47 61 2 4 0 0.00 0.0 0 5.7 14 130 M M 0 17 130
4 78 48 63 4 2 0 0.00 0.0 0 6.8 15 120 M M 0 18 270
5 80 50 65 7 0 0 T 0.0 0 11.4 22 300 M M 2 28 290
6 69 53 61 3 4 0 0.11 0.0 0 7.0 16 330 M M 7 1 22 300
7 71 48 60 3 5 0 0.00 0.0 0 6.8 14 90 M M 1 17 110
8 63 50 57 0 8 0 0.10 0.0 0 9.2 20 120 M M 6 1 25 120
9 64 42 53 -3 12 0 0.03 0.0 0 6.9 23 290 M M 3 1 30 310
10 63 39 51 -5 14 0 0.00 0.0 0 4.6 13 250 M M 1 17 260
11 68 40 54 -1 11 0 0.00 0.0 0 10.8 26 130 M M 0 33 130
12 58 39 49 -6 16 0 0.18 0.0 0 13.7 33 200 M M 8 13 53 200
13 48 35 42 -12 23 0 0.08 0.0 0 4.1 12 270 M M 8 1 17 240
14 50 35 43 -11 22 0 0.24 0.0 0 6.0 23 230 M M 8 1 28 220
15 51 31 41 -13 24 0 0.00 0.0 0 3.5 10 90 M M 2 13 130
16 59 33 46 -7 19 0 0.00 0.0 0 7.4 17 130 M M 0 21 120
17 64 33 49 -4 16 0 0.00 0.0 0 5.8 16 100 M M 0 8 20 110
18 72 42 57 5 8 0 0.04 0.0 0 14.4 37 190 M M 2 48 190
19 51 34 43 -9 22 0 0.05 0.0 0 5.2 15 310 M M 6 1 19 300
20 58 32 45 -6 20 0 0.00 0.0 0 6.3 14 100 M M 0 18 90
21 62 34 48 -3 17 0 0.00 0.0 0 5.9 14 140 M M 0 17 130
22 64 33 49 -1 16 0 0.00 0.0 0 6.8 14 100 M M 0 16 110
23 63 45 54 4 11 0 0.07 0.0 0 9.5 24 130 M M 4 32 270
24 64 40 52 2 13 0 T 0.0 0 8.3 21 140 M M 2 27 140
25 77 48 63 14 2 0 0.00 0.0 0 13.9 32 170 M M 0 40 170
26 68 34 51 2 14 0 0.51 0.0 0 11.9 39 260 M M 7 1 52 270
27 52 31 42 -6 23 0 0.00 0.0 0 4.3 9 60 M M 1 13 340
28 60 32 46 -2 19 0 0.00 0.0 0 3.6 12 120 M M 0 13 120
29 61 35 48 1 17 0 0.00 0.0 0 6.4 15 120 M M 0 18 110
30 64 34 49 2 16 0 0.00 0.0 0 5.0 13 110 M M 0 14 110
31 56 40 48 2 17 0 0.00 0.0 0 5.0 14 110 M M 1 16 110
================================================================================
SM 1975 1236 404 0 1.41 0.0 225.5 M 75
================================================================================
AV 63.7 39.9 7.3 FASTST M M 2 MAX(MPH)
MISC ----> 39 260 53 200
================================================================================
NOTES:
# LAST OF SEVERAL OCCURRENCES
COLUMN 17 PEAK WIND IN M.P.H.
PRELIMINARY LOCAL CLIMATOLOGICAL DATA (WS FORM: F-6) , PAGE 2
STATION: GRAND JUNCTION CO
MONTH: OCTOBER
YEAR: 2021
LATITUDE: 39 7 N
LONGITUDE: 108 32 W
[TEMPERATURE DATA] [PRECIPITATION DATA] SYMBOLS USED IN COLUMN 16
AVERAGE MONTHLY: 51.8 TOTAL FOR MONTH: 1.41 1 = FOG OR MIST
DPTR FM NORMAL: -1.4 DPTR FM NORMAL: 0.42 2 = FOG REDUCING VISIBILITY
HIGHEST: 80 ON 5 GRTST 24HR 0.51 ON 26-26 TO 1/4 MILE OR LESS
LOWEST: 31 ON 27,15 3 = THUNDER
SNOW, ICE PELLETS, HAIL 4 = ICE PELLETS
TOTAL MONTH: 0.0 INCH 5 = HAIL
GRTST 24HR 0.0 6 = FREEZING RAIN OR DRIZZLE
GRTST DEPTH: 0 7 = DUSTSTORM OR SANDSTORM:
VSBY 1/2 MILE OR LESS
8 = SMOKE OR HAZE
[NO. OF DAYS WITH] [WEATHER - DAYS WITH] 9 = BLOWING SNOW
X = TORNADO
MAX 32 OR BELOW: 0 0.01 INCH OR MORE: 10
MAX 90 OR ABOVE: 0 0.10 INCH OR MORE: 5
MIN 32 OR BELOW: 4 0.50 INCH OR MORE: 1
MIN 0 OR BELOW: 0 1.00 INCH OR MORE: 0
[HDD (BASE 65) ]
TOTAL THIS MO. 404 CLEAR (SCALE 0-3) 21
DPTR FM NORMAL 33 PTCLDY (SCALE 4-7) 10
TOTAL FM JUL 1 439 CLOUDY (SCALE 8-10) 0
DPTR FM NORMAL 7
[CDD (BASE 65) ]
TOTAL THIS MO. 0
DPTR FM NORMAL -5 [PRESSURE DATA]
TOTAL FM JAN 1 1498 HIGHEST SLP 30.49 ON 16
DPTR FM NORMAL 265 LOWEST SLP 29.34 ON 26
[REMARKS]
#FINAL-10-21#