000
CXUS54 KFWD 010731
CF6GKY
PRELIMINARY LOCAL CLIMATOLOGICAL DATA (WS FORM: F-6)
STATION: ARLINGTON
MONTH: APRIL
YEAR: 2020
LATITUDE: 32 39 N
LONGITUDE: 97 6 W
TEMPERATURE IN F: :PCPN: SNOW: WIND :SUNSHINE: SKY :PK WND
================================================================================
1 2 3 4 5 6A 6B 7 8 9 10 11 12 13 14 15 16 17 18
12Z AVG MX 2MIN
DY MAX MIN AVG DEP HDD CDD WTR SNW DPTH SPD SPD DIR MIN PSBL S-S WX SPD DR
================================================================================
1 73 47 60 -2 5 0 0.00 0.0 0 8.3 20 130 M M 0 31 170
2 70 61 66 4 0 1 T 0.0 0 13.1 22 140 M M 6 29 140
3 69 42 56 -7 9 0 0.21 0.0 0 12.9 25 330 M M 10 18 31 320
4 50 42 46 -17 19 0 0.05 0.0 0 9.0 17 340 M M 9 18 24 330
5 68 49 59 -4 6 0 0.00 0.0 0 5.2 10 150 M M 9 128 15 130
6 73 62 68 5 0 3 T 0.0 0 4.7 17 140 M M 8 18 22 140
7 89 66 78 14 0 13 0.01 0.0 0 8.0 14 220 M M 2 1 22 220
8 97 69 83 19 0 18 0.00 0.0 0 6.8 16 230 M M 0 8 28 230
9 78 62 70 6 0 5 0.04 0.0 0 5.9 15 10 M M 2 1 21 40
10 74 59 67 3 0 2 0.00 0.0 0 9.0 16 50 M M 0 25 110
11 72 57 65 1 0 0 0.15 0.0 0 10.7 21 140 M M 7 13 31 170
12 83 47 65 1 0 0 0.43 0.0 0 10.9 31 330 M M 5 138 45 300
13 59 41 50 -15 15 0 0.00 0.0 0 12.4 23 330 M M 1 33 350
14 58 44 51 -14 14 0 0.00 0.0 0 10.9 22 360 M M 5 27 350
15 67 37 52 -13 13 0 0.00 0.0 0 3.4 10 130 M M 0 16 110
16 76 46 61 -4 4 0 0.00 0.0 0 12.3 24 140 M M 0 36 150
17 67 50 59 -7 6 0 0.00 0.0 0 10.1 18 320 M M 6 26 160
18 70 43 57 -9 8 0 T 0.0 0 6.4 14 10 M M 5 17 130
19 86 62 74 8 0 9 T 0.0 0 8.9 22 10 M M 6 138 31 300
20 78 53 66 0 0 1 0.00 0.0 0 3.5 12 150 M M 3 16 50
21 87 60 74 7 0 9 0.00 0.0 0 9.0 22 120 M M 4 28 150
22 90 69 80 13 0 15 0.01 0.0 0 12.2 24 310 M M 5 18 32 300
23 87 61 74 7 0 9 0.00 0.0 0 7.7 16 300 M M 0 24 290
24 94 62 78 11 0 13 0.00 0.0 0 11.6 25 310 M M 0 36 300
25 81 55 68 0 0 3 0.00 0.0 0 10.4 21 340 M M 0 27 340
26 85 50 68 0 0 3 0.00 0.0 0 6.1 17 150 M M 0 26 140
27 87 64 76 8 0 11 0.00 0.0 0 15.4 28 150 M M 0 41 160
28 90 65 78 10 0 13 0.76 0.0 0 12.4 24 360 M M 4 13 35 160
29 82 56 69 0 0 4 0.00 0.0 0 14.2 29 330 M M 2 3 42 340
30 84 51 68 -1 0 3 0.00 0.0 0 4.1 13 140 M M 0 17 150
================================================================================
SM 2324 1632 99 135 1.66 0.0 275.5 M 99
================================================================================
AV 77.5 54.4 9.2 FASTST M M 3 MAX(MPH)
MISC ----> # 31 330 # 45 300
================================================================================
NOTES:
# LAST OF SEVERAL OCCURRENCES
COLUMN 17 PEAK WIND IN M.P.H.
PRELIMINARY LOCAL CLIMATOLOGICAL DATA (WS FORM: F-6) , PAGE 2
STATION: ARLINGTON
MONTH: APRIL
YEAR: 2020
LATITUDE: 32 39 N
LONGITUDE: 97 6 W
[TEMPERATURE DATA] [PRECIPITATION DATA] SYMBOLS USED IN COLUMN 16
AVERAGE MONTHLY: 65.9 TOTAL FOR MONTH: 1.66 1 = FOG OR MIST
DPTR FM NORMAL: 0.5 DPTR FM NORMAL: -1.50 2 = FOG REDUCING VISIBILITY
HIGHEST: 97 ON 8 GRTST 24HR 0.76 ON 28-28 TO 1/4 MILE OR LESS
LOWEST: 37 ON 15 3 = THUNDER
SNOW, ICE PELLETS, HAIL 4 = ICE PELLETS
TOTAL MONTH: 0.0 INCH 5 = HAIL
GRTST 24HR 0.0 6 = FREEZING RAIN OR DRIZZLE
GRTST DEPTH: 0 7 = DUSTSTORM OR SANDSTORM:
VSBY 1/2 MILE OR LESS
8 = SMOKE OR HAZE
[NO. OF DAYS WITH] [WEATHER - DAYS WITH] 9 = BLOWING SNOW
X = TORNADO
MAX 32 OR BELOW: 0 0.01 INCH OR MORE: 8
MAX 90 OR ABOVE: 4 0.10 INCH OR MORE: 4
MIN 32 OR BELOW: 0 0.50 INCH OR MORE: 1
MIN 0 OR BELOW: 0 1.00 INCH OR MORE: 0
[HDD (BASE 65) ]
TOTAL THIS MO. 99 CLEAR (SCALE 0-3) 16
DPTR FM NORMAL 16 PTCLDY (SCALE 4-7) 11
TOTAL FM JUL 1 1988 CLOUDY (SCALE 8-10) 3
DPTR FM NORMAL -236
[CDD (BASE 65) ]
TOTAL THIS MO. 135
DPTR FM NORMAL 40 [PRESSURE DATA]
TOTAL FM JAN 1 236 HIGHEST SLP M ON M
DPTR FM NORMAL 98 LOWEST SLP 29.45 ON 12
[REMARKS]
#FINAL-04-20#