000
CXUS54 KJAN 011638
CF6GLH
PRELIMINARY LOCAL CLIMATOLOGICAL DATA (WS FORM: F-6)
STATION: GREENVILLE
MONTH: AUGUST
YEAR: 2021
LATITUDE: 33 29 N
LONGITUDE: 90 59 W
TEMPERATURE IN F: :PCPN: SNOW: WIND :SUNSHINE: SKY :PK WND
================================================================================
1 2 3 4 5 6A 6B 7 8 9 10 11 12 13 14 15 16 17 18
12Z AVG MX 2MIN
DY MAX MIN AVG DEP HDD CDD WTR SNW DPTH SPD SPD DIR MIN PSBL S-S WX SPD DR
================================================================================
1 97 77 87 4 0 22 T 0.0 0 5.5 17 320 M M 2 3 24 320
2 85 73 79 -4 0 14 0.93 0.0 0 4.8 20 210 M M 7 13 26 210
3 88 68 78 -5 0 13 0.00 0.0 0 5.9 14 30 M M 2 1 19 30
4 89 64 77 -6 0 12 0.00 0.0 0 7.0 15 30 M M 0 21 20
5 89 63 76 -6 0 11 0.00 0.0 0 2.9 9 40 M M 0 13 20
6 90 69 80 -2 0 15 0.00 0.0 0 2.7 9 110 M M 0 11 110
7 92 67 80 -2 0 15 0.00 0.0 0 3.8 13 240 M M 0 1 16 250
8 94 71 83 1 0 18 0.00 0.0 0 7.6 16 210 M M 2 21 200
9 94 76 85 3 0 20 0.00 0.0 0 9.6 17 230 M M 1 23 230
10 95 78 87 5 0 22 0.00 0.0 0 7.6 13 180 M M 1 20 190
11 96 77 87 5 0 22 0.00 0.0 0 7.5 13 240 M M 0 19 240
12 95 74 85 3 0 20 0.00 0.0 0 5.5 12 150 M M 0 16 170
13 96 74 85 3 0 20 0.01 0.0 0 4.2 22 60 M M 1 3 32 60
14 95 74 85 3 0 20 1.92 0.0 0 5.4 25 270 M M 3 13 33 260
15 89 73 81 -1 0 16 T 0.0 0 4.8 16 110 M M 4 23 120
16 90 72 81 -1 0 16 0.00 0.0 0 3.8 9 110 M M 5 12 110
17 94 73 84 2 0 19 0.00 0.0 0 2.6 10 260 M M 2 1 15 120
18 94 74 84 2 0 19 1.32 0.0 0 6.6 32 210 M M 4 13 46 230
19 93 74 84 2 0 19 0.42 0.0 0 4.6 35 210 M M 6 13 47 210
20 90 74 82 1 0 17 0.00 0.0 0 4.9 10 180 M M 3 15 170
21 94 76 85 4 0 20 T 0.0 0 7.7 15 260 M M 1 21 270
22 97 76 87 6 0 22 0.00 0.0 0 5.7 18 280 M M 1 3 27 280
23 98 74 86 5 0 21 0.23 0.0 0 3.0 15 150 M M 2 3 22 160
24 98 77 88 7 0 23 0.00 0.0 0 2.0 8 60 M M 2 12 70
25 97 75 86 5 0 21 0.00 0.0 0 2.8 10 50 M M 1 13 40
26 96 75 86 5 0 21 T 0.0 0 3.6 14 180 M M 2 3 17 160
27 94 72 83 3 0 18 T 0.0 0 4.2 17 130 M M 2 1 25 120
28 95 71 83 3 0 18 0.00 0.0 0 5.1 14 120 M M 1 19 130
29 94 73 84 4 0 19 T 0.0 0 8.4 17 120 M M 1 24 130
30 76 73 75 -5 0 10 T 0.0 0 18.2 32 30 M M 8 46 20
31 91 70 81 1 0 16 M 0.0 0 10.3 17 300 M M 6 25 320
================================================================================
SM 2875 2257 0 559 4.83 0.0 178.3 M 70
================================================================================
AV 92.7 72.8 5.8 FASTST M M 2 MAX(MPH)
MISC ----> 35 210 47 210
================================================================================
NOTES:
# LAST OF SEVERAL OCCURRENCES
COLUMN 17 PEAK WIND IN M.P.H.
PRELIMINARY LOCAL CLIMATOLOGICAL DATA (WS FORM: F-6) , PAGE 2
STATION: GREENVILLE
MONTH: AUGUST
YEAR: 2021
LATITUDE: 33 29 N
LONGITUDE: 90 59 W
[TEMPERATURE DATA] [PRECIPITATION DATA] SYMBOLS USED IN COLUMN 16
AVERAGE MONTHLY: 82.8 TOTAL FOR MONTH: 4.83 1 = FOG OR MIST
DPTR FM NORMAL: 1.2 DPTR FM NORMAL: 2.00 2 = FOG REDUCING VISIBILITY
HIGHEST: 98 ON 24,23 GRTST 24HR 1.92 ON 14-14 TO 1/4 MILE OR LESS
LOWEST: 63 ON 5 3 = THUNDER
SNOW, ICE PELLETS, HAIL 4 = ICE PELLETS
TOTAL MONTH: 0.0 INCH 5 = HAIL
GRTST 24HR 0.0 6 = FREEZING RAIN OR DRIZZLE
GRTST DEPTH: 0 7 = DUSTSTORM OR SANDSTORM:
VSBY 1/2 MILE OR LESS
8 = SMOKE OR HAZE
[NO. OF DAYS WITH] [WEATHER - DAYS WITH] 9 = BLOWING SNOW
X = TORNADO
MAX 32 OR BELOW: 0 0.01 INCH OR MORE: 6
MAX 90 OR ABOVE: 25 0.10 INCH OR MORE: 5
MIN 32 OR BELOW: 0 0.50 INCH OR MORE: 3
MIN 0 OR BELOW: 0 1.00 INCH OR MORE: 2
[HDD (BASE 65) ]
TOTAL THIS MO. 0 CLEAR (SCALE 0-3) 24
DPTR FM NORMAL 0 PTCLDY (SCALE 4-7) 7
TOTAL FM JUL 1 0 CLOUDY (SCALE 8-10) 0
DPTR FM NORMAL 0
[CDD (BASE 65) ]
TOTAL THIS MO. 559
DPTR FM NORMAL 45 [PRESSURE DATA]
TOTAL FM JAN 1 1852 HIGHEST SLP 30.17 ON 14
DPTR FM NORMAL 15 LOWEST SLP 29.54 ON 30
[REMARKS]
#FINAL-08-21#