000
CXUS54 KJAN 012348
CF6GLH
PRELIMINARY LOCAL CLIMATOLOGICAL DATA (WS FORM: F-6)
STATION: GREENVILLE
MONTH: NOVEMBER
YEAR: 2020
LATITUDE: 33 29 N
LONGITUDE: 90 59 W
TEMPERATURE IN F: :PCPN: SNOW: WIND :SUNSHINE: SKY :PK WND
================================================================================
1 2 3 4 5 6A 6B 7 8 9 10 11 12 13 14 15 16 17 18
12Z AVG MX 2MIN
DY MAX MIN AVG DEP HDD CDD WTR SNW DPTH SPD SPD DIR MIN PSBL S-S WX SPD DR
================================================================================
1 71 44 58 -1 7 0 0.00 0.0 0 8.8 23 360 M M 0 30 10
2 62 36 49 -10 16 0 0.00 0.0 0 4.4 12 60 M M 0 16 60
3 70 36 53 -6 12 0 0.00 0.0 0 4.9 12 260 M M 0 1 20 260
4 76 42 59 1 6 0 0.00 0.0 0 4.6 10 170 M M 0 14 140
5 74 47 61 3 4 0 0.00 0.0 0 4.0 10 180 M M 0 17 180
6 78 44 61 3 4 0 0.00 0.0 0 4.9 13 80 M M 2 1 17 70
7 82 57 70 13 0 5 0.00 0.0 0 5.8 14 100 M M 2 20 100
8 84 65 75 18 0 10 0.00 0.0 0 9.5 20 120 M M 2 28 130
9 75 61 68 12 0 3 0.00 0.0 0 5.7 16 120 M M 4 1 22 130
10 80 59 70 14 0 5 0.00 0.0 0 3.8 13 150 M M 7 12 16 180
11 74 50 62 6 3 0 T 0.0 0 9.9 18 10 M M 6 12 25 10
12 73 44 59 4 6 0 0.00 0.0 0 4.6 13 20 M M 0 8 16 20
13 72 50 61 6 4 0 0.00 0.0 0 6.7 15 30 M M 2 8 20 40
14 81 48 65 11 0 0 0.00 0.0 0 13.2 26 180 M M 4 34 180
15 72 40 56 2 9 0 0.15 0.0 0 10.6 31 330 M M 3 39 330
16 69 36 53 -1 12 0 0.00 0.0 0 1.4 10 90 M M 0 8 15 90
17 70 38 54 1 11 0 0.00 0.0 0 9.0 23 40 M M 0 30 40
18 72 36 54 1 11 0 0.00 0.0 0 7.0 13 120 M M 0 8 17 120
19 74 43 59 7 6 0 0.00 0.0 0 10.2 17 190 M M 0 25 170
20 78 48 63 11 2 0 0.00 0.0 0 5.9 15 160 M M 2 8 19 170
21 77 49 63 11 2 0 0.00 0.0 0 3.2 10 150 M M 2 8 14 160
22 74 50 62 11 3 0 T 0.0 0 9.9 22 360 M M 6 18 32 360
23 62 37 50 -1 15 0 0.00 0.0 0 7.6 16 70 M M 1 22 70
24 71 35 53 2 12 0 0.00 0.0 0 10.9 25 160 M M 2 35 160
25 70 44 57 7 8 0 0.35 0.0 0 12.7 32 240 M M 4 1 43 230
26 66 37 52 2 13 0 0.00 0.0 0 2.7 8 80 M M 0 12 11 80
27 62 47 55 5 10 0 0.40 0.0 0 5.4 20 330 M M 9 13 24 330
28 55 46 51 2 14 0 0.00 0.0 0 9.7 17 20 M M 2 23 20
29 50 44 47 -2 18 0 1.04 0.0 0 8.4 20 330 M M 10 1 26 20
30 48 28 38 -11 27 0 0.00 0.0 0 13.6 26 330 M M 3 34 310
================================================================================
SM 2122 1341 235 23 1.94 0.0 219.0 M 73
================================================================================
AV 70.7 44.7 7.3 FASTST M M 2 MAX(MPH)
MISC ----> # 32 240 # 43 230
================================================================================
NOTES:
# LAST OF SEVERAL OCCURRENCES
COLUMN 17 PEAK WIND IN M.P.H.
PRELIMINARY LOCAL CLIMATOLOGICAL DATA (WS FORM: F-6) , PAGE 2
STATION: GREENVILLE
MONTH: NOVEMBER
YEAR: 2020
LATITUDE: 33 29 N
LONGITUDE: 90 59 W
[TEMPERATURE DATA] [PRECIPITATION DATA] SYMBOLS USED IN COLUMN 16
AVERAGE MONTHLY: 57.7 TOTAL FOR MONTH: 1.94 1 = FOG OR MIST
DPTR FM NORMAL: 3.9 DPTR FM NORMAL: -3.12 2 = FOG REDUCING VISIBILITY
HIGHEST: 84 ON 8 GRTST 24HR 1.04 ON 29-29 TO 1/4 MILE OR LESS
LOWEST: 28 ON 30 3 = THUNDER
SNOW, ICE PELLETS, HAIL 4 = ICE PELLETS
TOTAL MONTH: 0.0 INCH 5 = HAIL
GRTST 24HR 0.0 6 = FREEZING RAIN OR DRIZZLE
GRTST DEPTH: 0 7 = DUSTSTORM OR SANDSTORM:
VSBY 1/2 MILE OR LESS
8 = SMOKE OR HAZE
[NO. OF DAYS WITH] [WEATHER - DAYS WITH] 9 = BLOWING SNOW
X = TORNADO
MAX 32 OR BELOW: 0 0.01 INCH OR MORE: 4
MAX 90 OR ABOVE: 0 0.10 INCH OR MORE: 4
MIN 32 OR BELOW: 1 0.50 INCH OR MORE: 1
MIN 0 OR BELOW: 0 1.00 INCH OR MORE: 1
[HDD (BASE 65) ]
TOTAL THIS MO. 235 CLEAR (SCALE 0-3) 21
DPTR FM NORMAL -113 PTCLDY (SCALE 4-7) 7
TOTAL FM JUL 1 333 CLOUDY (SCALE 8-10) 2
DPTR FM NORMAL -129
[CDD (BASE 65) ]
TOTAL THIS MO. 23
DPTR FM NORMAL 11 [PRESSURE DATA]
TOTAL FM JAN 1 2285 HIGHEST SLP M ON M
DPTR FM NORMAL 99 LOWEST SLP 29.83 ON M
[REMARKS]
#FINAL-11-20#