000
CXUS53 KAPX 010730
CF6GLR
PRELIMINARY LOCAL CLIMATOLOGICAL DATA (WS FORM: F-6)
STATION: GAYLORD
MONTH: APRIL
YEAR: 2022
LATITUDE: 45 0 N
LONGITUDE: 84 42 W
TEMPERATURE IN F: :PCPN: SNOW: WIND :SUNSHINE: SKY :PK WND
================================================================================
1 2 3 4 5 6A 6B 7 8 9 10 11 12 13 14 15 16 17 18
12Z AVG MX 2MIN
DY MAX MIN AVG DEP HDD CDD WTR SNW DPTH SPD SPD DIR MIN PSBL S-S WX SPD DR
================================================================================
1 33 22 28 -6 37 0 0.01 M M 6.6 15 290 M M 9 1 30 350
2 42 17 30 -4 35 0 0.11 M M 3.8 13 200 M M 7 12 17 200
3 40 30 35 0 30 0 0.01 M M 2.5 9 300 M M 9 1 13 310
4 38 31 35 0 30 0 0.05 M M 8.5 16 130 M M 9 1 23 120
5 44 33 39 3 26 0 0.00 M M 5.3 14 120 M M 10 12 23 120
6 47 36 42 6 23 0 0.68 M M 8.7 20 260 M M 7 1 29 150
7 45 36 41 4 24 0 0.02 M M 8.4 16 230 M M 10 1 23 210
8 39 28 34 -3 31 0 0.01 M M 5.4 13 280 M M 10 18 22 280
9 34 26 30 -7 35 0 T M M 7.2 13 270 M M 9 18 23 300
10 55 25 40 2 25 0 0.00 M M 7.3 18 160 M M 2 26 150
11 60 35 48 10 17 0 0.09 M M 12.7 28 240 M M 2 42 250
12 61 31 46 7 19 0 0.04 M M 5.4 16 150 M M 2 22 160
13 69 42 56 17 9 0 0.29 M M 6.8 13 130 M M 10 123 21 70
14 50 34 42 2 23 0 0.15 M M 23.0 40 230 M M 8 128 58 240
15 36 21 29 -11 36 0 0.01 M M 15.1 33 250 M M 8 128 46 250
16 30 22 26 -14 39 0 0.01 M M 6.7 16 280 M M 10 8 27 260
17 45 23 34 -7 31 0 0.00 M M 4.5 14 140 M M 4 20 130
18 35 27 31 -10 34 0 0.16 M M 4.9 10 150 M M 8 128 14 130
19 36 29 33 -9 32 0 0.01 M M 8.1 13 320 M M 10 1 30 310
20 52 23 38 -4 27 0 0.07 M M 9.6 20 170 M M 6 33 170
21 54 37 46 3 19 0 0.24 M M 12.7 30 270 M M 7 1 45 250
22 57 26 42 -1 23 0 0.00 M M 7.0 16 140 M M 2 22 140
23 71 39 55 11 10 0 0.41 M M 9.7 20 150 M M 5 13 28 140
24 73 49 61 17 4 0 0.09 M M 14.3 29 210 M M 4 40 220
25 53 38 46 2 19 0 T M M 10.3 20 260 M M 6 18 27 270
26 38 24 31 -14 34 0 0.01 M M 6.8 13 280 M M 10 18 21 280
27 40 22 31 -14 34 0 T M M 5.9 15 290 M M 5 23 340
28 56 20 38 -8 27 0 0.00 M M 4.1 12 60 M M 0 16 90
29 61 31 46 0 19 0 0.00 M M 8.5 18 170 M M 0 25 180
30 63 36 50 3 15 0 0.01 M M 13.4 26 130 M M 4 38 140
================================================================================
SM 1457 893 767 0 2.48 M 253.2 M 193
================================================================================
AV 48.6 29.8 8.4 FASTST M M 6 MAX(MPH)
MISC ----> 40 230 58 240
================================================================================
NOTES:
# LAST OF SEVERAL OCCURRENCES
COLUMN 17 PEAK WIND IN M.P.H.
PRELIMINARY LOCAL CLIMATOLOGICAL DATA (WS FORM: F-6) , PAGE 2
STATION: GAYLORD
MONTH: APRIL
YEAR: 2022
LATITUDE: 45 0 N
LONGITUDE: 84 42 W
[TEMPERATURE DATA] [PRECIPITATION DATA] SYMBOLS USED IN COLUMN 16
AVERAGE MONTHLY: 39.2 TOTAL FOR MONTH: 2.48 1 = FOG OR MIST
DPTR FM NORMAL: -1.1 DPTR FM NORMAL: -0.25 2 = FOG REDUCING VISIBILITY
HIGHEST: 73 ON 24 GRTST 24HR 0.68 ON 6- 6 TO 1/4 MILE OR LESS
LOWEST: 17 ON 2 3 = THUNDER
SNOW, ICE PELLETS, HAIL 4 = ICE PELLETS
TOTAL MONTH: M 5 = HAIL
GRTST 24HR M ON M 6 = FREEZING RAIN OR DRIZZLE
GRTST DEPTH: M ON M 7 = DUSTSTORM OR SANDSTORM:
VSBY 1/2 MILE OR LESS
8 = SMOKE OR HAZE
[NO. OF DAYS WITH] [WEATHER - DAYS WITH] 9 = BLOWING SNOW
X = TORNADO
MAX 32 OR BELOW: 1 0.01 INCH OR MORE: 21
MAX 90 OR ABOVE: 0 0.10 INCH OR MORE: 7
MIN 32 OR BELOW: 19 0.50 INCH OR MORE: 1
MIN 0 OR BELOW: 0 1.00 INCH OR MORE: 0
[HDD (BASE 65) ]
TOTAL THIS MO. 767 CLEAR (SCALE 0-3) 6
DPTR FM NORMAL 25 PTCLDY (SCALE 4-7) 13
TOTAL FM JUL 1 7288 CLOUDY (SCALE 8-10) 11
DPTR FM NORMAL -557
[CDD (BASE 65) ]
TOTAL THIS MO. 0
DPTR FM NORMAL -1 [PRESSURE DATA]
TOTAL FM JAN 1 0 HIGHEST SLP 30.54 ON 22
DPTR FM NORMAL -1 LOWEST SLP 29.31 ON 14
[REMARKS]
#FINAL-04-22#