000
CXUS53 KAPX 010830
CF6GLR
PRELIMINARY LOCAL CLIMATOLOGICAL DATA (WS FORM: F-6)
STATION: GAYLORD
MONTH: FEBRUARY
YEAR: 2022
LATITUDE: 45 0 N
LONGITUDE: 84 42 W
TEMPERATURE IN F: :PCPN: SNOW: WIND :SUNSHINE: SKY :PK WND
================================================================================
1 2 3 4 5 6A 6B 7 8 9 10 11 12 13 14 15 16 17 18
12Z AVG MX 2MIN
DY MAX MIN AVG DEP HDD CDD WTR SNW DPTH SPD SPD DIR MIN PSBL S-S WX SPD DR
================================================================================
1 45 22 34 18 31 0 0.00 M M 17.5 23 210 M M 3 36 280
2 31 14 23 7 42 0 T M M 6.8 17 270 M M 9 26 270
3 14 1 8 -8 57 0 0.00 M M 4.8 12 50 M M 1 8 18 20
4 15 -19 -2 -19 67 0 T M M 2.0 7 40 M M 3 8 11 30
5 20 -3 9 -8 56 0 T M M 8.2 21 200 M M 8 8 32 190
6 35 18 27 10 38 0 T M M 9.2 18 210 M M 10 8 28 200
7 31 16 24 7 41 0 0.01 M M 5.3 15 270 M M 10 18 24 270
8 30 18 24 7 41 0 T M M 8.3 16 170 M M 7 18 23 170
9 36 23 30 13 35 0 0.01 M M 11.2 21 230 M M 10 18 29 260
10 27 23 25 8 40 0 T M M 10.9 20 230 M M 10 8 27 210
11 39 15 27 10 38 0 0.04 M M 13.0 24 250 M M 10 18 34 250
12 15 -13 1 -17 64 0 T M M 5.3 16 310 M M 4 8 31 280
13 13 -15 -1 -19 66 0 T M M 1.2 8 30 M M 3 8 12 320
14 17 -20 -1 -19 66 0 T M M 5.0 16 180 M M 7 8 19 160
15 25 10 18 0 47 0 T M M 7.9 23 170 M M 7 1 33 150
16 45 22 34 16 31 0 0.34 M M 14.5 26 240 M M 6 18 38 240
17 31 11 21 3 44 0 T M M 6.7 13 340 M M 10 18 23 350
18 25 9 17 -2 48 0 0.06 M M 11.0 26 200 M M 9 128 49 250
19 19 10 15 -4 50 0 0.04 M M 13.5 24 270 M M 9 43 280
20 44 14 29 10 36 0 T M M 17.3 36 250 M M 5 52 250
21 28 16 22 2 43 0 T M M 8.9 16 50 M M 9 8 25 110
22 19 11 15 -5 50 0 0.25 M M 9.8 21 50 M M 10 168 32 50
23 16 -2 7 -13 58 0 T M M 6.2 17 310 M M 4 8 33 300
24 23 -4 10 -10 55 0 T M M 4.7 15 50 M M 5 8 24 60
25 22 11 17 -4 48 0 0.05 M M 5.8 15 50 M M 6 8 22 50
26 28 10 19 -2 46 0 T M M 17.9 31 250 M M 5 42 250
27 28 11 20 -1 45 0 T M M 9.5 22 260 M M 5 36 250
28 25 6 16 -6 49 0 T M M 6.6 16 150 M M 9 8 23 160
================================================================================
SM 746 215 1332 0 0.80 M 249.0 M 194
================================================================================
AV 26.6 7.7 8.9 FASTST M M 7 MAX(MPH)
MISC ----> 36 250 52 250
================================================================================
NOTES:
# LAST OF SEVERAL OCCURRENCES
COLUMN 17 PEAK WIND IN M.P.H.
PRELIMINARY LOCAL CLIMATOLOGICAL DATA (WS FORM: F-6) , PAGE 2
STATION: GAYLORD
MONTH: FEBRUARY
YEAR: 2022
LATITUDE: 45 0 N
LONGITUDE: 84 42 W
[TEMPERATURE DATA] [PRECIPITATION DATA] SYMBOLS USED IN COLUMN 16
AVERAGE MONTHLY: 17.2 TOTAL FOR MONTH: 0.80 1 = FOG OR MIST
DPTR FM NORMAL: -1.1 DPTR FM NORMAL: -0.29 2 = FOG REDUCING VISIBILITY
HIGHEST: 45 ON 16, 1 GRTST 24HR 0.34 ON 15-16 TO 1/4 MILE OR LESS
LOWEST: -20 ON 14 3 = THUNDER
SNOW, ICE PELLETS, HAIL 4 = ICE PELLETS
TOTAL MONTH: M 5 = HAIL
GRTST 24HR M ON M 6 = FREEZING RAIN OR DRIZZLE
GRTST DEPTH: M ON M 7 = DUSTSTORM OR SANDSTORM:
VSBY 1/2 MILE OR LESS
8 = SMOKE OR HAZE
[NO. OF DAYS WITH] [WEATHER - DAYS WITH] 9 = BLOWING SNOW
X = TORNADO
MAX 32 OR BELOW: 22 0.01 INCH OR MORE: 8
MAX 90 OR ABOVE: 0 0.10 INCH OR MORE: 2
MIN 32 OR BELOW: 28 0.50 INCH OR MORE: 0
MIN 0 OR BELOW: 7 1.00 INCH OR MORE: 0
[HDD (BASE 65) ]
TOTAL THIS MO. 1332 CLEAR (SCALE 0-3) 4
DPTR FM NORMAL 26 PTCLDY (SCALE 4-7) 12
TOTAL FM JUL 1 5359 CLOUDY (SCALE 8-10) 12
DPTR FM NORMAL -585
[CDD (BASE 65) ]
TOTAL THIS MO. 0
DPTR FM NORMAL 0 [PRESSURE DATA]
TOTAL FM JAN 1 0 HIGHEST SLP 30.60 ON 24
DPTR FM NORMAL 0 LOWEST SLP 29.30 ON 11
[REMARKS]
#FINAL-02-22#