000
CXUS53 KAPX 011833
CF6GLR
PRELIMINARY LOCAL CLIMATOLOGICAL DATA (WS FORM: F-6)
STATION: GAYLORD
MONTH: SEPTEMBER
YEAR: 2020
LATITUDE: 45 0 N
LONGITUDE: 84 42 W
TEMPERATURE IN F: :PCPN: SNOW: WIND :SUNSHINE: SKY :PK WND
================================================================================
1 2 3 4 5 6A 6B 7 8 9 10 11 12 13 14 15 16 17 18
12Z AVG MX 2MIN
DY MAX MIN AVG DEP HDD CDD WTR SNW DPTH SPD SPD DIR MIN PSBL S-S WX SPD DR
================================================================================
1 72 48 60 -1 5 0 0.06 M M 2.6 9 180 M M 2 1 15 280
2 71 52 62 1 3 0 0.79 M M 9.2 23 250 M M 4 1 31 260
3 76 51 64 3 1 0 0.33 M M 10.9 31 240 M M 3 13 46 250
4 67 48 58 -2 7 0 T M M 10.3 29 250 M M 3 42 260
5 67 43 55 -5 10 0 0.00 M M 4.6 16 250 M M 2 23 260
6 70 41 56 -4 9 0 0.03 M M 12.1 25 190 M M 3 3 39 190
7 68 50 59 -1 6 0 0.00 M M 7.7 16 290 M M 7 32 310
8 54 45 50 -9 15 0 0.11 M M 5.9 14 50 M M 10 1 19 60
9 50 45 48 -11 17 0 0.32 M M 6.2 12 40 M M 10 1 20 10
10 53 39 46 -13 19 0 0.15 M M 3.5 12 40 M M 8 1 16 50
11 65 33 49 -9 16 0 0.00 M M 2.9 12 140 M M 1 1 16 130
12 63 48 56 -2 9 0 0.33 M M 8.1 14 210 M M 9 1 21 140
13 65 52 59 1 6 0 0.03 M M 9.8 23 250 M M 8 1 32 270
14 60 37 49 -8 16 0 0.00 M M 2.9 10 190 M M 2 17 10
15 72 48 60 3 5 0 0.00 M M 14.0 26 220 M M 2 35 210
16 70 42 56 -1 9 0 0.01 M M 9.5 24 250 M M 4 1 32 260
17 56 36 46 -10 19 0 0.00 M M 3.4 10 300 M M 1 17 320
18 54 32 43 -13 22 0 0.00 M M 3.5 13 50 M M 0 19 70
19 59 28 44 -12 21 0 0.00 M M 3.8 15 220 M M 2 20 230
20 66 37 52 -3 13 0 0.00 M M 7.1 17 190 M M 1 23 200
21 69 46 58 3 7 0 0.00 M M 9.4 16 190 M M 0 22 190
22 75 51 63 9 2 0 0.00 M M 6.2 16 240 M M 0 1 24 260
23 77 50 64 10 1 0 0.00 M M 2.5 14 250 M M 0 1 18 250
24 69 57 63 9 2 0 0.00 M M 4.2 10 150 M M 4 12 14 150
25 78 55 67 14 0 2 0.00 M M 9.4 17 220 M M 3 12 27 230
26 75 58 67 14 0 2 0.87 M M 10.5 25 190 M M 3 13 34 210
27 69 56 63 10 2 0 0.01 M M 11.4 23 220 M M 5 35 220
28 56 49 53 1 12 0 0.42 M M 5.1 10 250 M M 9 1 14 230
29 59 46 53 1 12 0 T M M 10.5 15 240 M M 6 29 240
30 57 46 52 0 13 0 0.86 M M 5.4 18 220 M M 8 13 26 230
================================================================================
SM 1962 1369 279 4 4.32 M 212.6 M 120
================================================================================
AV 65.4 45.6 7.1 FASTST M M 4 MAX(MPH)
MISC ----> # 31 240 # 46 250
================================================================================
NOTES:
# LAST OF SEVERAL OCCURRENCES
COLUMN 17 PEAK WIND IN M.P.H.
PRELIMINARY LOCAL CLIMATOLOGICAL DATA (WS FORM: F-6) , PAGE 2
STATION: GAYLORD
MONTH: SEPTEMBER
YEAR: 2020
LATITUDE: 45 0 N
LONGITUDE: 84 42 W
[TEMPERATURE DATA] [PRECIPITATION DATA] SYMBOLS USED IN COLUMN 16
AVERAGE MONTHLY: 55.5 TOTAL FOR MONTH: 4.32 1 = FOG OR MIST
DPTR FM NORMAL: -1.1 DPTR FM NORMAL: 0.75 2 = FOG REDUCING VISIBILITY
HIGHEST: 78 ON 25 GRTST 24HR 0.87 ON 26-26 TO 1/4 MILE OR LESS
LOWEST: 28 ON 19 3 = THUNDER
SNOW, ICE PELLETS, HAIL 4 = ICE PELLETS
TOTAL MONTH: M 5 = HAIL
GRTST 24HR M ON M 6 = FREEZING RAIN OR DRIZZLE
GRTST DEPTH: M ON M 7 = DUSTSTORM OR SANDSTORM:
VSBY 1/2 MILE OR LESS
8 = SMOKE OR HAZE
[NO. OF DAYS WITH] [WEATHER - DAYS WITH] 9 = BLOWING SNOW
X = TORNADO
MAX 32 OR BELOW: 0 0.01 INCH OR MORE: 14
MAX 90 OR ABOVE: 0 0.10 INCH OR MORE: 9
MIN 32 OR BELOW: 2 0.50 INCH OR MORE: 3
MIN 0 OR BELOW: 0 1.00 INCH OR MORE: 0
[HDD (BASE 65) ]
TOTAL THIS MO. 279 CLEAR (SCALE 0-3) 16
DPTR FM NORMAL 12 PTCLDY (SCALE 4-7) 8
TOTAL FM JUL 1 344 CLOUDY (SCALE 8-10) 6
DPTR FM NORMAL -71
[CDD (BASE 65) ]
TOTAL THIS MO. 4
DPTR FM NORMAL -12 [PRESSURE DATA]
TOTAL FM JAN 1 381 HIGHEST SLP M ON M
DPTR FM NORMAL 145 LOWEST SLP 29.42 ON 30
[REMARKS]
#FINAL-09-20#