000
CXUS54 KHGX 011515
CF6GLS
PRELIMINARY LOCAL CLIMATOLOGICAL DATA (WS FORM: F-6)
STATION: GALVESTON
MONTH: MAY
YEAR: 2020
LATITUDE: 29 16 N
LONGITUDE: 94 52 W
TEMPERATURE IN F: :PCPN: SNOW: WIND :SUNSHINE: SKY :PK WND
================================================================================
1 2 3 4 5 6A 6B 7 8 9 10 11 12 13 14 15 16 17 18
12Z AVG MX 2MIN
DY MAX MIN AVG DEP HDD CDD WTR SNW DPTH SPD SPD DIR MIN PSBL S-S WX SPD DR
================================================================================
1 81 69 75 1 0 10 0.00 0.0 0 12.2 20 160 M M 0 22 160
2 83 74 79 5 0 14 0.00 0.0 0 15.6 22 170 M M 4 25 160
3 84 75 80 6 0 15 0.00 0.0 0 13.8 20 180 M M 6 25 180
4 84 76 80 5 0 15 0.00 0.0 0 12.4 18 170 M M 4 24 170
5 85 77 81 6 0 16 0.00 0.0 0 11.3 22 10 M M 7 138 26 360
6 83 67 75 0 0 10 0.16 0.0 0 13.0 25 30 M M 4 13 33 10
7 83 70 77 1 0 12 0.00 0.0 0 14.8 28 170 M M 2 34 170
8 86 71 79 3 0 14 0.34 0.0 0 19.4 39 10 M M 7 13 48 10
9 72 64 68 -8 0 3 0.00 0.0 0 17.2 26 30 M M 7 31 30
10 79 64 72 -4 0 7 0.00 0.0 0 10.8 17 30 M M 2 21 30
11 81 69 75 -1 0 10 0.00 0.0 0 11.9 18 150 M M 1 23 130
12 83 74 79 2 0 14 0.00 0.0 0 14.3 24 130 M M 1 30 130
13 84 76 80 3 0 15 0.04 0.0 0 14.4 28 140 M M 5 35 140
14 84 77 81 4 0 16 0.03 0.0 0 12.3 24 140 M M 6 18 29 150
15 86 75 81 3 0 16 0.15 0.0 0 13.2 31 110 M M 9 138 40 110
16 82 68 75 -3 0 10 0.57 0.0 0 10.5 29 240 M M 5 13 44 220
17 90 71 81 3 0 16 0.00 0.0 0 9.5 20 330 M M 1 24 320
18 86 73 80 2 0 15 0.00 0.0 0 8.5 15 200 M M 0 17 180
19 86 76 81 3 0 16 0.00 0.0 0 12.9 21 200 M M 2 26 200
20 87 78 83 4 0 18 0.00 0.0 0 11.0 17 200 M M 6 1 20 210
21 87 78 83 4 0 18 0.00 0.0 0 11.3 20 130 M M 3 22 130
22 88 80 84 5 0 19 0.00 0.0 0 12.7 20 160 M M 7 22 150
23 88 81 85 6 0 20 0.00 0.0 0 14.7 21 130 M M 6 26 140
24 87 71 79 -1 0 14 0.18 0.0 0 14.5 32 360 M M 4 13 38 360
25 85 70 78 -2 0 13 1.02 0.0 0 8.4 43 170 M M 2 3 56 170
26 88 72 80 0 0 15 0.01 0.0 0 11.0 26 330 M M 4 3 33 330
27 87 70 79 -1 0 14 0.47 0.0 0 11.4 54 320 M M 2 3 71 320
28 88 71 80 0 0 15 0.27 0.0 0 11.7 28 230 M M 2 38 34 230
29 88 77 83 2 0 18 0.00 0.0 0 7.4 18 350 M M 4 22 350
30 88 76 82 1 0 17 0.00 0.0 0 9.2 14 100 M M 1 17 40
31 82 75 79 -2 0 14 0.51 0.0 0 7.1 20 120 M M 6 13 24 110
================================================================================
SM 2625 2265 0 439 3.75 0.0 378.4 M 120
================================================================================
AV 84.7 73.1 12.2 FASTST M M 4 MAX(MPH)
MISC ----> # 54 320 # 71 320
================================================================================
NOTES:
# LAST OF SEVERAL OCCURRENCES
COLUMN 17 PEAK WIND IN M.P.H.
PRELIMINARY LOCAL CLIMATOLOGICAL DATA (WS FORM: F-6) , PAGE 2
STATION: GALVESTON
MONTH: MAY
YEAR: 2020
LATITUDE: 29 16 N
LONGITUDE: 94 52 W
[TEMPERATURE DATA] [PRECIPITATION DATA] SYMBOLS USED IN COLUMN 16
AVERAGE MONTHLY: 78.9 TOTAL FOR MONTH: 3.75 1 = FOG OR MIST
DPTR FM NORMAL: 1.3 DPTR FM NORMAL: -0.57 2 = FOG REDUCING VISIBILITY
HIGHEST: 90 ON 17 GRTST 24HR 1.02 ON 25-25 TO 1/4 MILE OR LESS
LOWEST: 64 ON 10, 9 3 = THUNDER
SNOW, ICE PELLETS, HAIL 4 = ICE PELLETS
TOTAL MONTH: 0.0 INCH 5 = HAIL
GRTST 24HR 0.0 6 = FREEZING RAIN OR DRIZZLE
GRTST DEPTH: 0 7 = DUSTSTORM OR SANDSTORM:
VSBY 1/2 MILE OR LESS
8 = SMOKE OR HAZE
[NO. OF DAYS WITH] [WEATHER - DAYS WITH] 9 = BLOWING SNOW
X = TORNADO
MAX 32 OR BELOW: 0 0.01 INCH OR MORE: 12
MAX 90 OR ABOVE: 1 0.10 INCH OR MORE: 9
MIN 32 OR BELOW: 0 0.50 INCH OR MORE: 3
MIN 0 OR BELOW: 0 1.00 INCH OR MORE: 1
[HDD (BASE 65) ]
TOTAL THIS MO. 0 CLEAR (SCALE 0-3) 13
DPTR FM NORMAL 0 PTCLDY (SCALE 4-7) 17
TOTAL FM JUL 1 616 CLOUDY (SCALE 8-10) 1
DPTR FM NORMAL -393
[CDD (BASE 65) ]
TOTAL THIS MO. 439
DPTR FM NORMAL 47 [PRESSURE DATA]
TOTAL FM JAN 1 988 HIGHEST SLP 30.23 ON 11
DPTR FM NORMAL 353 LOWEST SLP 29.64 ON 25
[REMARKS]
#FINAL-05-20#