000
CXUS53 KGID 011757
CF6GRI
PRELIMINARY LOCAL CLIMATOLOGICAL DATA (WS FORM: F-6)
STATION: GRAND ISLAND NE
MONTH: NOVEMBER
YEAR: 2020
LATITUDE: 40 58 N
LONGITUDE: 98 19 W
TEMPERATURE IN F: :PCPN: SNOW: WIND :SUNSHINE: SKY :PK WND
================================================================================
1 2 3 4 5 6A 6B 7 8 9 10 11 12 13 14 15 16 17 18
12Z AVG MX 2MIN
DY MAX MIN AVG DEP HDD CDD WTR SNW DPTH SPD SPD DIR MIN PSBL S-S WX SPD DR
================================================================================
1 53 24 39 -7 26 0 0.00 0.0 0 7.5 15 350 M M 0 22 340
2 75 37 56 11 9 0 0.00 0.0 0 6.9 15 230 M M 0 20 230
3 85 40 63 18 2 0 0.00 0.0 0 9.8 21 220 M M 0 28 210
4 84 42 63 19 2 0 0.00 0.0 0 6.9 14 320 M M 0 18 320
5 78 39 59 15 6 0 0.00 0.0 0 6.3 15 320 M M 0 19 320
6 81 46 64 21 1 0 0.00 0.0 0 15.2 25 180 M M 0 33 170
7 75 58 67 24 0 2 0.00 0.0 0 23.0 32 180 M M 0 44 180
8 73 55 64 22 1 0 0.00 0.0 0 24.5 40 190 M M 2 8 55 180
9 63 31 47 5 18 0 0.69 0.0 0 19.2 31 180 M M 9 136 43 180
10 34 25 30 -11 35 0 0.20 0.8 T 11.4 23 10 M M 5 126 31 10
11 55 26 41 1 24 0 0.00 0.0 1 11.1 18 240 M M 0 24 240
12 39 21 30 -10 35 0 0.00 0.0 0 9.0 24 340 M M 3 31 340
13 48 23 36 -3 29 0 0.00 0.0 0 16.0 32 190 M M 0 43 210
14 66 30 48 9 17 0 0.04 0.0 0 16.1 40 280 M M 2 1 53 310
15 53 32 43 5 22 0 0.00 0.0 0 14.4 29 300 M M 0 36 300
16 62 30 46 8 19 0 0.00 0.0 0 10.6 23 320 M M 0 34 290
17 64 29 47 10 18 0 0.00 0.0 0 10.7 28 180 M M 2 40 180
18 68 40 54 17 11 0 0.00 0.0 0 13.4 22 220 M M 0 28 220
19 76 42 59 23 6 0 0.00 0.0 0 8.7 16 340 M M 0 24 210
20 57 36 47 11 18 0 0.00 0.0 0 6.6 15 340 M M 1 20 340
21 48 32 40 5 25 0 0.00 0.0 0 6.6 16 150 M M 6 18 21 150
22 52 24 38 3 27 0 0.00 0.0 0 9.6 23 320 M M 0 1 30 310
23 41 22 32 -2 33 0 0.01 0.0 0 15.9 26 150 M M 8 18 37 150
24 42 30 36 2 29 0 0.22 0.0 0 12.3 23 350 M M 9 1 29 360
25 47 21 34 1 31 0 0.00 0.0 0 7.7 15 200 M M 0 22 210
26 49 28 39 6 26 0 0.00 0.0 0 9.8 22 240 M M 0 1 31 240
27 53 25 39 7 26 0 0.00 0.0 0 9.0 18 250 M M 0 1 23 250
28 59 31 45 13 20 0 0.00 0.0 0 11.1 18 220 M M 0 25 230
29 40 20 30 -1 35 0 0.00 0.0 0 19.3 35 350 M M 1 43 350
30 48 12 30 -1 35 0 0.00 0.0 0 9.5 16 170 M M 0 22 180
================================================================================
SM 1768 951 586 2 1.16 0.8 358.1 M 48
================================================================================
AV 58.9 31.7 11.9 FASTST M M 2 MAX(MPH)
MISC ----> # 40 190 55 180
================================================================================
NOTES:
# LAST OF SEVERAL OCCURRENCES
COLUMN 17 PEAK WIND IN M.P.H.
PRELIMINARY LOCAL CLIMATOLOGICAL DATA (WS FORM: F-6) , PAGE 2
STATION: GRAND ISLAND NE
MONTH: NOVEMBER
YEAR: 2020
LATITUDE: 40 58 N
LONGITUDE: 98 19 W
[TEMPERATURE DATA] [PRECIPITATION DATA] SYMBOLS USED IN COLUMN 16
AVERAGE MONTHLY: 45.3 TOTAL FOR MONTH: 1.16 1 = FOG OR MIST
DPTR FM NORMAL: 7.2 DPTR FM NORMAL: -0.01 2 = FOG REDUCING VISIBILITY
HIGHEST: 85 ON 3 GRTST 24HR 0.79 ON 9-10 TO 1/4 MILE OR LESS
LOWEST: 12 ON 30 3 = THUNDER
SNOW, ICE PELLETS, HAIL 4 = ICE PELLETS
TOTAL MONTH: 0.8 INCH 5 = HAIL
GRTST 24HR 0.8 ON 10-10 6 = FREEZING RAIN OR DRIZZLE
GRTST DEPTH: 1 ON 11 7 = DUSTSTORM OR SANDSTORM:
VSBY 1/2 MILE OR LESS
8 = SMOKE OR HAZE
[NO. OF DAYS WITH] [WEATHER - DAYS WITH] 9 = BLOWING SNOW
X = TORNADO
MAX 32 OR BELOW: 0 0.01 INCH OR MORE: 5
MAX 90 OR ABOVE: 0 0.10 INCH OR MORE: 3
MIN 32 OR BELOW: 20 0.50 INCH OR MORE: 1
MIN 0 OR BELOW: 0 1.00 INCH OR MORE: 0
[HDD (BASE 65) ]
TOTAL THIS MO. 586 CLEAR (SCALE 0-3) 25
DPTR FM NORMAL -221 PTCLDY (SCALE 4-7) 2
TOTAL FM JUL 1 1152 CLOUDY (SCALE 8-10) 3
DPTR FM NORMAL -177
[CDD (BASE 65) ]
TOTAL THIS MO. 2
DPTR FM NORMAL 2 [PRESSURE DATA]
TOTAL FM JAN 1 1292 HIGHEST SLP 30.60 ON 1
DPTR FM NORMAL 258 LOWEST SLP 29.43 ON 14
[REMARKS]
#FINAL-11-20#