000
CXUS53 KGRR 010910
CF6GRR
PRELIMINARY LOCAL CLIMATOLOGICAL DATA (WS FORM: F-6)
STATION: GRAND RAPIDS
MONTH: MARCH
YEAR: 2023
LATITUDE: 42 52 N
LONGITUDE: 85 31 W
TEMPERATURE IN F: :PCPN: SNOW: WIND :SUNSHINE: SKY :PK WND
================================================================================
1 2 3 4 5 6A 6B 7 8 9 10 11 12 13 14 15 16 17 18
12Z AVG MX 2MIN
DY MAX MIN AVG DEP HDD CDD WTR SNW DPTH SPD SPD DIR MIN PSBL S-S WX SPD DR
================================================================================
1 47 30 39 9 26 0 0.02 T T 6.6 16 100 M M 8 1 22 120
2 40 29 35 4 30 0 T 0.0 0 6.9 18 330 M M 9 12 27 310
3 34 28 31 0 34 0 0.10 2.0 0 12.9 28 70 M M 8 12 37 80
4 47 26 37 6 28 0 0.03 0.0 2 9.1 18 250 M M 6 1 22 250
5 51 31 41 9 24 0 0.00 0.0 0 6.6 15 100 M M 3 18 19 110
6 41 33 37 5 28 0 0.39 1.0 1 15.0 25 110 M M 10 18 34 100
7 44 27 36 4 29 0 T T 0 9.0 20 40 M M 3 1 26 50
8 44 24 34 1 31 0 0.00 0.0 0 8.1 18 80 M M 5 24 60
9 42 30 36 3 29 0 0.15 3.0 0 11.9 20 80 M M 9 12 26 90
10 37 29 33 -1 32 0 0.36 8.7 9 12.9 21 60 M M 10 1 30 50
11 39 22 31 -3 34 0 0.00 0.0 2 5.5 12 100 M M 5 17 100
12 32 26 29 -5 36 0 0.06 0.9 1 9.2 15 80 M M 10 1 20 90
13 30 23 27 -7 38 0 0.22 2.8 2 9.8 20 350 M M 10 1 27 350
14 37 21 29 -6 36 0 T T 2 10.0 20 330 M M 4 27 330
15 44 16 30 -5 35 0 0.00 0.0 T 7.8 16 210 M M 4 21 210
16 51 34 43 7 22 0 0.19 0.0 0 9.9 20 190 M M 7 1 28 210
17 49 27 38 2 27 0 0.35 T 0 18.5 28 280 M M 10 1 40 270
18 27 15 21 -15 44 0 0.12 4.0 1 16.1 30 250 M M 9 189 40 280
19 34 17 26 -11 39 0 0.00 0.0 2 13.6 25 250 M M 4 32 240
20 49 27 38 1 27 0 0.00 0.0 T 14.9 26 210 M M 4 38 200
21 53 32 43 6 22 0 0.00 0.0 0 9.3 18 200 M M 7 25 230
22 49 40 45 7 20 0 0.04 0.0 0 8.9 16 200 M M 10 18 24 180
23 48 36 42 4 23 0 0.05 0.0 0 8.4 22 320 M M 9 12 28 320
24 44 31 38 -1 27 0 0.00 0.0 0 11.5 17 60 M M 7 22 60
25 37 32 35 -4 30 0 0.89 0.2 0 16.4 31 290 M M 9 146 41 310
26 49 30 40 1 25 0 0.16 0.0 0 7.4 17 230 M M 5 1 24 240
27 50 33 42 2 23 0 0.13 0.1 0 9.2 17 360 M M 5 1 22 290
28 48 28 38 -2 27 0 0.00 0.0 0 6.9 22 240 M M 3 28 250
29 39 23 31 -9 34 0 0.08 0.6 0 13.4 25 310 M M 4 1 37 300
30 46 17 32 -9 33 0 0.06 T 0 6.5 18 200 M M 4 8 22 190
31 58 39 49 8 16 0 2.02 0.0 0 10.2 30 240 M M 10 13 39 230
================================================================================
SM 1340 856 909 0 5.42 23.3 322.4 M 211
================================================================================
AV 43.2 27.6 10.4 FASTST M M 7 MAX(MPH)
MISC ----> 31 290 41 310
================================================================================
NOTES:
# LAST OF SEVERAL OCCURRENCES
COLUMN 17 PEAK WIND IN M.P.H.
PRELIMINARY LOCAL CLIMATOLOGICAL DATA (WS FORM: F-6) , PAGE 2
STATION: GRAND RAPIDS
MONTH: MARCH
YEAR: 2023
LATITUDE: 42 52 N
LONGITUDE: 85 31 W
[TEMPERATURE DATA] [PRECIPITATION DATA] SYMBOLS USED IN COLUMN 16
AVERAGE MONTHLY: 35.4 TOTAL FOR MONTH: 5.42 1 = FOG OR MIST
DPTR FM NORMAL: -0.3 DPTR FM NORMAL: 3.03 2 = FOG REDUCING VISIBILITY
HIGHEST: 58 ON 31 GRTST 24HR 2.02 ON 31-31 TO 1/4 MILE OR LESS
LOWEST: 15 ON 18 3 = THUNDER
SNOW, ICE PELLETS, HAIL 4 = ICE PELLETS
TOTAL MONTH: 23.3 INCHES 5 = HAIL
GRTST 24HR 8.7 ON 10-10 6 = FREEZING RAIN OR DRIZZLE
GRTST DEPTH: 9 ON 10 7 = DUSTSTORM OR SANDSTORM:
VSBY 1/2 MILE OR LESS
8 = SMOKE OR HAZE
[NO. OF DAYS WITH] [WEATHER - DAYS WITH] 9 = BLOWING SNOW
X = TORNADO
MAX 32 OR BELOW: 3 0.01 INCH OR MORE: 19
MAX 90 OR ABOVE: 0 0.10 INCH OR MORE: 12
MIN 32 OR BELOW: 25 0.50 INCH OR MORE: 2
MIN 0 OR BELOW: 0 1.00 INCH OR MORE: 1
[HDD (BASE 65) ]
TOTAL THIS MO. 909 CLEAR (SCALE 0-3) 1
DPTR FM NORMAL -1 PTCLDY (SCALE 4-7) 18
TOTAL FM JUL 1 5229 CLOUDY (SCALE 8-10) 12
DPTR FM NORMAL -387
[CDD (BASE 65) ]
TOTAL THIS MO. 0
DPTR FM NORMAL -1 [PRESSURE DATA]
TOTAL FM JAN 1 0 HIGHEST SLP 30.62 ON 8
DPTR FM NORMAL -1 LOWEST SLP 29.27 ON 31
[REMARKS]
#FINAL-03-23#