000
CXUS53 KIWX 010910
CF6GSH
PRELIMINARY LOCAL CLIMATOLOGICAL DATA (WS FORM: F-6)
STATION: GOSHEN
MONTH: JANUARY
YEAR: 2023
LATITUDE: 41 31 N
LONGITUDE: 85 47 W
TEMPERATURE IN F: :PCPN: SNOW: WIND :SUNSHINE: SKY :PK WND
================================================================================
1 2 3 4 5 6A 6B 7 8 9 10 11 12 13 14 15 16 17 18
12Z AVG MX 2MIN
DY MAX MIN AVG DEP HDD CDD WTR SNW DPTH SPD SPD DIR MIN PSBL S-S WX SPD DR
================================================================================
1 48 35 42 16 23 0 0.01 M M 6.0 14 250 M M 9 12 18 240
2 48 41 45 19 20 0 0.00 M M 4.3 10 100 M M 9 12 14 60
3 59 46 53 27 12 0 0.63 M M 8.4 10 110 M M 10 1 M M
4 57 36 47 21 18 0 T M M 10.9 23 220 M M 10 18 30 240
5 39 32 36 10 29 0 0.01 M M 9.6 18 260 M M 10 18 22 260
6 34 27 31 5 34 0 T M M 10.5 17 250 M M 10 16 22 240
7 34 26 30 4 35 0 0.00 M M 3.3 13 350 M M 10 8 16 360
8 36 24 30 5 35 0 0.00 M M 3.8 12 280 M M 5 18 15 290
9 42 27 35 10 30 0 0.00 M M 9.4 17 260 M M 4 18 21 260
10 45 32 39 14 26 0 0.01 M M 7.6 12 130 M M 4 1 16 150
11 53 34 44 19 21 0 T M M 7.6 17 160 M M 6 18 23 160
12 46 36 41 16 24 0 T M M 12.1 23 350 M M 10 128 31 350
13 37 29 33 8 32 0 T M M 13.7 22 350 M M 10 31 360
14 35 24 30 5 35 0 0.00 M M 5.8 20 350 M M 6 24 340
15 42 22 32 7 33 0 0.00 M M 9.9 17 140 M M 0 1 27 130
16 48 35 42 17 23 0 0.17 M M 12.1 18 150 M M 8 1 27 150
17 52 39 46 21 19 0 0.00 M M 15.1 25 260 M M 9 1 37 270
18 41 37 39 15 26 0 0.17 M M 9.3 23 110 M M 9 1 33 100
19 46 35 41 17 24 0 0.31 M M 15.7 29 250 M M 10 1 39 250
20 37 28 33 9 32 0 0.02 M M 13.0 22 250 M M 9 168 29 260
21 32 31 32 8 33 0 0.00 M M 7.8 14 210 M M 10 16 210
22 34 30 32 8 33 0 0.06 M M 4.2 9 200 M M 10 18 11 80
23 32 27 30 6 35 0 T M M 11.5 20 220 M M 8 1 27 240
24 33 29 31 7 34 0 T M M 7.3 18 260 M M 10 18 24 240
25 34 31 33 9 32 0 0.15 M M 10.2 16 340 M M 10 12 22 20
26 33 19 26 2 39 0 0.02 M M 13.1 21 250 M M 10 1 27 250
27 37 11 24 0 41 0 T M M 16.7 30 260 M M 7 1 38 270
28 31 20 26 1 39 0 0.00 M M 7.2 20 270 M M 4 27 260
29 38 27 33 8 32 0 T M M 7.6 18 340 M M 10 16 23 340
30 27 15 21 -4 44 0 0.01 M M 10.3 18 310 M M 10 1 23 310
31 18 5 12 -13 53 0 0.00 M M 6.8 13 260 M M 4 17 260
================================================================================
SM 1228 890 946 0 1.57 M 290.8 M 251
================================================================================
AV 39.6 28.7 9.4 FASTST M M 8 MAX(MPH)
MISC ----> 30 260 39 250
================================================================================
NOTES:
# LAST OF SEVERAL OCCURRENCES
COLUMN 17 PEAK WIND IN M.P.H.
PRELIMINARY LOCAL CLIMATOLOGICAL DATA (WS FORM: F-6) , PAGE 2
STATION: GOSHEN
MONTH: JANUARY
YEAR: 2023
LATITUDE: 41 31 N
LONGITUDE: 85 47 W
[TEMPERATURE DATA] [PRECIPITATION DATA] SYMBOLS USED IN COLUMN 16
AVERAGE MONTHLY: 34.2 TOTAL FOR MONTH: 1.57 1 = FOG OR MIST
DPTR FM NORMAL: 9.2 DPTR FM NORMAL: -0.16 2 = FOG REDUCING VISIBILITY
HIGHEST: 59 ON 3 GRTST 24HR 0.74 ON 3- 4 TO 1/4 MILE OR LESS
LOWEST: 5 ON 31 3 = THUNDER
SNOW, ICE PELLETS, HAIL 4 = ICE PELLETS
TOTAL MONTH: M 5 = HAIL
GRTST 24HR M ON M 6 = FREEZING RAIN OR DRIZZLE
GRTST DEPTH: M ON M 7 = DUSTSTORM OR SANDSTORM:
VSBY 1/2 MILE OR LESS
8 = SMOKE OR HAZE
[NO. OF DAYS WITH] [WEATHER - DAYS WITH] 9 = BLOWING SNOW
X = TORNADO
MAX 32 OR BELOW: 5 0.01 INCH OR MORE: 12
MAX 90 OR ABOVE: 0 0.10 INCH OR MORE: 5
MIN 32 OR BELOW: 21 0.50 INCH OR MORE: 1
MIN 0 OR BELOW: 0 1.00 INCH OR MORE: 0
[HDD (BASE 65) ]
TOTAL THIS MO. 946 CLEAR (SCALE 0-3) 1
DPTR FM NORMAL -294 PTCLDY (SCALE 4-7) 8
TOTAL FM JUL 1 3170 CLOUDY (SCALE 8-10) 22
DPTR FM NORMAL -404
[CDD (BASE 65) ]
TOTAL THIS MO. 0
DPTR FM NORMAL 0 [PRESSURE DATA]
TOTAL FM JAN 1 0 HIGHEST SLP 30.46 ON 31
DPTR FM NORMAL 0 LOWEST SLP 29.47 ON 19
[REMARKS]
#FINAL-01-23#