000
CXUS53 KIWX 010810
CF6GSH
PRELIMINARY LOCAL CLIMATOLOGICAL DATA (WS FORM: F-6)
STATION: GOSHEN
MONTH: MARCH
YEAR: 2024
LATITUDE: 41 31 N
LONGITUDE: 85 47 W
TEMPERATURE IN F: :PCPN: SNOW: WIND :SUNSHINE: SKY :PK WND
================================================================================
1 2 3 4 5 6A 6B 7 8 9 10 11 12 13 14 15 16 17 18
12Z AVG MX 2MIN
DY MAX MIN AVG DEP HDD CDD WTR SNW DPTH SPD SPD DIR MIN PSBL S-S WX SPD DR
================================================================================
1 45 24 35 3 30 0 T M M 8.8 17 160 M M 4 22 170
2 52 38 45 13 20 0 0.00 M M 6.2 14 190 M M 6 18 19 230
3 66 39 53 20 12 0 0.00 M M 13.9 22 160 M M 2 1 31 150
4 72 52 62 29 3 0 0.00 M M 12.3 24 200 M M 3 33 200
5 62 46 54 20 11 0 0.16 M M 8.2 20 180 M M 7 13 28 180
6 48 37 43 9 22 0 T M M 9.2 17 20 M M 9 1 22 50
7 50 32 41 7 24 0 0.00 M M 7.8 14 120 M M 8 20 100
8 54 40 47 12 18 0 0.78 M M 10.2 15 200 M M 10 1 21 150
9 53 31 42 7 23 0 0.03 M M 14.6 23 330 M M 9 1 31 310
10 39 25 32 -4 33 0 0.01 M M 15.8 30 310 M M 7 1 40 300
11 59 24 42 6 23 0 0.00 M M 13.2 26 220 M M 0 36 220
12 67 40 54 18 11 0 0.00 M M 12.7 24 250 M M 0 32 240
13 72 44 58 21 7 0 0.00 M M 5.8 14 210 M M 3 19 220
14 65 45 55 18 10 0 1.12 M M 10.0 23 300 M M 8 13 32 300
15 55 33 44 7 21 0 0.00 M M 10.3 20 330 M M 3 27 360
16 60 31 46 8 19 0 T M M 16.3 33 250 M M 3 44 230
17 39 28 34 -4 31 0 0.04 M M 12.2 26 290 M M 6 128 36 300
18 35 25 30 -8 35 0 0.04 M M 12.3 21 300 M M 9 1 29 310
19 52 25 39 0 26 0 0.00 M M 14.8 35 220 M M 2 46 220
20 39 20 30 -9 35 0 T M M 11.3 30 330 M M 3 39 340
21 37 17 27 -13 38 0 0.00 M M 3.8 9 280 M M 4 13 170
22 49 27 38 -2 27 0 T M M 10.5 22 20 M M 8 1 27 20
23 40 25 33 -7 32 0 0.00 M M 9.6 20 360 M M 5 27 20
24 46 23 35 -6 30 0 0.00 M M 13.6 23 120 M M 3 31 120
25 68 35 52 11 13 0 T M M 16.3 26 150 M M 2 37 170
26 60 37 49 7 16 0 0.47 M M 20.4 38 210 M M 10 1 50 210
27 41 30 36 -6 29 0 0.00 M M 13.9 25 260 M M 7 36 250
28 51 26 39 -3 26 0 0.00 M M 8.7 24 280 M M 3 33 280
29 56 25 41 -2 24 0 0.02 M M 2.8 12 90 M M 2 1 14 250
30 64 39 52 9 13 0 0.67 M M 11.0 23 300 M M 9 1 27 300
31 55 39 47 4 18 0 0.50 M M 6.0 15 90 M M 8 1 21 80
================================================================================
SM 1651 1002 680 0 3.84 M 342.5 M 163
================================================================================
AV 53.3 32.3 11.0 FASTST M M 5 MAX(MPH)
MISC ----> 38 210 50 210
================================================================================
NOTES:
# LAST OF SEVERAL OCCURRENCES
COLUMN 17 PEAK WIND IN M.P.H.
PRELIMINARY LOCAL CLIMATOLOGICAL DATA (WS FORM: F-6) , PAGE 2
STATION: GOSHEN
MONTH: MARCH
YEAR: 2024
LATITUDE: 41 31 N
LONGITUDE: 85 47 W
[TEMPERATURE DATA] [PRECIPITATION DATA] SYMBOLS USED IN COLUMN 16
AVERAGE MONTHLY: 42.8 TOTAL FOR MONTH: 3.84 1 = FOG OR MIST
DPTR FM NORMAL: 5.1 DPTR FM NORMAL: 1.82 2 = FOG REDUCING VISIBILITY
HIGHEST: 72 ON 13, 4 GRTST 24HR 1.12 ON 14-14 TO 1/4 MILE OR LESS
LOWEST: 17 ON 21 3 = THUNDER
SNOW, ICE PELLETS, HAIL 4 = ICE PELLETS
TOTAL MONTH: M 5 = HAIL
GRTST 24HR M ON M 6 = FREEZING RAIN OR DRIZZLE
GRTST DEPTH: M ON M 7 = DUSTSTORM OR SANDSTORM:
VSBY 1/2 MILE OR LESS
8 = SMOKE OR HAZE
[NO. OF DAYS WITH] [WEATHER - DAYS WITH] 9 = BLOWING SNOW
X = TORNADO
MAX 32 OR BELOW: 0 0.01 INCH OR MORE: 11
MAX 90 OR ABOVE: 0 0.10 INCH OR MORE: 6
MIN 32 OR BELOW: 17 0.50 INCH OR MORE: 4
MIN 0 OR BELOW: 0 1.00 INCH OR MORE: 1
[HDD (BASE 65) ]
TOTAL THIS MO. 680 CLEAR (SCALE 0-3) 12
DPTR FM NORMAL -166 PTCLDY (SCALE 4-7) 12
TOTAL FM JUL 1 4361 CLOUDY (SCALE 8-10) 7
DPTR FM NORMAL -1102
[CDD (BASE 65) ]
TOTAL THIS MO. 0
DPTR FM NORMAL -2 [PRESSURE DATA]
TOTAL FM JAN 1 0 HIGHEST SLP 30.37 ON 21
DPTR FM NORMAL -2 LOWEST SLP 29.49 ON 26
[REMARKS]
#FINAL-03-24#