000
CXUS53 KIWX 020303
CF6GSH
PRELIMINARY LOCAL CLIMATOLOGICAL DATA (WS FORM: F-6)
STATION: GOSHEN
MONTH: AUGUST
YEAR: 2022
LATITUDE: 41 31 N
LONGITUDE: 85 47 W
TEMPERATURE IN F: :PCPN: SNOW: WIND :SUNSHINE: SKY :PK WND
================================================================================
1 2 3 4 5 6A 6B 7 8 9 10 11 12 13 14 15 16 17 18
12Z AVG MX 2MIN
DY MAX MIN AVG DEP HDD CDD WTR SNW DPTH SPD SPD DIR MIN PSBL S-S WX SPD DR
================================================================================
1 85 66 76 4 0 11 0.00 M M 10.6 22 260 M M 6 1 29 240
2 84 62 73 1 0 8 0.00 M M 3.9 12 220 M M 1 1 16 240
3 93 68 81 9 0 16 0.35 M M 11.9 36 280 M M 2 138 50 290
4 86 67 77 5 0 12 3.88 M M 6.9 22 170 M M 7 123 36 150
5 87 66 77 5 0 12 0.00 M M 3.3 10 220 M M 3 1 14 160
6 88 69 79 7 0 14 0.00 M M 4.3 12 220 M M 2 128 15 190
7 86 73 80 8 0 15 1.14 M M 6.4 23 300 M M 5 13 30 260
8 86 68 77 5 0 12 0.05 M M 9.6 21 220 M M 7 1 28 230
9 76 61 69 -3 0 4 T M M 4.7 12 80 M M 7 1 16 10
10 80 57 69 -3 0 4 0.00 M M 3.1 13 350 M M 2 1 19 360
11 78 61 70 -2 0 5 T M M 6.1 14 350 M M 3 1 21 40
12 77 54 66 -5 0 1 0.00 M M 3.0 13 70 M M 0 1 18 70
13 76 52 64 -7 1 0 T M M 6.5 16 90 M M 5 22 160
14 69 62 66 -5 0 1 0.11 M M 9.5 16 140 M M 10 1 22 140
15 79 62 71 0 0 6 0.00 M M 6.9 15 40 M M 5 1 19 40
16 81 57 69 -2 0 4 0.00 M M 6.1 13 20 M M 0 17 30
17 81 55 68 -3 0 3 0.00 M M 3.8 12 40 M M 1 1 17 50
18 81 56 69 -2 0 4 0.00 M M 3.2 13 250 M M 0 1 16 250
19 84 58 71 0 0 6 0.00 M M 3.7 12 180 M M 3 17 180
20 80 63 72 1 0 7 0.30 M M 5.4 25 160 M M 4 13 37 160
21 79 64 72 2 0 7 0.14 M M 6.1 17 350 M M 6 12 25 350
22 80 57 69 -1 0 4 0.00 M M 6.0 16 330 M M 6 1 24 340
23 79 55 67 -3 0 2 0.00 M M 4.1 14 340 M M 3 12 23 10
24 84 56 70 0 0 5 0.00 M M 1.0 9 210 M M 0 1 14 110
25 80 58 69 -1 0 4 0.03 M M 5.2 17 210 M M 3 18 24 200
26 77 62 70 0 0 5 0.00 M M 6.7 13 310 M M 7 1 18 340
27 81 54 68 -2 0 3 0.00 M M 4.3 10 120 M M 2 12 15 120
28 85 62 74 5 0 9 0.00 M M 10.4 23 260 M M 1 3 33 280
29 87 68 78 9 0 13 M M M 10.7 23 230 M M 7 13 32 230
30 77 59 68 -1 0 3 0.03 M M 11.7 22 290 M M 2 1 31 310
31 80 57 69 0 0 4 0.00 M M 6.3 21 290 M M 0 30 280
================================================================================
SM 2526 1889 1 204 6.03 M 191.4 M 110
================================================================================
AV 81.5 60.9 6.2 FASTST M M 4 MAX(MPH)
MISC ----> 36 280 50 290
================================================================================
NOTES:
# LAST OF SEVERAL OCCURRENCES
COLUMN 17 PEAK WIND IN M.P.H.
PRELIMINARY LOCAL CLIMATOLOGICAL DATA (WS FORM: F-6) , PAGE 2
STATION: GOSHEN
MONTH: AUGUST
YEAR: 2022
LATITUDE: 41 31 N
LONGITUDE: 85 47 W
[TEMPERATURE DATA] [PRECIPITATION DATA] SYMBOLS USED IN COLUMN 16
AVERAGE MONTHLY: 71.2 TOTAL FOR MONTH: 6.03 1 = FOG OR MIST
DPTR FM NORMAL: 0.4 DPTR FM NORMAL: 2.06 2 = FOG REDUCING VISIBILITY
HIGHEST: 93 ON 3 GRTST 24HR 3.88 ON 4- 4 TO 1/4 MILE OR LESS
LOWEST: 52 ON 13 3 = THUNDER
SNOW, ICE PELLETS, HAIL 4 = ICE PELLETS
TOTAL MONTH: M 5 = HAIL
GRTST 24HR M ON M 6 = FREEZING RAIN OR DRIZZLE
GRTST DEPTH: M ON M 7 = DUSTSTORM OR SANDSTORM:
VSBY 1/2 MILE OR LESS
8 = SMOKE OR HAZE
[NO. OF DAYS WITH] [WEATHER - DAYS WITH] 9 = BLOWING SNOW
X = TORNADO
MAX 32 OR BELOW: 0 0.01 INCH OR MORE: 9
MAX 90 OR ABOVE: 1 0.10 INCH OR MORE: 6
MIN 32 OR BELOW: 0 0.50 INCH OR MORE: 2
MIN 0 OR BELOW: 0 1.00 INCH OR MORE: 2
[HDD (BASE 65) ]
TOTAL THIS MO. 1 CLEAR (SCALE 0-3) 17
DPTR FM NORMAL -11 PTCLDY (SCALE 4-7) 13
TOTAL FM JUL 1 1 CLOUDY (SCALE 8-10) 1
DPTR FM NORMAL -10
[CDD (BASE 65) ]
TOTAL THIS MO. 204
DPTR FM NORMAL 13 [PRESSURE DATA]
TOTAL FM JAN 1 716 HIGHEST SLP 30.27 ON 12
DPTR FM NORMAL 41 LOWEST SLP 29.78 ON 3
[REMARKS]
#FINAL-08-22#