000
CXUS53 KIWX 010800
CF6GSH
PRELIMINARY LOCAL CLIMATOLOGICAL DATA (WS FORM: F-6)
STATION: GOSHEN
MONTH: JUNE
YEAR: 2020
LATITUDE: 41 31 N
LONGITUDE: 85 47 W
TEMPERATURE IN F: :PCPN: SNOW: WIND :SUNSHINE: SKY :PK WND
================================================================================
1 2 3 4 5 6A 6B 7 8 9 10 11 12 13 14 15 16 17 18
12Z AVG MX 2MIN
DY MAX MIN AVG DEP HDD CDD WTR SNW DPTH SPD SPD DIR MIN PSBL S-S WX SPD DR
================================================================================
1 73 43 58 -6 7 0 0.00 0.0 0 8.1 20 200 M M 3 25 200
2 91 62 77 12 0 12 0.00 0.0 0 12.9 25 250 M M 2 32 240
3 80 66 73 8 0 8 T 0.0 0 7.5 21 300 M M 2 27 300
4 83 65 74 9 0 9 T 0.0 0 6.1 13 290 M M 4 1 23 270
5 87 62 75 9 0 10 0.00 0.0 0 5.6 18 270 M M 1 18 25 240
6 81 56 69 3 0 4 0.00 0.0 0 9.3 20 320 M M 1 18 26 320
7 82 54 68 2 0 3 0.00 0.0 0 4.9 14 80 M M 0 20 140
8 87 58 73 6 0 8 0.00 0.0 0 8.7 16 130 M M 0 8 21 150
9 92 64 78 11 0 13 0.06 0.0 0 15.6 30 180 M M 3 43 180
10 88 60 74 7 0 9 0.13 M M 18.8 35 230 M M 8 138 46 240
11 79 59 69 1 0 4 T M 999 11.1 21 260 M M 2 31 280
12 80 56 68 0 0 3 0.01 M M 6.9 17 10 M M 2 28 310
13 71 55 63 -5 2 0 0.02 M M 9.3 21 90 M M 3 1 26 90
14 73 50 62 -6 3 0 0.00 M M 8.7 17 100 M M 0 27 90
15 79 48 64 -5 1 0 0.00 M M 6.5 17 80 M M 0 23 90
16 85 56 71 2 0 6 0.00 M M 3.1 10 150 M M 1 18 14 140
17 85 60 73 4 0 8 0.00 M M 4.4 15 80 M M 1 22 70
18 87 58 73 3 0 8 0.00 0.0 0 2.9 10 90 M M 0 18 16 90
19 92 61 77 7 0 12 0.00 0.0 0 2.1 8 50 M M 3 13 260
20 92 65 79 9 0 14 T 0.0 0 8.8 21 200 M M 4 28 230
21 80 68 74 4 0 9 0.17 0.0 0 4.9 20 240 M M 4 138 24 250
22 89 63 76 6 0 11 0.89 0.0 0 5.8 15 210 M M 3 13 16 220
23 74 62 68 -3 0 3 0.02 0.0 0 4.6 5 80 M M 10 1 M M
24 77 57 67 -4 0 2 0.10 0.0 0 6.9 21 270 M M 5 13 26 260
25 80 57 69 -2 0 4 T 0.0 0 5.6 18 290 M M 1 13 25 290
26 83 64 74 3 0 9 0.82 0.0 0 7.5 31 270 M M 3 13 44 280
27 84 69 77 6 0 12 0.01 0.0 0 9.8 20 250 M M 2 26 250
28 88 66 77 5 0 12 0.00 0.0 0 3.8 10 160 M M 3 1 16 140
29 90 69 80 8 0 15 0.00 0.0 0 4.6 13 340 M M 3 18 16 330
30 88 69 79 7 0 14 0.00 0.0 0 7.9 14 100 M M 2 21 70
================================================================================
SM 2500 1802 13 222 2.23 0.0 222.7 M 76
================================================================================
AV 83.3 60.1 7.4 FASTST M M 3 MAX(MPH)
MISC ----> # 35 230 # 46 240
================================================================================
NOTES:
# LAST OF SEVERAL OCCURRENCES
COLUMN 17 PEAK WIND IN M.P.H.
PRELIMINARY LOCAL CLIMATOLOGICAL DATA (WS FORM: F-6) , PAGE 2
STATION: GOSHEN
MONTH: JUNE
YEAR: 2020
LATITUDE: 41 31 N
LONGITUDE: 85 47 W
[TEMPERATURE DATA] [PRECIPITATION DATA] SYMBOLS USED IN COLUMN 16
AVERAGE MONTHLY: 71.7 TOTAL FOR MONTH: 2.23 1 = FOG OR MIST
DPTR FM NORMAL: 3.0 DPTR FM NORMAL: -1.83 2 = FOG REDUCING VISIBILITY
HIGHEST: 92 ON 20,19 GRTST 24HR 0.89 ON 22-22 TO 1/4 MILE OR LESS
LOWEST: 43 ON 1 3 = THUNDER
SNOW, ICE PELLETS, HAIL 4 = ICE PELLETS
TOTAL MONTH: 0.0 INCH 5 = HAIL
GRTST 24HR 0.0 6 = FREEZING RAIN OR DRIZZLE
GRTST DEPTH: 999 ON 11 7 = DUSTSTORM OR SANDSTORM:
VSBY 1/2 MILE OR LESS
8 = SMOKE OR HAZE
[NO. OF DAYS WITH] [WEATHER - DAYS WITH] 9 = BLOWING SNOW
X = TORNADO
MAX 32 OR BELOW: 0 0.01 INCH OR MORE: 10
MAX 90 OR ABOVE: 5 0.10 INCH OR MORE: 5
MIN 32 OR BELOW: 0 0.50 INCH OR MORE: 2
MIN 0 OR BELOW: 0 1.00 INCH OR MORE: 0
[HDD (BASE 65) ]
TOTAL THIS MO. 13 CLEAR (SCALE 0-3) 21
DPTR FM NORMAL -30 PTCLDY (SCALE 4-7) 7
TOTAL FM JUL 1 5783 CLOUDY (SCALE 8-10) 2
DPTR FM NORMAL -645
[CDD (BASE 65) ]
TOTAL THIS MO. 222
DPTR FM NORMAL 69 [PRESSURE DATA]
TOTAL FM JAN 1 272 HIGHEST SLP 30.39 ON 15
DPTR FM NORMAL 70 LOWEST SLP 29.49 ON 10
[REMARKS]
#FINAL-06-20#