000
CXUS52 KGSP 011755
CF6GSP
PRELIMINARY LOCAL CLIMATOLOGICAL DATA (WS FORM: F-6)
STATION: GREENVILLE-SPARTANBURG SC
MONTH: MARCH
YEAR: 2020
LATITUDE: 34 54 N
LONGITUDE: 82 13 W
TEMPERATURE IN F: :PCPN: SNOW: WIND :SUNSHINE: SKY :PK WND
================================================================================
1 2 3 4 5 6A 6B 7 8 9 10 11 12 13 14 15 16 17 18
12Z AVG MX 2MIN
DY MAX MIN AVG DEP HDD CDD WTR SNW DPTH SPD SPD DIR MIN PSBL S-S WX SPD DR
================================================================================
1 59 23 41 -8 24 0 0.00 0.0 0 4.0 13 200 M M 0 19 200
2 58 37 48 -1 17 0 T 0.0 0 7.2 21 240 M M 4 1 25 220
3 63 49 56 6 9 0 1.23 0.0 0 4.2 21 360 M M 7 123 28 360
4 58 48 53 3 12 0 0.00 0.0 0 3.1 9 220 M M 5 8 11 210
5 54 41 48 -2 17 0 0.20 0.0 0 4.3 13 110 M M 7 12 15 110
6 55 36 46 -4 19 0 0.00 0.0 0 8.6 24 310 M M 2 12 36 310
7 57 34 46 -4 19 0 0.00 0.0 0 5.4 17 350 M M 0 29 350
8 61 28 45 -6 20 0 0.00 0.0 0 3.3 13 210 M M 0 16 200
9 68 35 52 1 13 0 0.00 0.0 0 7.8 20 220 M M 3 26 210
10 65 51 58 7 7 0 0.02 0.0 0 10.1 23 240 M M 8 18 32 240
11 76 51 64 12 1 0 0.00 0.0 0 9.2 21 230 M M 3 1 27 240
12 73 47 60 8 5 0 0.02 0.0 0 5.1 14 210 M M 4 18 190
13 73 59 66 14 0 1 0.01 0.0 0 7.4 17 210 M M 6 23 210
14 65 52 59 7 6 0 0.02 0.0 0 3.2 13 60 M M 8 20 90
15 62 51 57 4 8 0 0.03 0.0 0 5.9 14 220 M M 7 17 60
16 52 46 49 -4 16 0 T 0.0 0 5.4 14 40 M M 10 8 22 60
17 65 48 57 4 8 0 0.23 0.0 0 3.6 13 220 M M 6 1 16 220
18 62 48 55 2 10 0 T 0.0 0 4.1 12 60 M M 9 128 15 60
19 80 57 69 15 0 4 T 0.0 0 6.5 21 240 M M 7 128 27 240
20 83 61 72 18 0 7 0.00 0.0 0 11.1 23 210 M M 1 28 210
21 81 54 68 14 0 3 T 0.0 0 7.1 20 220 M M 3 24 220
22 56 49 53 -1 12 0 0.15 0.0 0 9.1 18 50 M M 8 1 23 50
23 53 48 51 -4 14 0 0.55 0.0 0 5.4 12 100 M M 10 1 14 110
24 55 49 52 -3 13 0 1.37 0.0 0 5.8 14 60 M M 10 123 17 60
25 73 53 63 8 2 0 0.68 0.0 0 5.3 15 10 M M 6 1 21 10
26 69 51 60 5 5 0 0.00 0.0 0 6.1 16 200 M M 6 20 180
27 86 56 71 15 0 6 0.00 0.0 0 10.7 23 220 M M 2 31 220
28 83 60 72 16 0 7 0.00 0.0 0 11.0 24 220 M M 0 32 210
29 84 65 75 19 0 10 0.00 0.0 0 13.9 30 230 M M 1 41 230
30 77 52 65 9 0 0 0.00 0.0 0 4.8 13 240 M M 0 18 230
31 62 48 55 -2 10 0 0.09 0.0 0 7.7 16 50 M M 10 1 21 70
================================================================================
SM 2068 1487 267 38 4.60 0.0 206.4 M 153
================================================================================
AV 66.7 48.0 6.7 FASTST M M 5 MAX(MPH)
MISC ----> # 30 230 # 41 230
================================================================================
NOTES:
# LAST OF SEVERAL OCCURRENCES
COLUMN 17 PEAK WIND IN M.P.H.
PRELIMINARY LOCAL CLIMATOLOGICAL DATA (WS FORM: F-6) , PAGE 2
STATION: GREENVILLE-SPARTANBURG SC
MONTH: MARCH
YEAR: 2020
LATITUDE: 34 54 N
LONGITUDE: 82 13 W
[TEMPERATURE DATA] [PRECIPITATION DATA] SYMBOLS USED IN COLUMN 16
AVERAGE MONTHLY: 57.3 TOTAL FOR MONTH: 4.60 1 = FOG OR MIST
DPTR FM NORMAL: 4.4 DPTR FM NORMAL: 0.08 2 = FOG REDUCING VISIBILITY
HIGHEST: 86 ON 27 GRTST 24HR 2.05 ON 24-25 TO 1/4 MILE OR LESS
LOWEST: 23 ON 1 3 = THUNDER
SNOW, ICE PELLETS, HAIL 4 = ICE PELLETS
TOTAL MONTH: 0.0 INCH 5 = HAIL
GRTST 24HR 0.0 6 = FREEZING RAIN OR DRIZZLE
GRTST DEPTH: 0 7 = DUSTSTORM OR SANDSTORM:
VSBY 1/2 MILE OR LESS
8 = SMOKE OR HAZE
[NO. OF DAYS WITH] [WEATHER - DAYS WITH] 9 = BLOWING SNOW
X = TORNADO
MAX 32 OR BELOW: 0 0.01 INCH OR MORE: 13
MAX 90 OR ABOVE: 0 0.10 INCH OR MORE: 7
MIN 32 OR BELOW: 2 0.50 INCH OR MORE: 4
MIN 0 OR BELOW: 0 1.00 INCH OR MORE: 2
[HDD (BASE 65) ]
TOTAL THIS MO. 267 CLEAR (SCALE 0-3) 11
DPTR FM NORMAL -117 PTCLDY (SCALE 4-7) 15
TOTAL FM JUL 1 2452 CLOUDY (SCALE 8-10) 5
DPTR FM NORMAL -381
[CDD (BASE 65) ]
TOTAL THIS MO. 38
DPTR FM NORMAL 30 [PRESSURE DATA]
TOTAL FM JAN 1 38 HIGHEST SLP 30.64 ON 8
DPTR FM NORMAL 30 LOWEST SLP 29.62 ON 31
[REMARKS]
#FINAL-03-20#