000
CXGM50 PGUM 280030
CF6GUM
PRELIMINARY LOCAL CLIMATOLOGICAL DATA (WS FORM: F-6)
STATION: GUAM INTERNATIONAL AIRPORT
MONTH: MARCH
YEAR: 2024
LATITUDE: 13 29 N
LONGITUDE: 144-48 E
TEMPERATURE IN F: :PCPN: SNOW: WIND :SUNSHINE: SKY :PK WND
================================================================================
1 2 3 4 5 6A 6B 7 8 9 10 11 12 13 14 15 16 17 18
12Z AVG MX 2MIN
DY MAX MIN AVG DEP HDD CDD WTR SNW DPTH SPD SPD DIR MIN PSBL S-S WX SPD DR
================================================================================
1 86 74 80 -1 0 15 0.00 0.0 0 14.3 23 60 M M 3 30 60
2 85 75 80 -1 0 15 0.00 0.0 0 9.4 17 90 M M 2 24 100
3 85 72 79 -2 0 14 0.00 0.0 0 7.6 15 90 M M 2 22 110
4 87 76 82 1 0 17 0.00 0.0 0 12.2 22 100 M M 2 31 90
5 85 71 78 -3 0 13 0.28 0.0 0 10.6 22 70 M M 5 31 110
6 85 77 81 0 0 16 0.05 0.0 0 11.1 21 90 M M 2 29 80
7 87 72 80 -1 0 15 0.03 0.0 0 9.8 18 50 M M 4 24 100
8 87 76 82 1 0 17 0.01 0.0 0 11.6 21 90 M M 2 28 90
9 88 75 82 1 0 17 0.09 0.0 0 12.0 22 60 M M 3 29 60
10 87 74 81 0 0 16 0.21 0.0 0 12.9 22 80 M M 6 31 60
11 89 74 82 1 0 17 0.05 0.0 0 16.0 26 50 M M 4 35 50
12 86 75 81 0 0 16 0.07 0.0 0 14.5 24 80 M M 5 33 90
13 84 74 79 -2 0 14 0.10 0.0 0 9.5 22 70 M M 7 28 60
14 85 75 80 -1 0 15 0.10 0.0 0 13.1 25 60 M M 3 34 80
15 87 76 82 1 0 17 0.02 0.0 0 12.7 21 60 M M 2 30 60
16 87 74 81 0 0 16 0.03 0.0 0 11.3 21 60 M M 3 26 60
17 86 75 81 0 0 16 0.02 0.0 0 12.8 22 50 M M 4 28 60
18 86 74 80 -1 0 15 T 0.0 0 12.0 21 80 M M 3 28 60
19 88 73 81 0 0 16 0.00 0.0 0 10.4 18 40 M M 1 30 40
20 84 71 78 -3 0 13 0.00 0.0 0 7.1 16 340 M M 2 23 50
21 86 70 78 -3 0 13 0.00 0.0 0 8.3 17 340 M M 2 23 360
22 89 72 81 -1 0 16 0.00 0.0 0 12.4 22 40 M M 1 29 60
23 87 76 82 0 0 17 0.01 0.0 0 18.4 29 50 M M 7 38 50
24 84 75 80 -2 0 15 0.13 0.0 0 17.8 29 80 M M 8 39 80
25 86 77 82 0 0 17 0.17 0.0 0 17.4 30 80 M M 6 18 41 70
26 87 78 83 1 0 18 0.07 0.0 0 13.7 25 70 M M 6 18 32 60
27 89 74 82 0 0 17 T 0.0 0 7.8 14 90 M M 2 21 120
================================================================================
SM 2332 2005 0 423 1.44 0.0 326.7 M 97
================================================================================
AV 86.4 74.3 12.1 FASTST M M 4 MAX(MPH)
MISC ----> 30 80 41 70
================================================================================
NOTES:
# LAST OF SEVERAL OCCURRENCES
COLUMN 17 PEAK WIND IN M.P.H.
PRELIMINARY LOCAL CLIMATOLOGICAL DATA (WS FORM: F-6) , PAGE 2
STATION: GUAM INTERNATIONAL AIRPORT
MONTH: MARCH
YEAR: 2024
LATITUDE: 13 29 N
LONGITUDE: 144-48 E
[TEMPERATURE DATA] [PRECIPITATION DATA] SYMBOLS USED IN COLUMN 16
AVERAGE MONTHLY: 80.3 TOTAL FOR MONTH: 1.44 1 = FOG OR MIST
DPTR FM NORMAL: -0.9 DPTR FM NORMAL: -1.00 2 = FOG REDUCING VISIBILITY
HIGHEST: 89 ON 27,22 GRTST 24HR 0.29 ON 9-10 TO 1/4 MILE OR LESS
LOWEST: 70 ON 21 3 = THUNDER
SNOW, ICE PELLETS, HAIL 4 = ICE PELLETS
TOTAL MONTH: 0.0 INCH 5 = HAIL
GRTST 24HR 0.0 6 = FREEZING RAIN OR DRIZZLE
GRTST DEPTH: 0 7 = DUSTSTORM OR SANDSTORM:
VSBY 1/2 MILE OR LESS
8 = SMOKE OR HAZE
[NO. OF DAYS WITH] [WEATHER - DAYS WITH] 9 = BLOWING SNOW
X = TORNADO
MAX 32 OR BELOW: 0 0.01 INCH OR MORE: 17
MAX 90 OR ABOVE: 0 0.10 INCH OR MORE: 6
MIN 32 OR BELOW: 0 0.50 INCH OR MORE: 0
MIN 0 OR BELOW: 0 1.00 INCH OR MORE: 0
[HDD (BASE 65) ]
TOTAL THIS MO. 0 CLEAR (SCALE 0-3) 14
DPTR FM NORMAL 0 PTCLDY (SCALE 4-7) 12
TOTAL FM JUL 1 0 CLOUDY (SCALE 8-10) 1
DPTR FM NORMAL 0
[CDD (BASE 65) ]
TOTAL THIS MO. 423
DPTR FM NORMAL -13 [PRESSURE DATA]
TOTAL FM JAN 1 1332 HIGHEST SLP 29.96 ON 1
DPTR FM NORMAL -23 LOWEST SLP 29.86 ON 1
[REMARKS]