000
CXUS54 KFWD 010730
CF6GVT
PRELIMINARY LOCAL CLIMATOLOGICAL DATA (WS FORM: F-6)
STATION: GREENVILLE
MONTH: MAY
YEAR: 2022
LATITUDE: 33 4 N
LONGITUDE: 96 4 W
TEMPERATURE IN F: :PCPN: SNOW: WIND :SUNSHINE: SKY :PK WND
================================================================================
1 2 3 4 5 6A 6B 7 8 9 10 11 12 13 14 15 16 17 18
12Z AVG MX 2MIN
DY MAX MIN AVG DEP HDD CDD WTR SNW DPTH SPD SPD DIR MIN PSBL S-S WX SPD DR
================================================================================
1 83 47 65 -4 0 0 0.00 M M 6.2 13 130 M M 1 8 18 110
2 84 64 74 5 0 9 0.54 M M 14.5 21 170 M M 6 8 36 160
3 76 54 65 -5 0 0 0.82 M M 8.3 14 350 M M 9 1 29 310
4 84 60 72 2 0 7 0.25 M M 9.1 21 170 M M 7 1 25 170
5 76 57 67 -3 0 2 0.03 M M 9.6 23 220 M M 6 1 36 220
6 80 54 67 -3 0 2 0.00 M M 4.6 10 240 M M 0 M M
7 84 61 73 2 0 8 0.01 M M 8.4 13 110 M M 4 18 18 140
8 89 73 81 10 0 16 0.01 M M 14.3 22 170 M M 4 18 29 170
9 89 74 82 11 0 17 0.00 M M 15.8 22 190 M M 7 18 29 190
10 88 72 80 8 0 15 0.00 M M 12.1 17 180 M M 5 22 160
11 86 70 78 6 0 13 0.00 M M 9.3 15 150 M M 1 1 20 160
12 88 68 78 6 0 13 0.00 M M 9.7 16 150 M M 0 8 20 150
13 87 65 76 4 0 11 0.00 M M 10.0 17 170 M M 1 22 170
14 91 67 79 6 0 14 0.00 M M 7.1 15 180 M M 0 22 180
15 90 64 77 4 0 12 0.09 M M 8.5 17 160 M M 1 47 110
16 86 66 76 3 0 11 0.09 M M 5.8 16 130 M M 2 26 0
17 89 69 79 5 0 14 0.00 M M 8.7 16 160 M M 0 23 160
18 91 71 81 7 0 16 0.00 M M 12.2 18 180 M M 1 8 23 190
19 90 71 81 7 0 16 0.00 M M 16.9 24 190 M M 0 31 180
20 92 72 82 8 0 17 0.00 M M 17.6 24 190 M M 4 8 35 170
21 92 61 77 2 0 12 0.00 M M 14.0 21 350 M M 7 18 29 350
22 67 58 63 -12 2 0 0.00 M M 10.3 16 10 M M 10 1 23 360
23 76 61 69 -6 0 4 0.00 M M 8.0 12 100 M M 8 18 18 100
24 83 62 73 -2 0 8 0.01 M M 10.8 16 350 M M 9 1 26 130
25 70 58 64 -12 1 0 0.02 M M 10.6 17 290 M M 7 28 190
26 84 56 70 -6 0 5 0.00 M M 9.6 22 270 M M 0 28 270
27 87 49 68 -8 0 3 0.00 M M 3.1 9 350 M M 0 M M
28 90 60 75 -1 0 10 0.00 M M 11.5 17 160 M M 0 24 150
29 91 65 78 1 0 13 0.00 M M 14.2 22 160 M M 2 29 170
30 92 74 83 6 0 18 0.00 M M 18.4 25 170 M M 5 36 180
31 94 74 84 7 0 19 0.00 M M 12.9 18 170 M M 5 8 27 170
================================================================================
SM 2649 1977 3 305 1.87 M 332.4 M 112
================================================================================
AV 85.5 63.8 10.7 FASTST M M 4 MAX(MPH)
MISC ----> 25 170 47 110
================================================================================
NOTES:
# LAST OF SEVERAL OCCURRENCES
COLUMN 17 PEAK WIND IN M.P.H.
PRELIMINARY LOCAL CLIMATOLOGICAL DATA (WS FORM: F-6) , PAGE 2
STATION: GREENVILLE
MONTH: MAY
YEAR: 2022
LATITUDE: 33 4 N
LONGITUDE: 96 4 W
[TEMPERATURE DATA] [PRECIPITATION DATA] SYMBOLS USED IN COLUMN 16
AVERAGE MONTHLY: 74.6 TOTAL FOR MONTH: 1.87 1 = FOG OR MIST
DPTR FM NORMAL: 1.5 DPTR FM NORMAL: -3.65 2 = FOG REDUCING VISIBILITY
HIGHEST: 94 ON 31 GRTST 24HR 0.82 ON 3- 3 TO 1/4 MILE OR LESS
LOWEST: 47 ON 1 3 = THUNDER
SNOW, ICE PELLETS, HAIL 4 = ICE PELLETS
TOTAL MONTH: M 5 = HAIL
GRTST 24HR M ON M 6 = FREEZING RAIN OR DRIZZLE
GRTST DEPTH: M ON M 7 = DUSTSTORM OR SANDSTORM:
VSBY 1/2 MILE OR LESS
8 = SMOKE OR HAZE
[NO. OF DAYS WITH] [WEATHER - DAYS WITH] 9 = BLOWING SNOW
X = TORNADO
MAX 32 OR BELOW: 0 0.01 INCH OR MORE: 10
MAX 90 OR ABOVE: 10 0.10 INCH OR MORE: 3
MIN 32 OR BELOW: 0 0.50 INCH OR MORE: 2
MIN 0 OR BELOW: 0 1.00 INCH OR MORE: 0
[HDD (BASE 65) ]
TOTAL THIS MO. 3 CLEAR (SCALE 0-3) 15
DPTR FM NORMAL -7 PTCLDY (SCALE 4-7) 13
TOTAL FM JUL 1 2246 CLOUDY (SCALE 8-10) 3
DPTR FM NORMAL -156
[CDD (BASE 65) ]
TOTAL THIS MO. 305
DPTR FM NORMAL 42 [PRESSURE DATA]
TOTAL FM JAN 1 427 HIGHEST SLP M ON M
DPTR FM NORMAL 42 LOWEST SLP M ON M
[REMARKS]
#FINAL-05-22#