000
CXUS54 KFWD 010731
CF6GVT
PRELIMINARY LOCAL CLIMATOLOGICAL DATA (WS FORM: F-6)
STATION: GREENVILLE
MONTH: APRIL
YEAR: 2021
LATITUDE: 33 4 N
LONGITUDE: 96 4 W
TEMPERATURE IN F: :PCPN: SNOW: WIND :SUNSHINE: SKY :PK WND
================================================================================
1 2 3 4 5 6A 6B 7 8 9 10 11 12 13 14 15 16 17 18
12Z AVG MX 2MIN
DY MAX MIN AVG DEP HDD CDD WTR SNW DPTH SPD SPD DIR MIN PSBL S-S WX SPD DR
================================================================================
1 66 36 51 -10 14 0 0.00 M M 3.5 9 50 M M 0 8 21 0
2 66 35 51 -10 14 0 0.00 M M 7.4 15 140 M M 2 17 150
3 68 51 60 -1 5 0 0.00 M M 9.8 15 150 M M 8 20 150
4 70 56 63 1 2 0 0.00 M M 7.7 14 190 M M 10 18 190
5 77 51 64 2 1 0 0.00 M M 10.3 22 180 M M 3 25 200
6 81 61 71 9 0 6 0.00 M M 15.8 24 160 M M 6 36 160
7 77 50 64 2 1 0 0.00 M M 14.1 20 300 M M 4 1 30 280
8 81 46 64 1 1 0 0.00 M M 4.9 10 170 M M 0 20 190
9 77 60 69 6 0 4 0.00 M M 13.7 25 330 M M 6 18 35 330
10 71 45 58 -5 7 0 0.00 M M 11.2 18 310 M M 0 28 310
11 81 38 60 -3 5 0 0.00 M M 6.6 15 130 M M 1 12 17 200
12 85 50 68 4 0 3 0.00 0.0 M 6.6 15 140 M M 0 18 140
13 80 55 68 4 0 3 0.13 M M 7.6 13 340 M M 4 M M
14 67 54 61 -3 4 0 0.10 M M 10.0 16 350 M M 10 1 24 350
15 64 53 59 -5 6 0 0.41 M M 7.6 15 60 M M 7 1 20 70
16 56 53 55 -10 10 0 1.58 M M 7.2 14 350 M M 10 1 21 90
17 60 47 54 -11 11 0 0.00 M M 10.8 17 360 M M 7 25 330
18 67 43 55 -10 10 0 0.00 M M 6.4 13 330 M M 2 18 330
19 73 37 55 -11 10 0 0.00 M M 4.6 9 260 M M 1 M M
20 64 37 51 -15 14 0 0.00 M M 11.0 22 340 M M 0 26 330
21 61 32 47 -19 18 0 0.00 M M 4.2 12 50 M M 3 M M
22 65 44 55 -11 10 0 M M M 5.4 13 110 M M 10 18 140
23 71 58 65 -2 0 0 1.33 M M 10.1 21 120 M M 10 1 39 140
24 72 51 62 -5 3 0 0.22 M M 7.3 17 320 M M 5 1 23 330
25 78 46 62 -5 3 0 0.00 M M 7.7 15 140 M M 0 1 20 140
26 80 61 71 3 0 6 0.00 M M 13.5 20 160 M M 0 23 160
27 75 66 71 3 0 6 M M M 14.6 18 170 M M 8 30 170
28 83 71 77 9 0 12 0.00 M M 8.7 18 150 M M 10 1 29 150
29 74 65 70 2 0 5 2.75 M M 7.6 15 360 M M 10 1 23 10
30 67 61 64 -5 1 0 0.00 M M 8.1 16 80 M M 9 25 80
================================================================================
SM 2157 1513 150 45 6.52 0.0 264.0 M 146
================================================================================
AV 71.9 50.4 8.8 FASTST M M 5 MAX(MPH)
MISC ----> 25 330 39 140
================================================================================
NOTES:
# LAST OF SEVERAL OCCURRENCES
COLUMN 17 PEAK WIND IN M.P.H.
PRELIMINARY LOCAL CLIMATOLOGICAL DATA (WS FORM: F-6) , PAGE 2
STATION: GREENVILLE
MONTH: APRIL
YEAR: 2021
LATITUDE: 33 4 N
LONGITUDE: 96 4 W
[TEMPERATURE DATA] [PRECIPITATION DATA] SYMBOLS USED IN COLUMN 16
AVERAGE MONTHLY: 61.2 TOTAL FOR MONTH: 6.52 1 = FOG OR MIST
DPTR FM NORMAL: -3.4 DPTR FM NORMAL: 3.04 2 = FOG REDUCING VISIBILITY
HIGHEST: 85 ON 12 GRTST 24HR 2.75 ON 29-29 TO 1/4 MILE OR LESS
LOWEST: 32 ON 21 3 = THUNDER
SNOW, ICE PELLETS, HAIL 4 = ICE PELLETS
TOTAL MONTH: 0.0 INCH 5 = HAIL
GRTST 24HR 0.0 6 = FREEZING RAIN OR DRIZZLE
GRTST DEPTH: M ON M 7 = DUSTSTORM OR SANDSTORM:
VSBY 1/2 MILE OR LESS
8 = SMOKE OR HAZE
[NO. OF DAYS WITH] [WEATHER - DAYS WITH] 9 = BLOWING SNOW
X = TORNADO
MAX 32 OR BELOW: 0 0.01 INCH OR MORE: 7
MAX 90 OR ABOVE: 0 0.10 INCH OR MORE: 7
MIN 32 OR BELOW: 1 0.50 INCH OR MORE: 3
MIN 0 OR BELOW: 0 1.00 INCH OR MORE: 3
[HDD (BASE 65) ]
TOTAL THIS MO. 150 CLEAR (SCALE 0-3) 13
DPTR FM NORMAL 51 PTCLDY (SCALE 4-7) 8
TOTAL FM JUL 1 2335 CLOUDY (SCALE 8-10) 9
DPTR FM NORMAL -58
[CDD (BASE 65) ]
TOTAL THIS MO. 45
DPTR FM NORMAL -44 [PRESSURE DATA]
TOTAL FM JAN 1 66 HIGHEST SLP M ON M
DPTR FM NORMAL -56 LOWEST SLP M ON M
[REMARKS]
#FINAL-04-21#