000
CXUS54 KEWX 011011
CF6GYB
PRELIMINARY LOCAL CLIMATOLOGICAL DATA (WS FORM: F-6)
STATION: Giddings-Lee County Airport
MONTH: MAY
YEAR: 2020
LATITUDE: 30 10 N
LONGITUDE: 96 59 W
TEMPERATURE IN F: :PCPN: SNOW: WIND :SUNSHINE: SKY :PK WND
================================================================================
1 2 3 4 5 6A 6B 7 8 9 10 11 12 13 14 15 16 17 18
12Z AVG MX 2MIN
DY MAX MIN AVG DEP HDD CDD WTR SNW DPTH SPD SPD DIR MIN PSBL S-S WX SPD DR
================================================================================
1 88 58 73 M 0 8 0.00 M M 6.6 13 200 M M 0 18 200
2 89 66 78 M 0 13 0.00 M M 8.9 13 170 M M 3 18 190
3 92 71 82 M 0 17 0.00 M M 9.3 15 200 M M 4 20 200
4 94 74 84 M 0 19 0.00 M M 9.3 14 200 M M 5 21 200
5 85 73 79 M 0 14 0.00 M M 7.1 13 10 M M 7 24 10
6 87 63 75 M 0 10 0.00 M M 5.3 13 90 M M 2 18 90
7 85 56 71 M 0 6 0.00 M M 7.0 14 180 M M 4 27 180
8 89 65 77 M 0 12 0.00 M M 12.3 18 10 M M 5 29 200
9 78 60 69 M 0 4 0.00 M M 7.7 17 70 M M 2 21 70
10 83 54 69 M 0 4 0.00 M M 3.4 10 70 M M 0 M M
11 86 57 72 M 0 7 0.00 M M 5.9 10 160 M M 3 17 170
12 73 63 68 M 0 3 1.90 M M 5.0 8 360 M M 8 1 M M
13 87 60 74 M 0 9 0.00 M M 5.2 9 170 M M 4 1 M M
14 89 64 77 M 0 12 0.02 M M 6.7 10 180 M M 4 1 17 180
15 91 67 79 M 0 14 0.00 M M 5.3 18 130 M M 4 1 25 130
16 80 59 70 M 0 5 1.04 M M 6.8 15 320 M M 6 27 320
17 87 67 77 M 0 12 0.00 M M 6.0 10 330 M M 0 16 340
18 93 62 78 M 0 13 0.00 M M 2.6 8 200 M M 0 M M
19 93 66 80 M 0 15 0.00 M M 6.0 9 190 M M 0 1 16 190
20 93 73 83 M 0 18 0.00 M M 6.1 9 160 M M 5 1 M M
21 90 71 81 M 0 16 0.00 M M 7.2 13 160 M M 5 1 20 160
22 93 73 83 M 0 18 0.00 M M 7.8 13 180 M M 5 24 180
23 93 75 84 M 0 19 0.00 M M 8.0 13 150 M M 5 1 18 150
24 90 67 79 M 0 14 0.39 M M 6.7 13 190 M M 5 21 190
25 76 64 70 M 0 5 0.73 M M 4.0 10 340 M M 8 16 340
26 82 62 72 M 0 7 0.20 M M 3.9 17 100 M M 2 25 100
27 87 58 73 M 0 8 0.06 M M 5.5 16 230 M M 2 23 60
28 87 60 74 M 0 9 0.14 M M 2.8 12 140 M M 1 1 16 140
29 87 69 78 M 0 13 0.00 M M 4.9 12 60 M M 1 16 10
30 88 68 78 M 0 13 0.00 M M 4.0 12 80 M M 1 M M
31 86 73 80 M 0 15 0.04 0.0 0 4.2 10 80 M M 5 21 220
================================================================================
SM 2701 2018 0 352 4.52 0.0 191.5 M 106
================================================================================
AV 87.1 65.1 6.2 FASTST M M 3 MAX(MPH)
MISC ----> # 18 10 # 29 200
================================================================================
NOTES:
# LAST OF SEVERAL OCCURRENCES
COLUMN 17 PEAK WIND IN M.P.H.
PRELIMINARY LOCAL CLIMATOLOGICAL DATA (WS FORM: F-6) , PAGE 2
STATION: Giddings-Lee County Airport
MONTH: MAY
YEAR: 2020
LATITUDE: 30 10 N
LONGITUDE: 96 59 W
[TEMPERATURE DATA] [PRECIPITATION DATA] SYMBOLS USED IN COLUMN 16
AVERAGE MONTHLY: 76.1 TOTAL FOR MONTH: 4.52 1 = FOG OR MIST
DPTR FM NORMAL: M DPTR FM NORMAL: M 2 = FOG REDUCING VISIBILITY
HIGHEST: 94 ON 4 GRTST 24HR 1.90 ON 12-12 TO 1/4 MILE OR LESS
LOWEST: 54 ON 10 3 = THUNDER
SNOW, ICE PELLETS, HAIL 4 = ICE PELLETS
TOTAL MONTH: 0.0 INCH 5 = HAIL
GRTST 24HR 0.0 6 = FREEZING RAIN OR DRIZZLE
GRTST DEPTH: 0 7 = DUSTSTORM OR SANDSTORM:
VSBY 1/2 MILE OR LESS
8 = SMOKE OR HAZE
[NO. OF DAYS WITH] [WEATHER - DAYS WITH] 9 = BLOWING SNOW
X = TORNADO
MAX 32 OR BELOW: 0 0.01 INCH OR MORE: 9
MAX 90 OR ABOVE: 10 0.10 INCH OR MORE: 6
MIN 32 OR BELOW: 0 0.50 INCH OR MORE: 3
MIN 0 OR BELOW: 0 1.00 INCH OR MORE: 2
[HDD (BASE 65) ]
TOTAL THIS MO. 0 CLEAR (SCALE 0-3) 14
DPTR FM NORMAL M PTCLDY (SCALE 4-7) 17
TOTAL FM JUL 1 1400 CLOUDY (SCALE 8-10) 0
DPTR FM NORMAL M
[CDD (BASE 65) ]
TOTAL THIS MO. 352
DPTR FM NORMAL M [PRESSURE DATA]
TOTAL FM JAN 1 661 HIGHEST SLP M ON M
DPTR FM NORMAL M LOWEST SLP M ON M
[REMARKS]
#FINAL-05-20#