000
CXUS54 KJAN 012049
CF6HBG
PRELIMINARY LOCAL CLIMATOLOGICAL DATA (WS FORM: F-6)
STATION: HATTIESBURG
MONTH: MARCH
YEAR: 2022
LATITUDE: 31 16 N
LONGITUDE: 89 15 W
TEMPERATURE IN F: :PCPN: SNOW: WIND :SUNSHINE: SKY :PK WND
================================================================================
1 2 3 4 5 6A 6B 7 8 9 10 11 12 13 14 15 16 17 18
12Z AVG MX 2MIN
DY MAX MIN AVG DEP HDD CDD WTR SNW DPTH SPD SPD DIR MIN PSBL S-S WX SPD DR
================================================================================
1 71 34 53 -4 12 0 0.00 0.0 0 1.3 9 340 M M 0 8 13 360
2 77 35 56 -1 9 0 0.00 0.0 0 0.2 11 210 M M 0 M M
3 79 40 60 3 5 0 0.00 0.0 0 0.9 9 340 M M 0 12 340
4 81 39 60 3 5 0 0.00 0.0 0 3.9 17 130 M M 0 8 29 170
5 81 48 65 7 0 0 0.00 0.0 0 8.0 24 150 M M 6 8 32 130
6 83 65 74 16 0 9 0.00 0.0 0 9.3 22 180 M M 7 30 160
7 82 56 69 11 0 4 0.01 0.0 0 8.4 23 310 M M 6 32 290
8 56 50 53 -5 12 0 0.30 0.0 0 6.2 14 20 M M 10 138 18 20
9 56 47 52 -6 13 0 T 0.0 0 7.4 17 360 M M 7 3 25 360
10 73 47 60 1 5 0 0.00 0.0 0 3.2 10 20 M M 2 16 20
11 73 41 57 -2 8 0 0.24 0.0 0 4.5 24 320 M M 6 1 39 310
12 49 31 40 -19 25 0 0.08 0.0 0 12.9 24 340 M M 3 40 320
13 62 26 44 -15 21 0 0.00 0.0 0 3.4 12 150 M M 0 19 160
14 71 31 51 -9 14 0 0.00 0.0 0 5.7 20 140 M M 4 35 150
15 75 58 67 7 0 2 0.83 0.0 0 4.4 14 280 M M 6 13 17 280
16 63 46 55 -5 10 0 T 0.0 0 3.0 13 280 M M 7 16 290
17 76 43 60 0 5 0 0.00 0.0 0 5.0 14 180 M M 3 12 20 160
18 85 59 72 12 0 7 1.82 0.0 0 9.7 25 290 M M 5 13 40 310
19 68 42 55 -5 10 0 0.00 0.0 0 7.6 21 290 M M 1 28 300
20 77 37 57 -4 8 0 0.00 0.0 0 1.3 10 80 M M 0 16 70
21 80 41 61 0 4 0 0.00 0.0 0 8.4 23 140 M M 0 32 130
22 81 63 72 11 0 7 0.96 0.0 0 12.6 35 150 M M 10 3 52 150
23 69 47 58 -3 7 0 0.00 0.0 0 7.6 20 280 M M 3 29 230
24 72 41 57 -4 8 0 0.00 0.0 0 5.5 22 280 M M 2 32 190
25 73 42 58 -4 7 0 0.00 0.0 0 5.9 22 290 M M 0 29 300
26 75 43 59 -3 6 0 0.00 0.0 0 3.9 17 300 M M 0 22 320
27 83 45 64 2 1 0 0.00 0.0 0 4.0 16 250 M M 0 24 270
28 82 55 69 7 0 4 0.00 0.0 0 6.4 17 230 M M 3 23 240
29 84 61 73 11 0 8 0.00 0.0 0 9.8 25 160 M M 5 36 150
30 82 62 72 10 0 7 0.45 0.0 0 16.9 37 170 M M 7 13 58 170
31 72 49 61 -2 4 0 0.00 0.0 0 6.0 15 300 M M 2 21 300
================================================================================
SM 2291 1424 199 48 4.69 0.0 193.3 M 105
================================================================================
AV 73.9 45.9 6.2 FASTST M M 3 MAX(MPH)
MISC ----> 37 170 58 170
================================================================================
NOTES:
# LAST OF SEVERAL OCCURRENCES
COLUMN 17 PEAK WIND IN M.P.H.
PRELIMINARY LOCAL CLIMATOLOGICAL DATA (WS FORM: F-6) , PAGE 2
STATION: HATTIESBURG
MONTH: MARCH
YEAR: 2022
LATITUDE: 31 16 N
LONGITUDE: 89 15 W
[TEMPERATURE DATA] [PRECIPITATION DATA] SYMBOLS USED IN COLUMN 16
AVERAGE MONTHLY: 59.9 TOTAL FOR MONTH: 4.69 1 = FOG OR MIST
DPTR FM NORMAL: 0.1 DPTR FM NORMAL: -0.88 2 = FOG REDUCING VISIBILITY
HIGHEST: 85 ON 18 GRTST 24HR 1.82 ON 18-18 TO 1/4 MILE OR LESS
LOWEST: 26 ON 13 3 = THUNDER
SNOW, ICE PELLETS, HAIL 4 = ICE PELLETS
TOTAL MONTH: 0.0 INCH 5 = HAIL
GRTST 24HR 0.0 6 = FREEZING RAIN OR DRIZZLE
GRTST DEPTH: 0 7 = DUSTSTORM OR SANDSTORM:
VSBY 1/2 MILE OR LESS
8 = SMOKE OR HAZE
[NO. OF DAYS WITH] [WEATHER - DAYS WITH] 9 = BLOWING SNOW
X = TORNADO
MAX 32 OR BELOW: 0 0.01 INCH OR MORE: 8
MAX 90 OR ABOVE: 0 0.10 INCH OR MORE: 6
MIN 32 OR BELOW: 3 0.50 INCH OR MORE: 3
MIN 0 OR BELOW: 0 1.00 INCH OR MORE: 1
[HDD (BASE 65) ]
TOTAL THIS MO. 199 CLEAR (SCALE 0-3) 18
DPTR FM NORMAL -5 PTCLDY (SCALE 4-7) 11
TOTAL FM JUL 1 1591 CLOUDY (SCALE 8-10) 2
DPTR FM NORMAL -247
[CDD (BASE 65) ]
TOTAL THIS MO. 48
DPTR FM NORMAL 5 [PRESSURE DATA]
TOTAL FM JAN 1 97 HIGHEST SLP 30.51 ON 13
DPTR FM NORMAL 31 LOWEST SLP 29.52 ON 30
[REMARKS]
#FINAL-03-22#