000
CXUS51 KLWX 010815
CF6HGR
PRELIMINARY LOCAL CLIMATOLOGICAL DATA (WS FORM: F-6)
STATION: HAGERSTOWN MD
MONTH: AUGUST
YEAR: 2022
LATITUDE: 39 42 N
LONGITUDE: 77 43 W
TEMPERATURE IN F: :PCPN: SNOW: WIND :SUNSHINE: SKY :PK WND
================================================================================
1 2 3 4 5 6A 6B 7 8 9 10 11 12 13 14 15 16 17 18
12Z AVG MX 2MIN
DY MAX MIN AVG DEP HDD CDD WTR SNW DPTH SPD SPD DIR MIN PSBL S-S WX SPD DR
================================================================================
1 84 65 75 -2 0 10 0.00 M M 4.6 12 220 M M 8 12 16 210
2 90 71 81 4 0 16 0.00 M M 6.9 16 320 M M 2 21 310
3 90 67 79 2 0 14 0.00 M M 5.2 14 180 M M 1 19 170
4 93 71 82 5 0 17 0.32 M M 5.5 28 300 M M 2 13 34 300
5 86 71 79 2 0 14 0.02 M M 4.3 18 240 M M 3 3 26 220
6 87 72 80 3 0 15 0.00 M M 6.3 14 180 M M 5 1 18 140
7 90 73 82 6 0 17 0.13 M M 5.4 15 290 M M 3 138 21 230
8 91 72 82 6 0 17 0.00 M M 5.9 15 190 M M 1 3 22 230
9 96 74 85 9 0 20 T M M 6.7 22 340 M M 2 3 27 340
10 89 72 81 5 0 16 0.18 M M 4.2 12 220 M M 7 13 16 240
11 86 70 78 2 0 13 T M M 7.1 17 320 M M 5 1 22 320
12 84 63 74 -2 0 9 0.00 M M 7.9 16 320 M M 1 21 300
13 83 57 70 -6 0 5 0.00 M M 3.9 10 320 M M 0 13 10
14 81 61 71 -5 0 6 0.06 M M 7.0 16 190 M M 4 1 22 140
15 72 63 68 -8 0 3 0.11 M M 3.7 10 230 M M 10 1 13 220
16 81 63 72 -3 0 7 0.01 M M 4.0 10 120 M M 4 1 13 130
17 85 60 73 -2 0 8 0.12 M M 4.0 21 280 M M 3 13 25 280
18 83 59 71 -4 0 6 0.00 M M 3.2 12 280 M M 4 128 15 270
19 87 64 76 1 0 11 0.00 M M 5.7 14 180 M M 1 18 180
20 87 69 78 3 0 13 0.00 M M 6.3 15 180 M M 2 22 210
21 82 71 77 2 0 12 0.01 M M 9.6 21 190 M M 4 30 190
22 84 69 77 2 0 12 0.05 M M 4.9 16 330 M M 5 1 20 310
23 85 67 76 2 0 11 0.00 M M 7.0 20 290 M M 3 25 290
24 88 63 76 2 0 11 0.00 M M 3.9 18 290 M M 1 23 280
25 90 64 77 3 0 12 0.00 M M 4.4 14 170 M M 2 16 170
26 90 70 80 6 0 15 0.00 M M 5.3 13 230 M M 2 20 280
27 89 66 78 4 0 13 0.00 M M 4.2 12 90 M M 2 1 15 30
28 90 65 78 4 0 13 0.00 M M 5.6 14 160 M M 2 18 160
29 94 71 83 10 0 18 0.00 M M 8.4 18 160 M M 1 1 23 170
30 89 70 80 7 0 15 0.65 M M 6.5 32 290 M M 3 13 39 300
31 83 65 74 1 0 9 0.00 M M 8.4 20 290 M M 2 27 320
================================================================================
SM 2689 2078 0 378 1.66 M 176.0 M 95
================================================================================
AV 86.7 67.0 5.7 FASTST M M 3 MAX(MPH)
MISC ----> 32 290 39 300
================================================================================
NOTES:
# LAST OF SEVERAL OCCURRENCES
COLUMN 17 PEAK WIND IN M.P.H.
PRELIMINARY LOCAL CLIMATOLOGICAL DATA (WS FORM: F-6) , PAGE 2
STATION: HAGERSTOWN MD
MONTH: AUGUST
YEAR: 2022
LATITUDE: 39 42 N
LONGITUDE: 77 43 W
[TEMPERATURE DATA] [PRECIPITATION DATA] SYMBOLS USED IN COLUMN 16
AVERAGE MONTHLY: 76.9 TOTAL FOR MONTH: 1.66 1 = FOG OR MIST
DPTR FM NORMAL: 1.6 DPTR FM NORMAL: -1.24 2 = FOG REDUCING VISIBILITY
HIGHEST: 96 ON 9 GRTST 24HR 0.65 ON 30-30 TO 1/4 MILE OR LESS
LOWEST: 57 ON 13 3 = THUNDER
SNOW, ICE PELLETS, HAIL 4 = ICE PELLETS
TOTAL MONTH: M 5 = HAIL
GRTST 24HR M ON M 6 = FREEZING RAIN OR DRIZZLE
GRTST DEPTH: M ON M 7 = DUSTSTORM OR SANDSTORM:
VSBY 1/2 MILE OR LESS
8 = SMOKE OR HAZE
[NO. OF DAYS WITH] [WEATHER - DAYS WITH] 9 = BLOWING SNOW
X = TORNADO
MAX 32 OR BELOW: 0 0.01 INCH OR MORE: 11
MAX 90 OR ABOVE: 10 0.10 INCH OR MORE: 6
MIN 32 OR BELOW: 0 0.50 INCH OR MORE: 1
MIN 0 OR BELOW: 0 1.00 INCH OR MORE: 0
[HDD (BASE 65) ]
TOTAL THIS MO. 0 CLEAR (SCALE 0-3) 20
DPTR FM NORMAL -2 PTCLDY (SCALE 4-7) 10
TOTAL FM JUL 1 0 CLOUDY (SCALE 8-10) 1
DPTR FM NORMAL 0
[CDD (BASE 65) ]
TOTAL THIS MO. 378
DPTR FM NORMAL 57 [PRESSURE DATA]
TOTAL FM JAN 1 1126 HIGHEST SLP 30.28 ON 6
DPTR FM NORMAL 45 LOWEST SLP 29.82 ON 30
[REMARKS]
#FINAL-08-22#