000
CXUS54 KHGX 011515
CF6HGX
PRELIMINARY LOCAL CLIMATOLOGICAL DATA (WS FORM: F-6)
STATION: DICKINSON WFO
MONTH: JULY
YEAR: 2020
LATITUDE: 29 28 N
LONGITUDE: 95 5 W
TEMPERATURE IN F: :PCPN: SNOW: WIND :SUNSHINE: SKY :PK WND
================================================================================
1 2 3 4 5 6A 6B 7 8 9 10 11 12 13 14 15 16 17 18
12Z AVG MX 2MIN
DY MAX MIN AVG DEP HDD CDD WTR SNW DPTH SPD SPD DIR MIN PSBL S-S WX SPD DR
================================================================================
1 91 82 87 5 0 22 0.00 0.0 0 M M M M M M M M
2 95 80 88 6 0 23 0.00 0.0 0 M M M M M M M M
3 95 76 86 4 0 21 0.00 0.0 0 M M M M M M 3 M M
4 94 76 85 3 0 20 0.00 0.0 0 M M M M M M M M
5 95 78 87 5 0 22 0.00 0.0 0 M M M M M M M M
6 91 81 86 4 0 21 0.01 M M M M M M M M M M
7 92 82 87 5 0 22 0.12 0.0 0 M M M M M M M M
8 92 82 87 5 0 22 0.00 0.0 0 M M M M M M M M
9 92 81 87 5 0 22 0.00 0.0 0 M M M M M M M M
10 95 79 87 5 0 22 0.00 0.0 0 M M M M M M M M
11 97 79 88 6 0 23 0.00 0.0 0 M M M M M M M M
12 95 78 87 5 0 22 0.00 0.0 0 M M M M M M M M
13 96 80 88 6 0 23 0.00 0.0 0 M M M M M M M M
14 93 79 86 4 0 21 0.00 0.0 0 M M M M M M M M
15 94 82 88 6 0 23 0.00 0.0 9 M M M M M M M M
16 96 79 88 6 0 23 0.00 0.0 0 M M M M M M M M
17 89 76 83 1 0 18 0.46 0.0 0 M M M M M M M M
18 91 77 84 2 0 19 0.42 M M M M M M M M 3 M M
19 91 76 84 2 0 19 0.31 0.0 0 M M M M M M M M
20 87 78 83 1 0 18 0.31 M M M M M M M M M M
21 88 74 81 -1 0 16 3.11 M M M M M M M M 3 M M
22 91 78 85 3 0 20 0.24 M M M M M M M M M M
23 93 73 83 1 0 18 0.00 M M M M M M M M M M
24 89 77 83 1 0 18 0.27 M M M M M M M M M M
25 85 75 80 -2 0 15 1.82 M M M M M M M M M M
26 90 80 85 3 0 20 0.54 M M M M M M M M 3 M M
27 91 77 84 2 0 19 0.00 0.0 0 M M M M M M M M
28 87 76 82 0 0 17 0.71 0.0 0 M M M M M M 3 M M
29 89 76 83 1 0 18 0.33 0.0 0 M M M M M M M M
30 91 80 86 4 0 21 0.00 0.0 0 M M M M M M M M
31 94 79 87 5 0 22 0.00 0.0 0 M M M M M M M M
================================================================================
SM 2849 2426 0 630 8.65 0.0 M M M
================================================================================
AV 91.9 78.3 M FASTST M M 4 MAX(MPH)
MISC ----> M M M M
================================================================================
NOTES:
# LAST OF SEVERAL OCCURRENCES
COLUMN 17 PEAK WIND IN M.P.H.
PRELIMINARY LOCAL CLIMATOLOGICAL DATA (WS FORM: F-6) , PAGE 2
STATION: DICKINSON WFO
MONTH: JULY
YEAR: 2020
LATITUDE: 29 28 N
LONGITUDE: 95 5 W
[TEMPERATURE DATA] [PRECIPITATION DATA] SYMBOLS USED IN COLUMN 16
AVERAGE MONTHLY: 85.1 TOTAL FOR MONTH: 8.65 1 = FOG OR MIST
DPTR FM NORMAL: 3.1 DPTR FM NORMAL: 4.07 2 = FOG REDUCING VISIBILITY
HIGHEST: 97 ON 11 GRTST 24HR 3.11 ON 21-21 TO 1/4 MILE OR LESS
LOWEST: 73 ON 23 3 = THUNDER
SNOW, ICE PELLETS, HAIL 4 = ICE PELLETS
TOTAL MONTH: 0.0 INCH 5 = HAIL
GRTST 24HR 0.0 6 = FREEZING RAIN OR DRIZZLE
GRTST DEPTH: 9 ON 15 7 = DUSTSTORM OR SANDSTORM:
VSBY 1/2 MILE OR LESS
8 = SMOKE OR HAZE
[NO. OF DAYS WITH] [WEATHER - DAYS WITH] 9 = BLOWING SNOW
X = TORNADO
MAX 32 OR BELOW: 0 0.01 INCH OR MORE: 13
MAX 90 OR ABOVE: 24 0.10 INCH OR MORE: 12
MIN 32 OR BELOW: 0 0.50 INCH OR MORE: 4
MIN 0 OR BELOW: 0 1.00 INCH OR MORE: 2
[HDD (BASE 65) ]
TOTAL THIS MO. 0 CLEAR (SCALE 0-3) 0
DPTR FM NORMAL 0 PTCLDY (SCALE 4-7) 0
TOTAL FM JUL 1 0 CLOUDY (SCALE 8-10) 0
DPTR FM NORMAL 0
[CDD (BASE 65) ]
TOTAL THIS MO. 630
DPTR FM NORMAL 101 [PRESSURE DATA]
TOTAL FM JAN 1 2035 HIGHEST SLP M ON M
DPTR FM NORMAL 531 LOWEST SLP M ON M
[REMARKS]
#FINAL-07-20#