000
CXUS56 KLOX 011255
CF6HHR
PRELIMINARY LOCAL CLIMATOLOGICAL DATA (WS FORM: F-6)
STATION: HAWTHORNE AIRPORT CA
MONTH: FEBRUARY
YEAR: 2022
LATITUDE: 33 55 N
LONGITUDE: 118 20 W
TEMPERATURE IN F: :PCPN: SNOW: WIND :SUNSHINE: SKY :PK WND
================================================================================
1 2 3 4 5 6A 6B 7 8 9 10 11 12 13 14 15 16 17 18
12Z AVG MX 2MIN
DY MAX MIN AVG DEP HDD CDD WTR SNW DPTH SPD SPD DIR MIN PSBL S-S WX SPD DR
================================================================================
1 65 52 59 1 6 0 0.00 M M 2.1 12 260 M M 4 18 14 270
2 66 46 56 -2 9 0 0.00 M M 3.7 13 240 M M 0 18 17 260
3 66 44 55 -3 10 0 0.00 M M 2.9 14 260 M M 0 17 260
4 71 46 59 1 6 0 0.00 M M 2.0 14 260 M M 0 8 16 260
5 72 46 59 1 6 0 0.00 M M 2.6 13 250 M M 0 17 260
6 75 44 60 2 5 0 0.00 M M 1.9 12 260 M M 0 15 260
7 78 49 64 6 1 0 0.00 M M 2.4 13 260 M M 0 8 18 270
8 80 52 66 8 0 1 0.00 M M 2.1 10 260 M M 0 14 260
9 86 51 69 11 0 4 0.00 M M 2.4 15 260 M M 0 19 250
10 85 56 71 13 0 6 0.00 M M 3.2 15 250 M M 0 8 19 260
11 84 55 70 12 0 5 0.00 M M 2.0 13 260 M M 0 8 15 270
12 89 54 72 14 0 7 0.00 M M 2.4 14 250 M M 0 17 260
13 87 59 73 14 0 8 0.00 M M 2.5 15 260 M M 0 8 16 260
14 73 53 63 4 2 0 0.00 M M 4.3 15 260 M M 0 8 17 260
15 62 53 58 -1 7 0 0.01 M M 7.7 24 260 M M 7 32 260
16 65 47 56 -3 9 0 0.00 M M 4.8 14 250 M M 0 8 18 220
17 72 49 61 2 4 0 0.00 M M 3.3 14 270 M M 0 8 18 260
18 74 49 62 3 3 0 0.00 M M 3.2 15 260 M M 0 8 19 260
19 72 49 61 2 4 0 0.00 M M 4.0 14 260 M M 0 17 260
20 65 50 58 -1 7 0 0.00 M M 3.9 17 260 M M 4 18 21 260
21 60 56 58 -1 7 0 0.00 M M 4.5 18 270 M M 7 24 260
22 61 47 54 -5 11 0 0.02 M M 13.1 28 250 M M 6 8 34 260
23 59 46 53 -6 12 0 0.00 M M 6.5 18 260 M M 3 23 260
24 61 42 52 -7 13 0 0.00 M M 4.4 17 260 M M 0 8 23 260
25 64 43 54 -5 11 0 0.00 M M 3.4 14 260 M M 0 8 19 260
26 69 45 57 -2 8 0 0.00 M M 2.8 14 270 M M 0 19 250
27 77 49 63 4 2 0 0.00 M M 2.6 14 270 M M 0 8 17 270
28 83 49 66 7 0 1 0.00 M M 2.8 14 260 M M 0 8 17 260
================================================================================
SM 2021 1381 143 32 0.03 M 103.5 M 31
================================================================================
AV 72.2 49.3 3.7 FASTST M M 1 MAX(MPH)
MISC ----> 28 250 34 260
================================================================================
NOTES:
# LAST OF SEVERAL OCCURRENCES
COLUMN 17 PEAK WIND IN M.P.H.
PRELIMINARY LOCAL CLIMATOLOGICAL DATA (WS FORM: F-6) , PAGE 2
STATION: HAWTHORNE AIRPORT CA
MONTH: FEBRUARY
YEAR: 2022
LATITUDE: 33 55 N
LONGITUDE: 118 20 W
[TEMPERATURE DATA] [PRECIPITATION DATA] SYMBOLS USED IN COLUMN 16
AVERAGE MONTHLY: 60.8 TOTAL FOR MONTH: 0.03 1 = FOG OR MIST
DPTR FM NORMAL: 2.0 DPTR FM NORMAL: -2.93 2 = FOG REDUCING VISIBILITY
HIGHEST: 89 ON 12 GRTST 24HR 0.02 ON 22-22 TO 1/4 MILE OR LESS
LOWEST: 42 ON 24 3 = THUNDER
SNOW, ICE PELLETS, HAIL 4 = ICE PELLETS
TOTAL MONTH: M 5 = HAIL
GRTST 24HR M ON M 6 = FREEZING RAIN OR DRIZZLE
GRTST DEPTH: M ON M 7 = DUSTSTORM OR SANDSTORM:
VSBY 1/2 MILE OR LESS
8 = SMOKE OR HAZE
[NO. OF DAYS WITH] [WEATHER - DAYS WITH] 9 = BLOWING SNOW
X = TORNADO
MAX 32 OR BELOW: 0 0.01 INCH OR MORE: 2
MAX 90 OR ABOVE: 0 0.10 INCH OR MORE: 0
MIN 32 OR BELOW: 0 0.50 INCH OR MORE: 0
MIN 0 OR BELOW: 0 1.00 INCH OR MORE: 0
[HDD (BASE 65) ]
TOTAL THIS MO. 143 CLEAR (SCALE 0-3) 22
DPTR FM NORMAL -43 PTCLDY (SCALE 4-7) 6
TOTAL FM JUL 1 646 CLOUDY (SCALE 8-10) 0
DPTR FM NORMAL -119
[CDD (BASE 65) ]
TOTAL THIS MO. 32
DPTR FM NORMAL 23 [PRESSURE DATA]
TOTAL FM JAN 1 35 HIGHEST SLP 30.39 ON 4
DPTR FM NORMAL 29 LOWEST SLP 29.73 ON 15
[REMARKS]
#FINAL-02-22#