000
CXUS54 KJAN 012216
CF6HKS
PRELIMINARY LOCAL CLIMATOLOGICAL DATA (WS FORM: F-6)
STATION: JACKSON HAWKINS
MONTH: JULY
YEAR: 2023
LATITUDE: 32 20 N
LONGITUDE: 90 14 W
TEMPERATURE IN F: :PCPN: SNOW: WIND :SUNSHINE: SKY :PK WND
================================================================================
1 2 3 4 5 6A 6B 7 8 9 10 11 12 13 14 15 16 17 18
12Z AVG MX 2MIN
DY MAX MIN AVG DEP HDD CDD WTR SNW DPTH SPD SPD DIR MIN PSBL S-S WX SPD DR
================================================================================
1 93 74 84 2 0 19 0.00 0.0 0 4.6 14 280 M M 1 17 250
2 93 77 85 3 0 20 0.00 0.0 0 7.5 15 250 M M 1 21 250
3 92 75 84 2 0 19 0.00 0.0 0 6.3 20 180 M M 1 27 180
4 93 73 83 1 0 18 0.63 0.0 0 7.0 17 70 M M 2 13 25 70
5 91 72 82 0 0 17 1.24 0.0 0 6.7 20 210 M M 2 13 26 310
6 90 73 82 0 0 17 0.09 0.0 0 4.7 20 220 M M 3 13 30 350
7 88 73 81 -1 0 16 T 0.0 0 4.2 13 250 M M 3 18 280
8 92 72 82 0 0 17 0.49 0.0 0 6.9 38 270 M M 1 123 54 280
9 87 73 80 -2 0 15 0.49 0.0 0 6.8 21 270 M M 6 138 29 320
10 86 73 80 -2 0 15 0.00 0.0 0 3.4 9 320 M M 6 15 310
11 89 73 81 -1 0 16 T 0.0 0 4.7 25 290 M M 4 3 35 310
12 90 73 82 0 0 17 0.01 0.0 0 6.7 16 290 M M 5 23 300
13 91 76 84 2 0 19 0.00 0.0 0 6.3 18 260 M M 4 25 250
14 91 78 85 3 0 20 0.00 0.0 0 5.4 14 270 M M 1 20 260
15 92 72 82 -1 0 17 0.51 0.0 0 6.3 21 330 M M 2 13 36 330
16 91 72 82 -1 0 17 0.01 0.0 0 2.5 14 200 M M 3 3 19 220
17 92 73 83 0 0 18 0.00 0.0 0 3.5 8 180 M M 0 12 250
18 95 75 85 2 0 20 0.00 0.0 0 4.3 12 260 M M 1 15 260
19 94 78 86 3 0 21 0.00 0.0 0 5.4 14 290 M M 0 20 220
20 92 80 86 3 0 21 0.00 0.0 0 6.1 15 270 M M 0 20 270
21 93 79 86 3 0 21 0.00 0.0 0 5.9 14 270 M M 1 20 260
22 89 74 82 -1 0 17 T 0.0 0 3.7 12 350 M M 3 19 330
23 89 69 79 -4 0 14 0.00 0.0 0 3.6 13 360 M M 0 18 50
24 92 68 80 -3 0 15 0.00 0.0 0 1.3 8 320 M M 0 14 40
25 94 70 82 -1 0 17 T 0.0 0 2.0 9 290 M M 1 13 250
26 96 72 84 1 0 19 0.00 0.0 0 2.5 9 110 M M 1 14 240
27 97 73 85 2 0 20 0.00 0.0 0 2.3 13 160 M M 2 15 150
28 98 74 86 3 0 21 0.13 0.0 0 3.2 16 90 M M 2 138 21 70
29 96 76 86 3 0 21 0.00 0.0 0 3.9 15 110 M M 0 3 21 80
30 96 74 85 2 0 20 0.00 0.0 0 3.9 12 290 M M 0 16 290
31 98 74 86 3 0 21 0.00 0.0 0 3.8 10 60 M M 0 15 10
================================================================================
SM 2860 2288 0 565 3.60 0.0 145.4 M 56
================================================================================
AV 92.3 73.8 4.7 FASTST M M 2 MAX(MPH)
MISC ----> 38 270 54 280
================================================================================
NOTES:
# LAST OF SEVERAL OCCURRENCES
COLUMN 17 PEAK WIND IN M.P.H.
PRELIMINARY LOCAL CLIMATOLOGICAL DATA (WS FORM: F-6) , PAGE 2
STATION: JACKSON HAWKINS
MONTH: JULY
YEAR: 2023
LATITUDE: 32 20 N
LONGITUDE: 90 14 W
[TEMPERATURE DATA] [PRECIPITATION DATA] SYMBOLS USED IN COLUMN 16
AVERAGE MONTHLY: 83.0 TOTAL FOR MONTH: 3.60 1 = FOG OR MIST
DPTR FM NORMAL: 0.4 DPTR FM NORMAL: -1.05 2 = FOG REDUCING VISIBILITY
HIGHEST: 98 ON 31,28 GRTST 24HR 1.32 ON 5- 6 TO 1/4 MILE OR LESS
LOWEST: 68 ON 24 3 = THUNDER
SNOW, ICE PELLETS, HAIL 4 = ICE PELLETS
TOTAL MONTH: 0.0 INCH 5 = HAIL
GRTST 24HR 0.0 6 = FREEZING RAIN OR DRIZZLE
GRTST DEPTH: 0 7 = DUSTSTORM OR SANDSTORM:
VSBY 1/2 MILE OR LESS
8 = SMOKE OR HAZE
[NO. OF DAYS WITH] [WEATHER - DAYS WITH] 9 = BLOWING SNOW
X = TORNADO
MAX 32 OR BELOW: 0 0.01 INCH OR MORE: 9
MAX 90 OR ABOVE: 25 0.10 INCH OR MORE: 6
MIN 32 OR BELOW: 0 0.50 INCH OR MORE: 3
MIN 0 OR BELOW: 0 1.00 INCH OR MORE: 1
[HDD (BASE 65) ]
TOTAL THIS MO. 0 CLEAR (SCALE 0-3) 25
DPTR FM NORMAL 0 PTCLDY (SCALE 4-7) 6
TOTAL FM JUL 1 0 CLOUDY (SCALE 8-10) 0
DPTR FM NORMAL 0
[CDD (BASE 65) ]
TOTAL THIS MO. 565
DPTR FM NORMAL 21 [PRESSURE DATA]
TOTAL FM JAN 1 1515 HIGHEST SLP 30.17 ON 25
DPTR FM NORMAL 84 LOWEST SLP 29.84 ON 13
[REMARKS]
#FINAL-07-23#