000
CXUS54 KJAN 012028
CF6HKS
PRELIMINARY LOCAL CLIMATOLOGICAL DATA (WS FORM: F-6)
STATION: JACKSON HAWKINS
MONTH: AUGUST
YEAR: 2022
LATITUDE: 32 20 N
LONGITUDE: 90 14 W
TEMPERATURE IN F: :PCPN: SNOW: WIND :SUNSHINE: SKY :PK WND
================================================================================
1 2 3 4 5 6A 6B 7 8 9 10 11 12 13 14 15 16 17 18
12Z AVG MX 2MIN
DY MAX MIN AVG DEP HDD CDD WTR SNW DPTH SPD SPD DIR MIN PSBL S-S WX SPD DR
================================================================================
1 95 74 85 2 0 20 0.04 0.0 0 6.9 24 180 M M 2 3 33 170
2 90 73 82 -1 0 17 0.37 0.0 0 4.6 23 160 M M 5 13 30 160
3 92 73 83 0 0 18 0.57 0.0 0 5.4 24 210 M M 4 13 33 210
4 89 73 81 -2 0 16 1.58 0.0 0 4.1 18 280 M M 3 123 24 280
5 93 73 83 0 0 18 T 0.0 0 6.0 22 150 M M 2 30 140
6 93 74 84 1 0 19 T 0.0 0 4.3 33 180 M M 1 13 45 180
7 94 73 84 1 0 19 0.00 0.0 0 4.1 10 110 M M 1 3 16 110
8 94 74 84 1 0 19 0.09 0.0 0 3.3 24 150 M M 1 38 33 150
9 86 73 80 -3 0 15 0.02 0.0 0 3.5 10 300 M M 3 13 15 270
10 87 74 81 -2 0 16 0.19 0.0 0 3.1 24 110 M M 3 13 30 110
11 92 75 84 1 0 19 0.39 0.0 0 4.0 17 150 M M 7 13 28 110
12 93 74 84 1 0 19 0.18 0.0 0 2.6 20 30 M M 5 2 30 60
13 94 74 84 1 0 19 0.00 0.0 0 2.4 9 240 M M 3 1 14 210
14 94 75 85 2 0 20 0.00 0.0 0 3.6 12 270 M M 0 17 220
15 93 77 85 2 0 20 0.00 0.0 0 3.7 13 270 M M 1 16 280
16 96 75 86 3 0 21 0.72 0.0 0 6.5 15 230 M M 2 13 20 240
17 91 74 83 0 0 18 0.00 0.0 0 3.9 15 350 M M 3 20 10
18 80 74 77 -6 0 12 0.19 0.0 0 3.5 9 270 M M 9 13 12 230
19 87 71 79 -3 0 14 0.10 0.0 0 3.4 18 170 M M 6 123 28 160
20 91 73 82 0 0 17 0.05 0.0 0 5.6 21 210 M M 3 13 28 220
21 87 73 80 -2 0 15 0.01 0.0 0 5.1 16 300 M M 5 3 20 310
22 81 73 77 -5 0 12 1.83 0.0 0 3.3 13 290 M M 6 123 17 320
23 75 72 74 -8 0 9 3.22 0.0 0 6.3 14 130 M M 9 12 21 260
24 78 72 75 -7 0 10 2.65 0.0 0 8.1 16 80 M M 10 123 24 80
25 88 72 80 -2 0 15 0.43 0.0 0 4.6 17 130 M M 8 13 25 130
26 89 74 82 0 0 17 0.00 0.0 0 3.8 8 130 M M 7 1 11 140
27 90 73 82 0 0 17 0.00 0.0 0 3.3 10 170 M M 4 12 14 190
28 93 75 84 2 0 19 0.00 0.0 0 4.8 12 180 M M 3 1 16 180
29 94 76 85 3 0 20 0.00 0.0 0 2.3 10 130 M M 1 1 14 130
30 93 75 84 3 0 19 0.23 0.0 0 3.2 15 340 M M 1 138 23 340
31 93 73 83 2 0 18 0.00 0.0 0 1.7 10 20 M M 1 1 16 10
================================================================================
SM 2785 2284 0 527 12.86 0.0 131.0 M 119
================================================================================
AV 89.8 73.7 4.2 FASTST M M 4 MAX(MPH)
MISC ----> 33 180 45 180
================================================================================
NOTES:
# LAST OF SEVERAL OCCURRENCES
COLUMN 17 PEAK WIND IN M.P.H.
PRELIMINARY LOCAL CLIMATOLOGICAL DATA (WS FORM: F-6) , PAGE 2
STATION: JACKSON HAWKINS
MONTH: AUGUST
YEAR: 2022
LATITUDE: 32 20 N
LONGITUDE: 90 14 W
[TEMPERATURE DATA] [PRECIPITATION DATA] SYMBOLS USED IN COLUMN 16
AVERAGE MONTHLY: 81.8 TOTAL FOR MONTH: 12.86 1 = FOG OR MIST
DPTR FM NORMAL: -0.7 DPTR FM NORMAL: 9.42 2 = FOG REDUCING VISIBILITY
HIGHEST: 96 ON 16 GRTST 24HR 4.24 ON 23-24 TO 1/4 MILE OR LESS
LOWEST: 71 ON 19 3 = THUNDER
SNOW, ICE PELLETS, HAIL 4 = ICE PELLETS
TOTAL MONTH: 0.0 INCH 5 = HAIL
GRTST 24HR 0.0 6 = FREEZING RAIN OR DRIZZLE
GRTST DEPTH: 0 7 = DUSTSTORM OR SANDSTORM:
VSBY 1/2 MILE OR LESS
8 = SMOKE OR HAZE
[NO. OF DAYS WITH] [WEATHER - DAYS WITH] 9 = BLOWING SNOW
X = TORNADO
MAX 32 OR BELOW: 0 0.01 INCH OR MORE: 19
MAX 90 OR ABOVE: 20 0.10 INCH OR MORE: 14
MIN 32 OR BELOW: 0 0.50 INCH OR MORE: 6
MIN 0 OR BELOW: 0 1.00 INCH OR MORE: 4
[HDD (BASE 65) ]
TOTAL THIS MO. 0 CLEAR (SCALE 0-3) 18
DPTR FM NORMAL 0 PTCLDY (SCALE 4-7) 10
TOTAL FM JUL 1 0 CLOUDY (SCALE 8-10) 3
DPTR FM NORMAL 0
[CDD (BASE 65) ]
TOTAL THIS MO. 527
DPTR FM NORMAL -15 [PRESSURE DATA]
TOTAL FM JAN 1 2239 HIGHEST SLP 30.19 ON 7
DPTR FM NORMAL 266 LOWEST SLP 29.84 ON 16
[REMARKS]
#FINAL-08-22#