000
CXUS51 KPBZ 011431
CF6HLG
PRELIMINARY LOCAL CLIMATOLOGICAL DATA (WS FORM: F-6)
STATION: WHEELING WV
MONTH: DECEMBER
YEAR: 2020
LATITUDE: 40 10 N
LONGITUDE: 80 39 W
TEMPERATURE IN F: :PCPN: SNOW: WIND :SUNSHINE: SKY :PK WND
================================================================================
1 2 3 4 5 6A 6B 7 8 9 10 11 12 13 14 15 16 17 18
12Z AVG MX 2MIN
DY MAX MIN AVG DEP HDD CDD WTR SNW DPTH SPD SPD DIR MIN PSBL S-S WX SPD DR
================================================================================
1 33 28 31 -7 34 0 0.04 M M 14.8 23 260 M M 10 1 35 250
2 35 29 32 -5 33 0 0.01 M M 13.1 22 270 M M 6 1 30 270
3 38 27 33 -4 32 0 0.00 M M 8.6 15 220 M M 3 21 220
4 42 36 39 3 26 0 T M M 7.5 15 210 M M 10 1 22 210
5 40 32 36 0 29 0 0.01 M M 7.5 17 290 M M 10 18 21 290
6 33 30 32 -4 33 0 0.00 M M 5.3 12 290 M M 10 15 290
7 32 29 31 -4 34 0 0.00 M M 7.1 15 310 M M 10 19 320
8 33 29 31 -4 34 0 0.00 M M 9.9 16 260 M M 9 23 250
9 43 29 36 1 29 0 0.00 M M 9.9 20 220 M M 6 27 220
10 50 32 41 7 24 0 0.00 M M 3.7 8 160 M M 4 18 14 140
11 62 40 51 17 14 0 0.00 M M 7.7 15 200 M M 0 19 190
12 60 48 54 20 11 0 0.02 M M 12.4 24 200 M M 7 35 190
13 54 36 45 12 20 0 T M M 7.2 21 270 M M 10 18 28 270
14 37 28 33 0 32 0 0.02 M M 7.9 21 310 M M 10 1 27 310
15 34 24 29 -4 36 0 0.00 M M 5.2 12 60 M M 2 17 70
16 31 27 29 -3 36 0 0.40 M M 8.0 16 100 M M 7 128 20 90
17 32 29 31 -1 34 0 0.01 M M 4.8 9 250 M M 10 18 12 220
18 32 28 30 -2 35 0 T M M 4.9 9 270 M M 10 18 13 260
19 37 26 32 0 33 0 0.00 M M 6.3 13 140 M M 5 1 16 140
20 37 33 35 4 30 0 0.21 M M 8.6 15 210 M M 10 12 23 200
21 39 34 37 6 28 0 0.04 M M 9.3 18 250 M M 9 1 27 240
22 39 31 35 4 30 0 0.03 M M 9.6 22 270 M M 9 1 30 270
23 53 30 42 11 23 0 T M M 9.0 20 210 M M 1 26 190
24 53 22 38 8 27 0 0.60 M M 13.9 24 300 M M 10 1 35 200
25 22 14 18 -12 47 0 0.02 M M 11.7 23 220 M M 10 18 28 220
26 23 12 18 -12 47 0 T M M 10.4 21 230 M M 10 30 230
27 47 18 33 3 32 0 0.00 M M 9.2 18 190 M M 0 24 180
28 48 32 40 10 25 0 T M M 13.3 28 210 M M 10 41 210
29 35 24 30 0 35 0 T M M 6.8 16 310 M M 3 22 320
30 55 30 43 13 22 0 0.08 M M 12.3 22 300 M M 8 1 31 210
31 42 29 36 7 29 0 0.15 M M 5.8 24 300 M M 9 168 32 300
================================================================================
SM 1251 896 934 0 1.64 M 271.7 M 228
================================================================================
AV 40.4 28.9 8.8 FASTST M M 7 MAX(MPH)
MISC ----> 28 210 41 210
================================================================================
NOTES:
# LAST OF SEVERAL OCCURRENCES
COLUMN 17 PEAK WIND IN M.P.H.
PRELIMINARY LOCAL CLIMATOLOGICAL DATA (WS FORM: F-6) , PAGE 2
STATION: WHEELING WV
MONTH: DECEMBER
YEAR: 2020
LATITUDE: 40 10 N
LONGITUDE: 80 39 W
[TEMPERATURE DATA] [PRECIPITATION DATA] SYMBOLS USED IN COLUMN 16
AVERAGE MONTHLY: 34.6 TOTAL FOR MONTH: 1.64 1 = FOG OR MIST
DPTR FM NORMAL: 1.7 DPTR FM NORMAL: -0.87 2 = FOG REDUCING VISIBILITY
HIGHEST: 62 ON 11 GRTST 24HR 0.62 ON 24-25 TO 1/4 MILE OR LESS
LOWEST: 12 ON 26 3 = THUNDER
SNOW, ICE PELLETS, HAIL 4 = ICE PELLETS
TOTAL MONTH: M 5 = HAIL
GRTST 24HR M ON M 6 = FREEZING RAIN OR DRIZZLE
GRTST DEPTH: M ON M 7 = DUSTSTORM OR SANDSTORM:
VSBY 1/2 MILE OR LESS
8 = SMOKE OR HAZE
[NO. OF DAYS WITH] [WEATHER - DAYS WITH] 9 = BLOWING SNOW
X = TORNADO
MAX 32 OR BELOW: 6 0.01 INCH OR MORE: 14
MAX 90 OR ABOVE: 0 0.10 INCH OR MORE: 4
MIN 32 OR BELOW: 25 0.50 INCH OR MORE: 1
MIN 0 OR BELOW: 0 1.00 INCH OR MORE: 0
[HDD (BASE 65) ]
TOTAL THIS MO. 934 CLEAR (SCALE 0-3) 6
DPTR FM NORMAL -63 PTCLDY (SCALE 4-7) 7
TOTAL FM JUL 1 1808 CLOUDY (SCALE 8-10) 18
DPTR FM NORMAL -316
[CDD (BASE 65) ]
TOTAL THIS MO. 0
DPTR FM NORMAL 0 [PRESSURE DATA]
TOTAL FM JAN 1 1035 HIGHEST SLP 30.62 ON 29
DPTR FM NORMAL 346 LOWEST SLP 29.56 ON 24
[REMARKS]
#FINAL-12-20#