000
CXUS54 KHGX 251410
CF6HOU
PRELIMINARY LOCAL CLIMATOLOGICAL DATA (WS FORM: F-6)
STATION: HOUSTON/HOBBY AIRPORT
MONTH: APRIL
YEAR: 2024
LATITUDE: 29 38 N
LONGITUDE: 95 17 W
TEMPERATURE IN F: :PCPN: SNOW: WIND :SUNSHINE: SKY :PK WND
================================================================================
1 2 3 4 5 6A 6B 7 8 9 10 11 12 13 14 15 16 17 18
12Z AVG MX 2MIN
DY MAX MIN AVG DEP HDD CDD WTR SNW DPTH SPD SPD DIR MIN PSBL S-S WX SPD DR
================================================================================
1 82 74 78 10 0 13 0.00 0.0 0 14.1 23 180 M M 10 31 190
2 86 61 74 6 0 9 T 0.0 0 12.1 29 340 M M 5 38 340
3 78 54 66 -2 0 1 0.00 0.0 0 10.2 21 270 M M 0 29 280
4 84 55 70 2 0 5 0.00 0.0 0 5.7 14 240 M M 0 8 20 280
5 87 57 72 4 0 7 0.00 0.0 0 9.2 20 200 M M 2 28 200
6 79 64 72 3 0 7 0.00 0.0 0 12.9 24 140 M M 6 34 170
7 86 71 79 10 0 14 0.00 0.0 0 9.2 20 150 M M 9 25 150
8 80 73 77 8 0 12 0.02 0.0 0 11.3 25 150 M M 10 18 36 170
9 80 73 77 8 0 12 0.24 0.0 0 13.3 31 170 M M 10 13 44 160
10 77 63 70 1 0 5 1.61 0.0 0 14.0 36 290 M M 7 3 47 280
11 83 58 71 1 0 6 0.00 0.0 0 10.6 23 350 M M 0 41 340
12 82 56 69 -1 0 4 0.00 0.0 0 6.8 15 180 M M 2 21 130
13 82 58 70 0 0 5 0.00 0.0 0 9.0 23 150 M M 6 30 150
14 83 65 74 4 0 9 0.00 0.0 0 10.6 20 160 M M 6 26 170
15 81 69 75 5 0 10 0.00 0.0 0 12.2 22 160 M M 9 29 120
16 83 73 78 7 0 13 0.00 0.0 0 14.0 24 150 M M 10 34 150
17 83 74 79 8 0 14 T 0.0 0 10.1 17 130 M M 10 1 23 170
18 86 75 81 10 0 16 0.00 0.0 0 10.7 21 160 M M 9 3 30 150
19 85 74 80 9 0 15 0.00 0.0 0 6.6 17 130 M M 9 1 21 140
20 85 62 74 3 0 9 T 0.0 0 11.3 25 20 M M 9 36 50
21 73 56 65 -7 0 0 0.19 0.0 0 15.1 24 360 M M 6 13 35 20
22 72 53 63 -9 2 0 0.00 0.0 0 9.3 17 120 M M 3 24 100
23 77 56 67 -5 0 2 0.00 0.0 0 8.9 16 150 M M 6 24 170
24 85 69 77 5 0 12 0.00 0.0 0 8.4 16 120 M M 6 20 140
================================================================================
SM 1959 1543 2 200 2.06 0.0 255.6 M 150
================================================================================
AV 81.6 64.3 10.7 FASTST M M 6 MAX(MPH)
MISC ----> 36 290 47 280
================================================================================
NOTES:
# LAST OF SEVERAL OCCURRENCES
COLUMN 17 PEAK WIND IN M.P.H.
PRELIMINARY LOCAL CLIMATOLOGICAL DATA (WS FORM: F-6) , PAGE 2
STATION: HOUSTON/HOBBY AIRPORT
MONTH: APRIL
YEAR: 2024
LATITUDE: 29 38 N
LONGITUDE: 95 17 W
[TEMPERATURE DATA] [PRECIPITATION DATA] SYMBOLS USED IN COLUMN 16
AVERAGE MONTHLY: 73.0 TOTAL FOR MONTH: 2.06 1 = FOG OR MIST
DPTR FM NORMAL: 3.0 DPTR FM NORMAL: -1.10 2 = FOG REDUCING VISIBILITY
HIGHEST: 87 ON 5 GRTST 24HR 1.85 ON 9-10 TO 1/4 MILE OR LESS
LOWEST: 53 ON 22 3 = THUNDER
SNOW, ICE PELLETS, HAIL 4 = ICE PELLETS
TOTAL MONTH: 0.0 INCH 5 = HAIL
GRTST 24HR 0.0 6 = FREEZING RAIN OR DRIZZLE
GRTST DEPTH: 0 7 = DUSTSTORM OR SANDSTORM:
VSBY 1/2 MILE OR LESS
8 = SMOKE OR HAZE
[NO. OF DAYS WITH] [WEATHER - DAYS WITH] 9 = BLOWING SNOW
X = TORNADO
MAX 32 OR BELOW: 0 0.01 INCH OR MORE: 4
MAX 90 OR ABOVE: 0 0.10 INCH OR MORE: 3
MIN 32 OR BELOW: 0 0.50 INCH OR MORE: 1
MIN 0 OR BELOW: 0 1.00 INCH OR MORE: 1
[HDD (BASE 65) ]
TOTAL THIS MO. 2 CLEAR (SCALE 0-3) 6
DPTR FM NORMAL -18 PTCLDY (SCALE 4-7) 8
TOTAL FM JUL 1 876 CLOUDY (SCALE 8-10) 10
DPTR FM NORMAL -220
[CDD (BASE 65) ]
TOTAL THIS MO. 200
DPTR FM NORMAL 62 [PRESSURE DATA]
TOTAL FM JAN 1 386 HIGHEST SLP M ON M
DPTR FM NORMAL 106 LOWEST SLP 29.54 ON 10
[REMARKS]