000
CXUS54 KBRO 010800
CF6HRL
PRELIMINARY LOCAL CLIMATOLOGICAL DATA (WS FORM: F-6)
STATION: HARLINGEN
MONTH: JUNE
YEAR: 2023
LATITUDE: 26 13 N
LONGITUDE: 97 40 W
TEMPERATURE IN F: :PCPN: SNOW: WIND :SUNSHINE: SKY :PK WND
================================================================================
1 2 3 4 5 6A 6B 7 8 9 10 11 12 13 14 15 16 17 18
12Z AVG MX 2MIN
DY MAX MIN AVG DEP HDD CDD WTR SNW DPTH SPD SPD DIR MIN PSBL S-S WX SPD DR
================================================================================
1 91 68 80 -4 0 15 0.00 0.0 0 10.4 20 110 M M 4 31 140
2 90 71 81 -3 0 16 0.00 0.0 0 10.0 20 140 M M 6 28 150
3 93 67 80 -4 0 15 0.13 0.0 0 10.7 40 290 M M 2 13 55 280
4 93 67 80 -4 0 15 1.19 0.0 0 6.4 45 30 M M 4 123 82 30
5 92 68 80 -4 0 15 T 0.0 0 3.7 36 50 M M 1 3 45 50
6 90 68 79 -5 0 14 0.00 0.0 0 6.2 16 70 M M 1 1 21 80
7 93 69 81 -3 0 16 0.00 0.0 0 6.0 17 100 M M 0 1 25 80
8 93 68 81 -4 0 16 0.57 0.0 0 8.6 37 300 M M 1 13 51 300
9 96 73 85 0 0 20 0.00 0.0 0 9.6 17 140 M M 0 1 23 130
10 95 72 84 -1 0 19 0.00 0.0 0 10.4 20 170 M M 1 1 26 160
11 96 75 86 1 0 21 0.00 0.0 0 11.1 21 130 M M 1 27 160
12 95 76 86 1 0 21 0.00 0.0 0 13.3 22 160 M M 2 1 28 150
13 96 79 88 3 0 23 0.00 0.0 0 16.0 26 170 M M 5 18 33 180
14 96 79 88 3 0 23 0.00 0.0 0 17.3 29 160 M M 2 18 39 150
15 96 78 87 2 0 22 0.00 0.0 0 14.8 26 160 M M 1 1 35 140
16 97 79 88 3 0 23 0.00 0.0 0 14.0 23 160 M M 3 1 35 140
17 96 79 88 3 0 23 0.00 0.0 0 11.7 21 150 M M 5 1 32 160
18 98 80 89 4 0 24 0.00 0.0 0 15.4 26 160 M M 2 1 34 160
19 99 81 90 5 0 25 0.00 0.0 0 18.1 30 170 M M 1 1 40 190
20 100 80 90 5 0 25 0.00 0.0 0 16.0 26 160 M M 1 35 200
21 102 80 91 6 0 26 0.00 0.0 0 15.0 25 190 M M 2 33 180
22 99 80 90 5 0 25 0.00 0.0 0 11.8 23 180 M M 2 30 170
23 98 80 89 4 0 24 0.00 0.0 0 14.1 23 130 M M 1 31 120
24 98 79 89 4 0 24 0.00 0.0 0 12.0 21 150 M M 1 31 160
25 98 80 89 4 0 24 0.00 0.0 0 12.9 22 180 M M 1 30 190
26 99 77 88 3 0 23 0.00 0.0 M 13.4 23 180 0 M 0 31 150
27 100 80 90 5 0 25 0.00 0.0 0 15.2 24 180 M M 0 32 200
28 98 78 88 3 0 23 0.00 0.0 0 14.0 23 130 M M 0 31 140
29 98 73 86 1 0 21 0.00 0.0 0 13.8 24 140 M M 2 1 32 160
30 98 79 89 4 0 24 0.00 0.0 0 14.6 24 150 M M 2 31 160
================================================================================
SM 2883 2263 0 630 1.89 0.0 366.5 0 54
================================================================================
AV 96.1 75.4 12.2 FASTST 0 M 2 MAX(MPH)
MISC ----> 45 30 82 30
================================================================================
NOTES:
# LAST OF SEVERAL OCCURRENCES
COLUMN 17 PEAK WIND IN M.P.H.
PRELIMINARY LOCAL CLIMATOLOGICAL DATA (WS FORM: F-6) , PAGE 2
STATION: HARLINGEN
MONTH: JUNE
YEAR: 2023
LATITUDE: 26 13 N
LONGITUDE: 97 40 W
[TEMPERATURE DATA] [PRECIPITATION DATA] SYMBOLS USED IN COLUMN 16
AVERAGE MONTHLY: 85.8 TOTAL FOR MONTH: 1.89 1 = FOG OR MIST
DPTR FM NORMAL: 1.0 DPTR FM NORMAL: -0.37 2 = FOG REDUCING VISIBILITY
HIGHEST: 102 ON 21 GRTST 24HR 1.32 ON 3- 4 TO 1/4 MILE OR LESS
LOWEST: 67 ON 4, 3 3 = THUNDER
SNOW, ICE PELLETS, HAIL 4 = ICE PELLETS
TOTAL MONTH: 0.0 INCH 5 = HAIL
GRTST 24HR 0.0 6 = FREEZING RAIN OR DRIZZLE
GRTST DEPTH: 0 7 = DUSTSTORM OR SANDSTORM:
VSBY 1/2 MILE OR LESS
8 = SMOKE OR HAZE
[NO. OF DAYS WITH] [WEATHER - DAYS WITH] 9 = BLOWING SNOW
X = TORNADO
MAX 32 OR BELOW: 0 0.01 INCH OR MORE: 3
MAX 90 OR ABOVE: 30 0.10 INCH OR MORE: 3
MIN 32 OR BELOW: 0 0.50 INCH OR MORE: 2
MIN 0 OR BELOW: 0 1.00 INCH OR MORE: 1
[HDD (BASE 65) ]
TOTAL THIS MO. 0 CLEAR (SCALE 0-3) 25
DPTR FM NORMAL 0 PTCLDY (SCALE 4-7) 5
TOTAL FM JUL 1 534 CLOUDY (SCALE 8-10) 0
DPTR FM NORMAL -37
[CDD (BASE 65) ]
TOTAL THIS MO. 630
DPTR FM NORMAL 36 [PRESSURE DATA]
TOTAL FM JAN 1 2027 HIGHEST SLP M ON M
DPTR FM NORMAL 238 LOWEST SLP 29.61 ON 14
[REMARKS]
#FINAL-06-23#